000
CXUS53 KDTX 031122 RRA
CLMMBS

CLIMATE REPORT
NATIONAL WEATHER SERVICE DETROIT/PONTIAC MI
608 AM EST SAT DEC 3 2016

...................................

...THE  TRI CITIES MI CLIMATE SUMMARY FOR THE MONTH OF NOVEMBER 2016...

CLIMATE NORMAL PERIOD 1981 TO 2010
CLIMATE RECORD PERIOD 1898 TO 2016

WEATHER         OBSERVED          NORMAL  DEPART
                 VALUE   DATE(S)  VALUE   FROM
                                          NORMAL
................................................
TEMPERATURE (F)
HIGHEST            74   11/01        MM      MM
LOWEST             19   11/22        MM      MM
AVG. MAXIMUM     53.9              45.9     8.0
AVG. MINIMUM     36.8              31.2     5.6
MEAN             45.4              38.5     6.9
DAYS MAX >= 90      0               0.0     0.0
DAYS MAX <= 32      0               2.2    -2.2
DAYS MIN <= 32      9              16.9    -7.9
DAYS MIN <= 0       0               0.0     0.0

PRECIPITATION (INCHES)
TOTALS           1.88              2.70   -0.82
DAILY AVG.       0.06              0.09   -0.03
DAYS >= .01        11              11.4    -0.4
DAYS >= .10         6               5.8     0.2
DAYS >= .50         0               1.5    -1.5
DAYS >= 1.00        0               0.7    -0.7
GREATEST
 24 HR. TOTAL    0.59   11/28 TO 11/29
 STORM TOTAL       MM
 (MM/DD(HH))            MM

SNOWFALL (INCHES)
TOTALS            0.2               3.6    -3.4
 LIQUID EQUIV    0.02              0.40   -0.38
SINCE 7/1         1.6               3.9    -2.3
 LIQUID 7/1      0.16
DAYS >= TRACE       2               2.4    -0.4
DAYS >= 1.0         0               1.1    -1.1
GREATEST
 SNOW DEPTH         0   MM
 24 HR TOTAL      0.2   MM
 STORM TOTAL       MM
 (MM/DD(HH))            MM

DEGREE_DAYS
HEATING TOTAL     580               794    -214
 SINCE 7/1        988              1473    -485
COOLING TOTAL       0                 0       0
 SINCE 1/1        844               557     287

FREEZE DATES
RECORD
 EARLIEST     MM
 LATEST       MM
EARLIEST                        MM
LATEST                          MM
.................................................

WIND (MPH)
AVERAGE WIND SPEED              10.3
HIGHEST WIND SPEED/DIRECTION    35/170    DATE  11/29
HIGHEST GUST SPEED/DIRECTION    42/170    DATE  11/29

SKY COVER
POSSIBLE SUNSHINE (PERCENT)   MM
AVERAGE SKY COVER           0.40
NUMBER OF DAYS FAIR           17
NUMBER OF DAYS PC              8
NUMBER OF DAYS CLOUDY          5

AVERAGE RH (PERCENT)     76

WEATHER CONDITIONS. NUMBER OF DAYS WITH
THUNDERSTORM              1     MIXED PRECIP               0
HEAVY RAIN                1     RAIN                       5
LIGHT RAIN               11     FREEZING RAIN              0
LT FREEZING RAIN          0     HAIL                       0
HEAVY SNOW                0     SNOW                       1
LIGHT SNOW                2     SLEET                      0
FOG                      20     FOG W/VIS <= 1/4 MILE      4
HAZE                     13

-  INDICATES NEGATIVE NUMBERS.
R  INDICATES RECORD WAS SET OR TIED.
MM INDICATES DATA IS MISSING.
T  INDICATES TRACE AMOUNT.

$$
