000
CXUS56 KHNX 020616
CLMMCE


CLIMATE REPORT
NATIONAL WEATHER SERVICE SAN JOAQUIN VALLEY, CA
1107 PM PDT MON MAY 1 2017

...................................

...THE MERCED CA AIRPORT CLIMATE SUMMARY FOR THE MONTH OF APRIL 2017...

CLIMATE NORMAL PERIOD 1981 TO 2010
CLIMATE RECORD PERIOD 1998 TO 2017

WEATHER         OBSERVED          NORMAL  DEPART  LAST YEAR`S
                 VALUE   DATE(S)  VALUE   FROM    VALUE  DATE(S)
                                          NORMAL
................................................................
TEMPERATURE (F)
RECORD
 HIGH              97   04/27/2004
 LOW               30   04/10/1999
HIGHEST            85   04/30        MM      MM       88  04/18
LOWEST             35   04/15        MM      MM       42  04/26
                                                          04/01
AVG. MAXIMUM     71.7              73.0    -1.3     76.1
AVG. MINIMUM     46.3              45.1     1.2     49.3
MEAN             59.0              59.0     0.0     62.7
DAYS MAX >= 90      0               1.1    -1.1        0
DAYS MIN <= 32      0               0.1    -0.1        0

PRECIPITATION (INCHES)
RECORD
 MAXIMUM         3.59   2016
TOTALS           1.15              0.95    0.20     3.59
DAYS >= .01         8                MM      MM        6
DAYS >= .10         5                MM      MM        4
DAYS >= .50         0                MM      MM        3
DAYS >= 1.00        0                MM      MM        1
GREATEST
 24 HR. TOTAL    0.37   04/17 TO 04/18

SNOWFALL (INCHES)
RECORDS
 TOTAL            0.0
TOTALS            0.0                MM

DEGREE_DAYS
HEATING TOTAL     173               197     -24       89
 SINCE 7/1       2333              2721    -388     2236
COOLING TOTAL       0                19     -19       29
 SINCE 1/1          0                19     -19       29
.................................................................

WIND (MPH)
AVERAGE WIND SPEED              7.7
HIGHEST WIND SPEED/DIRECTION    31/320    DATE  04/28
HIGHEST GUST SPEED/DIRECTION    42/330    DATE  04/28

AVERAGE RH (PERCENT)     62

WEATHER CONDITIONS. NUMBER OF DAYS WITH
THUNDERSTORM              0     RAIN                       1
HAIL                      0     FOG                        8
FOG W/VIS <= 1/4 MILE     0     HAZE                       2

-  INDICATES NEGATIVE NUMBERS.
R  INDICATES RECORD WAS SET OR TIED.
MM INDICATES DATA IS MISSING.
T  INDICATES TRACE AMOUNT.

$$
