000
CXUS53 KEAX 011258
CLMMCI

CLIMATE REPORT
NATIONAL WEATHER SERVICE KANSAS CITY/PLEASANT HILL MO
756 AM CDT FRI SEP 1 2017

...................................

...THE KANSAS CITY INTERNATIONAL MO CLIMATE SUMMARY FOR THE MONTH OF AUGUST 2017...

CLIMATE NORMAL PERIOD 1981 TO 2010
CLIMATE RECORD PERIOD 1888 TO 2017

WEATHER         OBSERVED          NORMAL  DEPART  LAST YEAR`S
                 VALUE   DATE(S)  VALUE   FROM    VALUE  DATE(S)
                                          NORMAL
................................................................
TEMPERATURE (F)
RECORD
 HIGH             113   08/14/1936
 LOW               43   08/28/1986
HIGHEST            91   08/19        99      -8       98  08/11
LOWEST             52   08/04        55      -3       55  08/21
AVG. MAXIMUM     81.6              87.4    -5.8     86.6
AVG. MINIMUM     62.0              66.8    -4.8     67.5
MEAN             71.8              77.1    -5.3     77.0
DAYS MAX >= 90      1              10.8    -9.8        9
DAYS MAX <= 32      0               0.0     0.0        0
DAYS MIN <= 32      0               0.0     0.0        0
DAYS MIN <= 0       0               0.0     0.0        0

PRECIPITATION (INCHES)
RECORD
 MAXIMUM         9.58   1982
 MINIMUM         0.13   1894
TOTALS          10.19R             3.89    6.30     9.16
DAILY AVG.       0.33              0.13    0.20     0.30
DAYS >= .01         8               8.3    -0.3       11
DAYS >= .10         6               5.5     0.5        9
DAYS >= .50         6               2.4     3.6        6
DAYS >= 1.00        3               1.1     1.9        5
GREATEST
 24 HR. TOTAL    4.08   08/21 TO 08/21

SNOWFALL (INCHES)
RECORDS
 TOTAL            0.0   0
                        0
                        0
TOTALS            0.0               0.0     0.0      0.0
SINCE 7/1         0.0               0.0     0.0      0.0
SNOWDEPTH AVG.      0                MM      MM        0
DAYS >= 1.0         0               0.0     0.0        0
GREATEST
 SNOW DEPTH         0   MM                             0  MM
 24 HR TOTAL      0.0   08/31 TO 08/31

DEGREE_DAYS
HEATING TOTAL       4                 2       2        0
 SINCE 7/1          4                 2       2        0
COOLING TOTAL     222               377    -155      381
 SINCE 1/1       1078              1173     -95     1297
.................................................................

WIND (MPH)
AVERAGE WIND SPEED              7.1
HIGHEST WIND SPEED/DIRECTION    38/340    DATE  08/20
HIGHEST GUST SPEED/DIRECTION    47/350    DATE  08/20

SKY COVER
POSSIBLE SUNSHINE (PERCENT)   MM
AVERAGE SKY COVER           0.40
NUMBER OF DAYS FAIR           12
NUMBER OF DAYS PC             15
NUMBER OF DAYS CLOUDY          4

AVERAGE RH (PERCENT)     75

WEATHER CONDITIONS. NUMBER OF DAYS WITH
THUNDERSTORM              7     MIXED PRECIP               0
HEAVY RAIN                7     RAIN                       5
LIGHT RAIN                9     FREEZING RAIN              0
LT FREEZING RAIN          0     HAIL                       0
HEAVY SNOW                0     SNOW                       0
LIGHT SNOW                0     SLEET                      0
FOG                      21     FOG W/VIS <= 1/4 MILE      2
HAZE                     13

-  INDICATES NEGATIVE NUMBERS.
R  INDICATES RECORD WAS SET OR TIED.
MM INDICATES DATA IS MISSING.
T  INDICATES TRACE AMOUNT.

$$
