544
CXUS53 KEAX 010810
CLMMCI

CLIMATE REPORT
NATIONAL WEATHER SERVICE KANSAS CITY/PLEASANT HILL MO
305 AM CDT WED NOV 1 2017

...................................

...THE KANSAS CITY INTERNATIONAL MO CLIMATE SUMMARY FOR THE MONTH OF OCTOBER 2017...

CLIMATE NORMAL PERIOD 1981 TO 2010
CLIMATE RECORD PERIOD 1888 TO 2017

WEATHER         OBSERVED          NORMAL  DEPART  LAST YEAR`S
                 VALUE   DATE(S)  VALUE   FROM    VALUE  DATE(S)
                                          NORMAL
................................................................
TEMPERATURE (F)
RECORD
 HIGH              98   10/07/1939
 LOW               17   10/31/1993
                        10/30/1925
HIGHEST            84   10/02        85      -1       87  10/17
LOWEST             25   10/31        29      -4       35  10/13
AVG. MAXIMUM     68.3              66.9     1.4     72.3
AVG. MINIMUM     47.1              45.9     1.2     51.3
MEAN             57.7              56.4     1.3     61.8
DAYS MAX >= 90      0               0.2    -0.2        0
DAYS MAX <= 32      0               0.0     0.0        0
DAYS MIN <= 32      3               2.1     0.9        0
DAYS MIN <= 0       0               0.0     0.0        0

PRECIPITATION (INCHES)
RECORD
 MAXIMUM        11.94   1941
 MINIMUM         0.12   1895
TOTALS           4.87              3.16    1.71     2.58
DAILY AVG.       0.16              0.10    0.06     0.08
DAYS >= .01         8               8.2    -0.2        8
DAYS >= .10         5               5.5    -0.5        4
DAYS >= .50         2               2.0     0.0        3
DAYS >= 1.00        2               0.8     1.2        0
GREATEST
 24 HR. TOTAL    2.65   10/21 TO 10/21

SNOWFALL (INCHES)
RECORDS
 TOTAL            6.5   1996
                        0
                        0
TOTALS              T               0.2    -0.2      0.0
SINCE 7/1           T               0.2    -0.2      0.0
SNOWDEPTH AVG.      0                MM      MM        0
DAYS >= 1.0         0               0.1    -0.1        0
GREATEST
 SNOW DEPTH         0   MM                             0  MM
 24 HR TOTAL        T   10/31 TO 10/31

DEGREE_DAYS
HEATING TOTAL     261               293     -32      144
 SINCE 7/1        281               360     -79      165
COOLING TOTAL      42                26      16       55
 SINCE 1/1       1325              1358     -33     1572
.................................................................

WIND (MPH)
AVERAGE WIND SPEED              11.6
HIGHEST WIND SPEED/DIRECTION    30/190    DATE  10/21
HIGHEST GUST SPEED/DIRECTION    42/190    DATE  10/21

SKY COVER
POSSIBLE SUNSHINE (PERCENT)   MM
AVERAGE SKY COVER           0.50
NUMBER OF DAYS FAIR           13
NUMBER OF DAYS PC             10
NUMBER OF DAYS CLOUDY          8

AVERAGE RH (PERCENT)     69

WEATHER CONDITIONS. NUMBER OF DAYS WITH
THUNDERSTORM              5     MIXED PRECIP               0
HEAVY RAIN                4     RAIN                       5
LIGHT RAIN               11     FREEZING RAIN              0
LT FREEZING RAIN          0     HAIL                       0
HEAVY SNOW                0     SNOW                       0
LIGHT SNOW                1     SLEET                      0
FOG                      12     FOG W/VIS <= 1/4 MILE      1
HAZE                     13

-  INDICATES NEGATIVE NUMBERS.
R  INDICATES RECORD WAS SET OR TIED.
MM INDICATES DATA IS MISSING.
T  INDICATES TRACE AMOUNT.

$$
