000
CXUS54 KMEG 110312
CLMMEG


CLIMATE REPORT
NATIONAL WEATHER SERVICE MEMPHIS TN
907 PM CST TUE JAN 10 2017

...................................

...THE MEMPHIS/GERMANTOWN WFO CLIMATE SUMMARY FOR THE YEAR OF 2016...

CLIMATE NORMAL PERIOD 1981 TO 2010
CLIMATE RECORD PERIOD 1988 TO 2017

WEATHER         OBSERVED          NORMAL  DEPART  LAST YEAR`S
                 VALUE   DATE(S)  VALUE   FROM    VALUE  DATE(S)
                                          NORMAL
................................................................
TEMPERATURE (F)
RECORD
 HIGH             106   08/15/2007
 LOW               -6   12/23/1989
HIGHEST            99   09/25                         99  07/29
                        07/22
LOWEST             14   12/19                          7  01/08
AVG. MAXIMUM     74.4              71.6     2.8     72.6
AVG. MINIMUM     53.5              50.2     3.3     52.2
MEAN             64.0              60.9     3.1     62.4
DAYS MAX >= 90     88              58.1    29.9       69
DAYS MAX <= 32      2               5.5    -3.5        8
DAYS MIN <= 32     58              66.5    -8.5       62
DAYS MIN <= 0       0               0.1    -0.1        0

PRECIPITATION (INCHES)
RECORD
 MAXIMUM        79.24   2002
 MINIMUM        36.70   2007
TOTALS          63.87             54.89    8.98    53.94
DAILY AVG.       0.17              0.15    0.02     0.15
DAYS >= .01       120             112.1     7.9      120
DAYS >= .10        89              76.4    12.6       83
DAYS >= .50        39              37.3     1.7       40
DAYS >= 1.00       22              17.0     5.0       17

SNOWFALL (INCHES)
RECORDS
 TOTAL           13.7   2011
 SNOW DEPTH         7   03/01/2009
TOTALS            0.9               2.4    -1.5      6.0
SINCE 7/1           T               0.1    -0.1      0.0
SNOWDEPTH AVG.      0                MM      MM        0
DAYS >= TRACE       9               1.5     7.5       14
DAYS >= 1.0         0               0.6    -0.6        2
GREATEST
 SNOW DEPTH         1   01/22                          4  03/05

DEGREE_DAYS
HEATING TOTAL    2704              3413    -709     2947
 SINCE 7/1         MM              1324      MM       MM
COOLING TOTAL    2428              1926     502     2151
 SINCE 1/1       2428              1927     501     2151

FREEZE DATES
RECORD
 EARLIEST     10/09/2000
 LATEST       04/15/1997
EARLIEST                        11/04
LATEST                          04/02
.................................................................



-  INDICATES NEGATIVE NUMBERS.
R  INDICATES RECORD WAS SET OR TIED.
MM INDICATES DATA IS MISSING.
T  INDICATES TRACE AMOUNT.

$$
