000
CXUS54 KMEG 031510
CLMMEG


CLIMATE REPORT
NATIONAL WEATHER SERVICE MEMPHIS TN
1007 AM CDT SUN APR 3 2016

...................................

...THE MEMPHIS/GERMANTOWN WFO CLIMATE SUMMARY FOR THE MONTH OF MARCH 2016...

CLIMATE NORMAL PERIOD 1981 TO 2010
CLIMATE RECORD PERIOD 1988 TO 2016

WEATHER         OBSERVED          NORMAL  DEPART  LAST YEAR`S
                 VALUE   DATE(S)  VALUE   FROM    VALUE  DATE(S)
                                          NORMAL
................................................................
TEMPERATURE (F)
RECORD
 HIGH              89   03/29/2007
 LOW               10   03/06/2015
HIGHEST            83   03/15        MM      MM       80  03/31
LOWEST             30   03/02        MM      MM       10  03/06
AVG. MAXIMUM     67.7              62.5     5.2     61.8
AVG. MINIMUM     46.3              40.1     6.2     40.6
MEAN             57.0              51.3     5.7     51.2
DAYS MAX >= 90      0               0.0     0.0        0
DAYS MAX <= 32      0               0.2    -0.2        1
DAYS MIN <= 32      2               7.3    -5.3        8
DAYS MIN <= 0       0               0.0     0.0        0

PRECIPITATION (INCHES)
RECORD
 MAXIMUM           MM   MM
 MINIMUM           MM   MM
TOTALS          16.69              4.95   11.74     6.66
DAILY AVG.       0.54              0.16    0.38     0.21
DAYS >= .01        13              11.2     1.8       17
DAYS >= .10        12               7.7     4.3       13
DAYS >= .50         7               3.7     3.3        5
DAYS >= 1.00        6               1.4     4.6        2
GREATEST
 24 HR. TOTAL    4.26   03/10 TO 03/10

SNOWFALL (INCHES)
RECORDS
 TOTAL             MM   5
TOTALS              T               0.8    -0.8      4.1
SINCE 7/1         0.9               2.4    -1.5      6.3
SNOWDEPTH AVG.      0                MM      MM        0
DAYS >= 1.0         0               0.1    -0.1        1
GREATEST
 SNOW DEPTH         0   MM                             4  03/05
 24 HR TOTAL        T   03/20 TO 03/20

DEGREE_DAYS
HEATING TOTAL     254               436    -182      421
 SINCE 7/1       2341              3182    -841     3328
COOLING TOTAL      13                11       2        3
 SINCE 1/1         13                12       1        3
.................................................................



-  INDICATES NEGATIVE NUMBERS.
R  INDICATES RECORD WAS SET OR TIED.
MM INDICATES DATA IS MISSING.
T  INDICATES TRACE AMOUNT.

$$
