000
CXUS54 KJAN 021434
CLMMEI


CLIMATE REPORT
NATIONAL WEATHER SERVICE JACKSON MS
831 AM CST SUN NOV 2 2014

...................................

...THE MERIDIAN CLIMATE SUMMARY FOR THE MONTH OF OCTOBER 2014...

CLIMATE NORMAL PERIOD 1981 TO 2010
CLIMATE RECORD PERIOD 1889 TO 2014

WEATHER         OBSERVED          NORMAL  DEPART  LAST YEAR`S
                 VALUE   DATE(S)  VALUE   FROM    VALUE  DATE(S)
                                          NORMAL
................................................................
TEMPERATURE (F)
RECORD
 HIGH              97   10/05/1954
                        10/04/1954
 LOW               24   10/30/1952
HIGHEST            89   10/08        89       0       88  10/05
                        10/01
LOWEST             39   10/30        35       4       35  10/26
                        10/23
AVG. MAXIMUM     79.8              77.3     2.5     76.7
AVG. MINIMUM     52.3              51.0     1.3     54.6
MEAN             66.0              64.1     1.9     65.7
DAYS MAX >= 90      0               0.9    -0.9        0
DAYS MAX <= 32      0               0.0     0.0        0
DAYS MIN <= 32      0               0.7    -0.7        0
DAYS MIN <= 0       0               0.0     0.0        0

PRECIPITATION (INCHES)
RECORD
 MAXIMUM        10.65   1970
 MINIMUM         0.00   1963
TOTALS           2.29              3.76   -1.47     2.90
DAILY AVG.       0.07              0.12   -0.05     0.09
DAYS >= .01         4               7.4    -3.4        7
DAYS >= .10         3               4.9    -1.9        4
DAYS >= .50         2               2.2    -0.2        2
DAYS >= 1.00        1               1.1    -0.1        1
GREATEST
 24 HR. TOTAL    1.27   10/02 TO 10/03              1.35

SNOWFALL (INCHES)
RECORDS
 TOTAL            0.0   MM
TOTALS            0.0               0.0     0.0      0.0
SINCE 7/1         0.0               0.0     0.0      0.0
DAYS >= TRACE       0
DAYS >= 1.0         0               0.0     0.0        0
GREATEST
 24 HR TOTAL      0.0   10/31 TO 10/31

DEGREE_DAYS
HEATING TOTAL      83               117     -34       88
 SINCE 7/1         83               124     -41       88
COOLING TOTAL     123                90      33      116
 SINCE 1/1       2085              2013      72     2036
.................................................................

WIND (MPH)
AVERAGE WIND SPEED              5.4
HIGHEST WIND SPEED/DIRECTION    32/160    DATE  10/13
HIGHEST GUST SPEED/DIRECTION    38/160    DATE  10/13

SKY COVER
POSSIBLE SUNSHINE (PERCENT)   MM
AVERAGE SKY COVER           0.20
NUMBER OF DAYS FAIR           22
NUMBER OF DAYS PC              9
NUMBER OF DAYS CLOUDY          0

AVERAGE RH (PERCENT)     69

WEATHER CONDITIONS. NUMBER OF DAYS WITH
THUNDERSTORM              3     MIXED PRECIP               0
HEAVY RAIN                3     RAIN                       2
LIGHT RAIN                5     FREEZING RAIN              0
LT FREEZING RAIN          0     HAIL                       0
HEAVY SNOW                0     SNOW                       0
LIGHT SNOW                0     SLEET                      0
FOG                      15     FOG W/VIS <= 1/4 MILE      4
HAZE                      1

-  INDICATES NEGATIVE NUMBERS.
R  INDICATES RECORD WAS SET OR TIED.
MM INDICATES DATA IS MISSING.
T  INDICATES TRACE AMOUNT.

$$
