000
CXUS54 KMEG 160129
CLMMEM


CLIMATE REPORT
NATIONAL WEATHER SERVICE MEMPHIS TN
728 PM CST MON JAN 15 2018

...................................

...THE MEMPHIS CLIMATE SUMMARY FOR THE YEAR OF 2017...

CLIMATE NORMAL PERIOD 1981 TO 2010
CLIMATE RECORD PERIOD 1872 TO 2018

WEATHER         OBSERVED          NORMAL  DEPART  LAST YEAR`S
                 VALUE   DATE(S)  VALUE   FROM    VALUE  DATE(S)
                                          NORMAL
................................................................
TEMPERATURE (F)
RECORD
 HIGH             108   07/13/1980
 LOW              -13   12/24/1963
HIGHEST            99   07/21                        100  07/22
LOWEST             13   01/08                         15  12/19
                        01/07
AVG. MAXIMUM     74.2              72.5     1.7     75.3
AVG. MINIMUM     55.2              53.6     1.6     56.2
MEAN             64.7              63.1     1.6     65.7
DAYS MAX >= 90     50              64.3   -14.3       96
DAYS MAX <= 32      5               4.4     0.6        1
DAYS MIN <= 32     35              42.8    -7.8       36
DAYS MIN <= 0       0               0.1    -0.1        0

PRECIPITATION (INCHES)
RECORD
 MAXIMUM        76.85   1957
 MINIMUM        30.54   1941
TOTALS          51.38             53.68   -2.30    61.59
DAILY AVG.       0.14              0.15   -0.01     0.17
DAYS >= .01       122             107.7    14.3      115
DAYS >= .10        76              73.0     3.0       75
DAYS >= .50        34              35.6    -1.6       40
DAYS >= 1.00       18              17.4     0.6       25

SNOWFALL (INCHES)
RECORDS
 TOTAL           23.8   1968
 SNOW DEPTH        29   01/16/1928
TOTALS            2.0               3.8    -1.8      0.3
SINCE 7/1         0.0               0.2    -0.2        T
SNOWDEPTH AVG.      0                MM      MM        0
DAYS >= TRACE       4               2.8     1.2        4
DAYS >= 1.0         1               1.2    -0.2        0
GREATEST
 SNOW DEPTH         1   01/07                         -1  01/22

DEGREE_DAYS
HEATING TOTAL    2298              2965    -667     2437
 SINCE 7/1         MM              1164      MM       MM
COOLING TOTAL    2302              2258      44     2807
 SINCE 1/1       2302              2258      44     2807

FREEZE DATES
RECORD
 EARLIEST     10/16/1876
 LATEST       04/25/1910
EARLIEST                        11/12
LATEST                          03/24
.................................................................

WIND (MPH)
AVERAGE WIND SPEED              8.1
RESULTANT WIND SPEED/DIRECTION   2/178
HIGHEST WIND SPEED/DIRECTION    47/020    DATE  05/27
HIGHEST GUST SPEED/DIRECTION    61/080    DATE  05/27

SKY COVER
AVERAGE SKY COVER           0.50

AVERAGE RH (PERCENT)     68

WEATHER CONDITIONS. NUMBER OF DAYS WITH
THUNDERSTORM              0     MIXED PRECIP               0
HEAVY RAIN               53     RAIN                      60
LIGHT RAIN              149     FREEZING RAIN              0
LT FREEZING RAIN          0     HAIL                       0
HEAVY SNOW                0     SNOW                       1
LIGHT SNOW                3     SLEET                      0
FOG                     112     FOG W/VIS <= 1/4 MILE     11
HAZE                     20

-  INDICATES NEGATIVE NUMBERS.
R  INDICATES RECORD WAS SET OR TIED.
MM INDICATES DATA IS MISSING.
T  INDICATES TRACE AMOUNT.

$$
