000
CXUS44 KBRO 011508
CLMMFE


CLIMATE REPORT
NATIONAL WEATHER SERVICE BROWNSVILLE TX
1008 AM CDT WED JUL 1 2015

...................................

...THE MCALLEN CLIMATE SUMMARY FOR THE MONTH OF JUNE 2015...

CLIMATE NORMAL PERIOD 1981 TO 2010
CLIMATE RECORD PERIOD 1941 TO 2015

WEATHER         OBSERVED          NORMAL  DEPART  LAST YEAR`S
                 VALUE   DATE(S)  VALUE   FROM    VALUE  DATE(S)
                                          NORMAL
................................................................
TEMPERATURE (F)
HIGHEST           100   06/16        99       1      102  06/28
LOWEST             71   06/01        68       3       72  06/25
                                                          06/02
AVG. MAXIMUM     95.0              96.2    -1.2
AVG. MINIMUM     77.2              75.7     1.5
MEAN             86.1              85.9     0.2     87.1
DAYS MAX >= 90     29              27.8     1.2
DAYS MAX <= 32      0               0.0     0.0
DAYS MIN <= 32      0               0.0     0.0
DAYS MIN <= 0       0               0.0     0.0

PRECIPITATION (INCHES)
TOTALS           5.39              2.58    2.81     0.30
DAILY AVG.       0.18              0.09    0.09     0.01
DAYS >= .01         9               5.4     3.6        4
DAYS >= .10         6               3.5     2.5        1
DAYS >= .50         3               1.5     1.5        0
DAYS >= 1.00        2               0.7     1.3        0
GREATEST
 24 HR. TOTAL    2.08   06/07 TO 06/08           06/24 TO 06/24
                        06/08 TO 06/08                    06/23 TO 06/24
                        06/08 TO 06/09                    06/24 TO 06/24
 STORM TOTAL       MM                                 MM
 (MM/DD(HH))            MM                    06/24(00) TO 06/24(00)
                                                 06/24(00) TO 06/24(00)4
                                                 06/24(00) TO 06/24(00)4

SNOWFALL (INCHES)
RECORDS
 24 HR TOTAL       MM
TOTALS            0.0               0.0     0.0      0.0
 LIQUID EQUIV    0.00              0.00    0.00     0.00
SINCE 7/1         0.0               0.0     0.0      0.0
 LIQUID 7/1      0.00
DAYS >= TRACE       0               0.0     0.0        0
DAYS >= 1.0         0               0.0     0.0        0
GREATEST
 SNOW DEPTH         0   MM                             0  MM
 24 HR TOTAL      0.0   06/30 TO 06/30           06/30 TO 06/30
                                                          06/24 TO 06/24
                                                          06/24 TO 06/24
 STORM TOTAL       MM                                 MM
 (MM/DD(HH))            MM                    06/30(00) TO 06/30(00)
                                                 06/24(00) TO 06/24(00)4
                                                 06/24(00) TO 06/24(00)4

DEGREE_DAYS
HEATING TOTAL       0                 0       0        0
 SINCE 7/1        756               579     177      883
COOLING TOTAL     641               628      13      670
 SINCE 1/1       1886              1883       3     1726

FREEZE DATES
RECORD
 EARLIEST     MM
 LATEST       MM
EARLIEST                        MM
LATEST                          MM
.....................................................

WIND (MPH)
AVERAGE WIND SPEED              9.5
HIGHEST WIND SPEED/DIRECTION    30/170    DATE  06/21
HIGHEST GUST SPEED/DIRECTION    39/170    DATE  06/21

SKY COVER
POSSIBLE SUNSHINE (PERCENT)   MM
AVERAGE SKY COVER           0.30
NUMBER OF DAYS FAIR           23
NUMBER OF DAYS PC              6
NUMBER OF DAYS CLOUDY          1

AVERAGE RH (PERCENT)     68

WEATHER CONDITIONS. NUMBER OF DAYS WITH
THUNDERSTORM              0     MIXED PRECIP               0
HEAVY RAIN                6     RAIN                       3
LIGHT RAIN               12     FREEZING RAIN              0
LT FREEZING RAIN          0     HAIL                       0
HEAVY SNOW                0     SNOW                       0
LIGHT SNOW                0     SLEET                      0
FOG                      19     FOG W/VIS <= 1/4 MILE      0
HAZE                     17

-  INDICATES NEGATIVE NUMBERS.
R  INDICATES RECORD WAS SET OR TIED.
MM INDICATES DATA IS MISSING.
T  INDICATES TRACE AMOUNT.

$$
