000
CXUS44 KBRO 011549
CLMMFE


CLIMATE REPORT
NATIONAL WEATHER SERVICE BROWNSVILLE TX
1044 AM CDT THU JUN 1 2017

...................................

...THE MCALLEN CLIMATE SUMMARY FOR THE MONTH OF MAY 2017...

CLIMATE NORMAL PERIOD 1981 TO 2010
CLIMATE RECORD PERIOD 1961 TO 2017

WEATHER         OBSERVED          NORMAL  DEPART  LAST YEAR`S
                 VALUE   DATE(S)  VALUE   FROM    VALUE  DATE(S)
                                          NORMAL
................................................................
TEMPERATURE (F)
HIGHEST           104   05/27        97       7       98  05/10
                        05/12
LOWEST             60   05/05        61      -1       62  05/05
AVG. MAXIMUM     95.3              91.7     3.6
AVG. MINIMUM     73.6              72.1     1.5
MEAN             84.5              81.9     2.6     83.8
DAYS MAX >= 90     28              20.6     7.4
DAYS MAX <= 32      0               0.0     0.0
DAYS MIN <= 32      0               0.0     0.0
DAYS MIN <= 0       0               0.0     0.0

PRECIPITATION (INCHES)
TOTALS           0.99              2.25   -1.26     6.95
DAILY AVG.       0.03              0.07   -0.04     0.22
DAYS >= .01         4               4.8    -0.8        7
DAYS >= .10         2               3.1    -1.1        6
DAYS >= .50         1               1.3    -0.3        4
DAYS >= 1.00        0               0.8    -0.8        3
GREATEST
 24 HR. TOTAL    0.68   05/29 TO 05/29           05/14 TO 05/15
                                                          05/31 TO 05/31

DEGREE_DAYS
HEATING TOTAL       0                 0       0        0
 SINCE 7/1        189               579    -390      318
COOLING TOTAL     610               524      86      591
 SINCE 1/1       1939              1255     684     1618
..................................................

WIND (MPH)
AVERAGE WIND SPEED              12.7
HIGHEST WIND SPEED/DIRECTION    33/020    DATE  05/04
HIGHEST GUST SPEED/DIRECTION    47/020    DATE  05/04

SKY COVER
POSSIBLE SUNSHINE (PERCENT)   MM
AVERAGE SKY COVER           0.40
NUMBER OF DAYS FAIR           13
NUMBER OF DAYS PC             14
NUMBER OF DAYS CLOUDY          4

AVERAGE RH (PERCENT)     64

WEATHER CONDITIONS. NUMBER OF DAYS WITH
THUNDERSTORM              0     MIXED PRECIP               0
HEAVY RAIN                2     RAIN                       3
LIGHT RAIN                7     FREEZING RAIN              0
LT FREEZING RAIN          0     HAIL                       0
HEAVY SNOW                0     SNOW                       0
LIGHT SNOW                0     SLEET                      0
FOG                      13     FOG W/VIS <= 1/4 MILE      1
HAZE                     20

-  INDICATES NEGATIVE NUMBERS.
R  INDICATES RECORD WAS SET OR TIED.
MM INDICATES DATA IS MISSING.
T  INDICATES TRACE AMOUNT.

$$
