000
CXUS44 KBRO 011530
CLMMFE


CLIMATE REPORT
NATIONAL WEATHER SERVICE BROWNSVILLE TX
1013 AM CDT FRI MAY 1 2015

...................................

...THE MCALLEN CLIMATE SUMMARY FOR THE MONTH OF APRIL 2015...

CLIMATE NORMAL PERIOD 1981 TO 2010
CLIMATE RECORD PERIOD 1941 TO 2015

WEATHER         OBSERVED          NORMAL  DEPART  LAST YEAR`S
                 VALUE   DATE(S)  VALUE   FROM    VALUE  DATE(S)
                                          NORMAL
................................................................
TEMPERATURE (F)
HIGHEST            94   04/27        97      -3      107  04/27
LOWEST             56   04/30        50       6       44  04/16
AVG. MAXIMUM     87.2              87.1     0.1
AVG. MINIMUM     70.9              66.0     4.9
MEAN             79.1              76.5     2.6     76.1
DAYS MAX >= 90     13              11.0     2.0
DAYS MAX <= 32      0               0.0     0.0
DAYS MIN <= 32      0               0.0     0.0
DAYS MIN <= 0       0               0.0     0.0

PRECIPITATION (INCHES)
TOTALS           4.59              1.34    3.25     0.03
DAILY AVG.       0.15              0.04    0.11     0.00
DAYS >= .01         9               4.2     4.8        2
DAYS >= .10         6               2.0     4.0        0
DAYS >= .50         4               0.8     3.2        0
DAYS >= 1.00        1               0.3     0.7        0
GREATEST
 24 HR. TOTAL    1.86   04/09 TO 04/10

DEGREE_DAYS
HEATING TOTAL       0                 8      -8        9
 SINCE 7/1        756               579     177      883
COOLING TOTAL     430               354      76      349
 SINCE 1/1        681               731     -50      613
........................................................

WIND (MPH)
AVERAGE WIND SPEED              10.0
HIGHEST WIND SPEED/DIRECTION    31/300    DATE  04/12
HIGHEST GUST SPEED/DIRECTION    43/300    DATE  04/12

SKY COVER
POSSIBLE SUNSHINE (PERCENT)   MM
AVERAGE SKY COVER           0.60
NUMBER OF DAYS FAIR            4
NUMBER OF DAYS PC             17
NUMBER OF DAYS CLOUDY          9

AVERAGE RH (PERCENT)     72

WEATHER CONDITIONS. NUMBER OF DAYS WITH
THUNDERSTORM              0     MIXED PRECIP               0
HEAVY RAIN                5     RAIN                       7
LIGHT RAIN               17     FREEZING RAIN              0
LT FREEZING RAIN          0     HAIL                       0
HEAVY SNOW                0     SNOW                       0
LIGHT SNOW                0     SLEET                      0
FOG                      23     FOG W/VIS <= 1/4 MILE      1
HAZE                     23

-  INDICATES NEGATIVE NUMBERS.
R  INDICATES RECORD WAS SET OR TIED.
MM INDICATES DATA IS MISSING.
T  INDICATES TRACE AMOUNT.

$$
