491
CXUS52 KMLB 011703
CLMMLB


CLIMATE REPORT
NATIONAL WEATHER SERVICE MELBOURNE FL
1230 PM EDT FRI JUL 1 2016

...................................

...THE MELBOURNE CLIMATE SUMMARY FOR THE MONTH OF JUNE 2016...

CLIMATE NORMAL PERIOD 1981 TO 2010
CLIMATE RECORD PERIOD 1939 TO 2016

WEATHER         OBSERVED          NORMAL  DEPART  LAST YEAR`S
                 VALUE   DATE(S)  VALUE   FROM    VALUE  DATE(S)
                                          NORMAL
................................................................
TEMPERATURE (F)
MONTHLY RECORD
 HOTTEST          85.0  1998
 COLDEST          77.0  1966
DAILY RECORD
 HIGH             101   06/14/1998
                        06/06/1998
 LOW               55   06/02/1984
JUNE 2016
HIGHEST            93   06/18                         95
                        06/16
                        06/15
LOWEST             71   06/19                         68
                        06/18
AVG. MAXIMUM     89.0              89.1    -0.1     89.4
AVG. MINIMUM     74.6              71.7     2.9     72.7
MEAN             81.8              80.4     1.4     81.0
DAYS MAX >= 90     13              11.8     1.2       14
DAYS MAX <= 32      0               0.0     0.0        0
DAYS MIN <= 32      0               0.0     0.0        0
DAYS MIN <= 0       0               0.0     0.0        0

PRECIPITATION (INCHES)
MONTHLY RECORD
 MAXIMUM        15.98   1966
 MINIMUM         0.16   1998
DAILY RECORD
 MAXIMUM         5.28   06/02/2007
JUNE 2016
TOTALS           8.91              6.71    2.20     6.25
DAYS >= .01        14              12.9     1.1        9
DAYS >= .10         9               9.2    -0.2        7
DAYS >= .50         5               4.6     0.4        5
DAYS >= 1.00        3               2.1     0.9        3
GREATEST
 24 HR. TOTAL    3.45   06/08 TO 06/09

SNOWFALL (INCHES)
TOTALS            0.0               0.0     0.0      0.0
SINCE 7/1         0.0               0.0     0.0      0.0
DAYS >= TRACE       0                                  0

DEGREE_DAYS
HEATING TOTAL       0                 0       0        0
 SINCE 7/1        341               577    -236      424
COOLING TOTAL     510               462      48      490
 SINCE 1/1       1443              1188     255     1602
.................................................................

WIND (MPH)
AVERAGE WIND SPEED              8.2
HIGHEST WIND SPEED/DIRECTION    40/270    DATE  06/16
HIGHEST GUST SPEED/DIRECTION    49/260    DATE  06/16

SKY COVER
POSSIBLE SUNSHINE (PERCENT)   MM
AVERAGE SKY COVER           0.30
NUMBER OF DAYS FAIR           22
NUMBER OF DAYS PC              6
NUMBER OF DAYS CLOUDY          2

AVERAGE RH (PERCENT)     76

WEATHER CONDITIONS. NUMBER OF DAYS WITH
THUNDERSTORM             13     MIXED PRECIP               0
HEAVY RAIN                7     RAIN                       4
LIGHT RAIN               15     LT FREEZING RAIN           0
HAIL                      0     LIGHT SNOW                 0
SLEET                     0     FOG                        9
FOG W/VIS <= 1/4 MILE     0     HAZE                       4

-  INDICATES NEGATIVE NUMBERS.
R  INDICATES RECORD WAS SET OR TIED.
MM INDICATES DATA IS MISSING.
T  INDICATES TRACE AMOUNT.

$$
