000
CXUS53 KDVN 012100
CLMMLI


CLIMATE REPORT
NATIONAL WEATHER SERVICE QUAD CITIES IA IL
400 PM CDT TUE JUL 1 2014

...................................

...THE MOLINE CLIMATE SUMMARY FOR THE MONTH OF JUNE 2014...

CLIMATE NORMAL PERIOD 1981 TO 2010
CLIMATE RECORD PERIOD 1872 TO 2014

WEATHER         OBSERVED          NORMAL  DEPART
                 VALUE   DATE(S)  VALUE   FROM
                                          NORMAL
................................................
TEMPERATURE (F)
RECORD
 HIGH             104   06/25/1988
                        06/29/1936
                        06/02/1934
 LOW               39   06/01/1993
                        06/11/1972
                        06/04/1945
HIGHEST            89   06/01        85       4
LOWEST             49   06/13        56      -7
AVG. MAXIMUM     82.3              82.3     0.0
AVG. MINIMUM     62.0              60.7     1.3
MEAN             72.2              71.5     0.7
DAYS MAX >= 90      0               4.0    -4.0
DAYS MAX <= 32      0               0.0     0.0
DAYS MIN <= 32      0               0.0     0.0
DAYS MIN <= 0       0               0.0     0.0

PRECIPITATION (INCHES)
RECORD
 MAXIMUM        13.21   1993
 MINIMUM         0.49   1886
TOTALS          10.91              4.49    6.42
DAILY AVG.       0.36              0.15    0.21
DAYS >= .01        15              10.5     4.5
DAYS >= .10        11
DAYS >= .50         4
DAYS >= 1.00        3               1.3     1.7
GREATEST
 24 HR. TOTAL    5.11   06/29 TO 06/30

SNOWFALL (INCHES)
RECORDS
 TOTAL             MM   MM
TOTALS            0.0               0.0     0.0
SINCE 7/1        65.1              31.6    33.5
SNOWDEPTH AVG.      0
DAYS >= TRACE       0               0.0     0.0
DAYS >= 1.0         0               0.0     0.0
GREATEST
 SNOW DEPTH         0   MM
 24 HR TOTAL      0.0   MM

DEGREE_DAYS
HEATING TOTAL       4                19     -15
 SINCE 7/1       7317              6203    1114
COOLING TOTAL     229               214      15
 SINCE 1/1        334               290      44
.................................................

WIND (MPH)
AVERAGE WIND SPEED              7.3
HIGHEST WIND SPEED/DIRECTION    38/300    DATE  06/17
HIGHEST GUST SPEED/DIRECTION    49/330    DATE  06/30

SKY COVER
POSSIBLE SUNSHINE (PERCENT)   MM
AVERAGE SKY COVER           0.30
NUMBER OF DAYS FAIR           18
NUMBER OF DAYS PC             10
NUMBER OF DAYS CLOUDY          2

AVERAGE RH (PERCENT)     72

WEATHER CONDITIONS. NUMBER OF DAYS WITH
THUNDERSTORM             13     HAIL                       0
SLEET                     0     FOG                       17
FOG W/VIS <= 1/4 MILE     4     HAZE                       6

-  INDICATES NEGATIVE NUMBERS.
R  INDICATES RECORD WAS SET OR TIED.
MM INDICATES DATA IS MISSING.
T  INDICATES TRACE AMOUNT.

$$
