000
CXUS54 KMOB 010723
CLMMOB


CLIMATE REPORT
NATIONAL WEATHER SERVICE MOBILE AL
209 AM CDT MON JUN 1 2015

...................................

...THE MOBILE CLIMATE SUMMARY FOR THE MONTH OF MAY 2015...

CLIMATE NORMAL PERIOD 1981 TO 2010
CLIMATE RECORD PERIOD 1842 TO 2015

WEATHER         OBSERVED          NORMAL  DEPART  LAST YEAR`S
                 VALUE   DATE(S)  VALUE   FROM    VALUE  DATE(S)
                                          NORMAL
................................................................
TEMPERATURE (F)
RECORD
 HIGH             100   05/27/1953
                        05/31/1951
 LOW               43   05/04/2013
                        05/13/1960

HIGHEST            90   05/21                         90  05/25
                        05/20                             05/23
                        05/12
LOWEST             47   05/02                         47  05/16
AVG. MAXIMUM     85.3              84.5     0.8     82.3
AVG. MINIMUM     64.8              63.7     1.1     61.2
MEAN             75.1              74.1     1.0     71.8
DAYS MAX >= 90      3               3.0     0.0        2
DAYS MAX <= 32      0               0.0     0.0        0
DAYS MIN <= 32      0               0.0     0.0        0
DAYS MIN <= 0       0               0.0     0.0        0

PRECIPITATION (INCHES)

TOTALS           8.05              5.14    2.91     9.79
DAILY AVG.       0.26              0.17    0.09     0.32
DAYS >= .01        11               8.1     2.9        7
DAYS >= .10         9               5.9     3.1        7
DAYS >= .50         3               3.2    -0.2        5
DAYS >= 1.00        2               1.6     0.4        4
GREATEST
 24 HR. TOTAL    3.64   05/16 TO 05/17

DEGREE_DAYS
COOLING TOTAL     321               286      35      223
 SINCE 1/1        600               445     155      338
.................................................................

WIND (MPH)
AVERAGE WIND SPEED              6.5
HIGHEST WIND SPEED/DIRECTION    30/160    DATE  05/24
HIGHEST GUST SPEED/DIRECTION    38/150    DATE  05/24

SKY COVER
POSSIBLE SUNSHINE (PERCENT)   MM
AVERAGE SKY COVER           0.50
NUMBER OF DAYS FAIR            9
NUMBER OF DAYS PC             19
NUMBER OF DAYS CLOUDY          3

AVERAGE RH (PERCENT)     75

WEATHER CONDITIONS. NUMBER OF DAYS WITH
THUNDERSTORM             12     MIXED PRECIP               0
HEAVY RAIN                7     RAIN                       6
LIGHT RAIN               12     FREEZING RAIN              0
LT FREEZING RAIN          0     HAIL                       0
HEAVY SNOW                0     SNOW                       0
LIGHT SNOW                0     SLEET                      0
FOG                      20     FOG W/VIS <= 1/4 MILE      2
HAZE                      9

-  INDICATES NEGATIVE NUMBERS.
R  INDICATES RECORD WAS SET OR TIED.
MM INDICATES DATA IS MISSING.
T  INDICATES TRACE AMOUNT.

$$
