000
CXUS51 KBTV 011400
CLMMPV


CLIMATE REPORT
NATIONAL WEATHER SERVICE BURLINGTON VT
955 AM EDT WED OCT 1 2014

...................................

...THE MONTPELIER VT CLIMATE SUMMARY FOR THE MONTH OF SEPTEMBER 2014...

CLIMATE NORMAL PERIOD 1981 TO 2010
CLIMATE RECORD PERIOD 1948 TO 2014

WEATHER         OBSERVED          NORMAL  DEPART  LAST YEAR`S
                 VALUE   DATE(S)  VALUE   FROM    VALUE  DATE(S)
                                          NORMAL
................................................................
TEMPERATURE (F)
RECORD
 HIGH              92   09/09/2002
 LOW               20   09/24/1963
HIGHEST            84   09/05        MM      MM       88  09/11
                        09/02
LOWEST             30   09/19        MM      MM       31  09/17
AVG. MAXIMUM     68.1              68.7    -0.6     67.5
AVG. MINIMUM     44.7              46.1    -1.4     44.9
MEAN             56.4              57.4    -1.0     56.2
DAYS MAX >= 90      0               0.1    -0.1        0
DAYS MAX <= 32      0               0.0     0.0        0
DAYS MIN <= 32      1               1.2    -0.2        1
DAYS MIN <= 0       0               0.0     0.0        0

PRECIPITATION (INCHES)
RECORD
 MAXIMUM         7.08   1999
 MINIMUM         1.56   2008
TOTALS           1.55R             3.12   -1.57     4.32
DAILY AVG.       0.05              0.10   -0.05     0.14
DAYS >= .01         8              10.4    -2.4       18
DAYS >= .10         3               6.2    -3.2       10
DAYS >= .50         1               2.3    -1.3        4
DAYS >= 1.00        0               0.6    -0.6        0
GREATEST
 24 HR. TOTAL    0.76   09/02 TO 09/03           09/12 TO 09/13
                                                          09/30 TO 09/30
                                                          09/30 TO 09/30
 STORM TOTAL       MM                                 MM
 (MM/DD(HH))            MM                    09/13(00) TO 09/13(00)
                                                 09/30(00) TO 09/30(00)0
                                                 09/30(00) TO 09/30(00)0

DEGREE_DAYS
HEATING TOTAL     271               247      24      287
 SINCE 7/1        384               355      29      380
COOLING TOTAL      20                19       1       29
 SINCE 1/1        186               263     -77      323
.................................................

WIND (MPH)
AVERAGE WIND SPEED              4.9
HIGHEST WIND SPEED/DIRECTION    25/300    DATE  09/11
HIGHEST GUST SPEED/DIRECTION    31/340    DATE  09/22

SKY COVER
POSSIBLE SUNSHINE (PERCENT)   MM
AVERAGE SKY COVER           0.50
NUMBER OF DAYS FAIR           11
NUMBER OF DAYS PC             14
NUMBER OF DAYS CLOUDY          5

AVERAGE RH (PERCENT)     77

WEATHER CONDITIONS. NUMBER OF DAYS WITH
THUNDERSTORM              0     MIXED PRECIP               0
HEAVY RAIN                2     RAIN                       2
LIGHT RAIN               10     FREEZING RAIN              0
LT FREEZING RAIN          0     HAIL                       0
HEAVY SNOW                0     SNOW                       0
LIGHT SNOW                0     SLEET                      0
FOG                      27     FOG W/VIS <= 1/4 MILE     16
HAZE                      0

-  INDICATES NEGATIVE NUMBERS.
R  INDICATES RECORD WAS SET OR TIED.
MM INDICATES DATA IS MISSING.
T  INDICATES TRACE AMOUNT.

$$
