021
CXUS51 KOKX 011457
CLMNYC

CLIMATE REPORT
NATIONAL WEATHER SERVICE NEW YORK NY
1056 AM EDT SAT APR 1 2017

...................................

...THE CENTRAL PARK NY CLIMATE SUMMARY FOR THE MONTH OF MARCH 2017...

CLIMATE NORMAL PERIOD 1981 TO 2010
CLIMATE RECORD PERIOD 1869 TO 2017

WEATHER         OBSERVED          NORMAL  DEPART  LAST YEAR`S
                 VALUE   DATE(S)  VALUE   FROM    VALUE  DATE(S)
                                          NORMAL
................................................................
TEMPERATURE (F)
RECORD
 HIGH              86   03/31/1998
                        03/29/1945
 LOW                3   03/05/1872
HIGHEST            70   03/01        MM      MM       79  03/10
LOWEST             14   03/05        MM      MM       26  03/03
AVG. MAXIMUM     46.8              49.7    -2.9     57.4
AVG. MINIMUM     31.6              35.2    -3.6     40.4
MEAN             39.2              42.5    -3.3     48.9
DAYS MAX >= 90      0               0.0     0.0        0
DAYS MAX <= 32      5               0.8     4.2        0
DAYS MIN <= 32     14               9.7     4.3        7
DAYS MIN <= 0       0               0.0     0.0        0

PRECIPITATION (INCHES)
RECORD
 MAXIMUM        10.69   2010
 MINIMUM         0.80   2006
TOTALS           5.25              4.36    0.89     1.17
DAILY AVG.       0.17              0.14    0.03     0.04
DAYS >= .01        12              10.9     1.1        9
DAYS >= .10         8               7.1     0.9        4
DAYS >= .50         3               2.7     0.3        0
DAYS >= 1.00        2               1.0     1.0        0
GREATEST
 24 HR. TOTAL    1.97   03/14 TO 03/14           03/28 TO 03/28
                                                          03/21 TO 03/21
                                                          03/21 TO 03/21
 STORM TOTAL       MM                                 MM
 (MM/DD(HH))            MM                    03/28(00) TO 03/28(00)
                                                 03/21(00) TO 03/21(00)1
                                                 03/21(00) TO 03/21(00)1

SNOWFALL (INCHES)
TOTALS            9.7               3.9     5.8      0.9
 LIQUID EQUIV    0.97              0.40    0.57     0.09
SINCE 7/1        30.2              25.2     5.0     32.1
 LIQUID 7/1      3.02              2.50    0.52     3.21
SNOWDEPTH AVG.      1                MM      MM        0
DAYS >= TRACE       4               1.8     2.2        3
DAYS >= 1.0         2               1.1     0.9        0
GREATEST
 SNOW DEPTH         6   03/15                          0  MM
 24 HR TOTAL      7.6   03/14 TO 03/14           03/21 TO 03/21
                                                          03/21 TO 03/21
                                                          03/21 TO 03/21
 STORM TOTAL       MM                                 MM
 (MM/DD(HH))            MM                    03/21(00) TO 03/21(00)
                                                 03/21(00) TO 03/21(00)1
                                                 03/21(00) TO 03/21(00)1

DEGREE_DAYS
HEATING TOTAL     793               700      93      498
 SINCE 7/1       3776              4222    -446     3245
COOLING TOTAL       0                 1      -1        6
 SINCE 1/1          0                 1      -1        6
..................................................

WIND (MPH)
AVERAGE WIND SPEED              7.5
HIGHEST WIND SPEED/DIRECTION    28/060    DATE  03/14
HIGHEST GUST SPEED/DIRECTION    47/290    DATE  03/02

AVERAGE RH (PERCENT)     52

WEATHER CONDITIONS. NUMBER OF DAYS WITH
THUNDERSTORM              0     MIXED PRECIP               0
HEAVY RAIN                2     RAIN                       3
LIGHT RAIN                9     FREEZING RAIN              0
LT FREEZING RAIN          0     HAIL                       0
HEAVY SNOW                1     SNOW                       2
LIGHT SNOW                4     SLEET                      0
FOG                      12     FOG W/VIS <= 1/4 MILE      2
HAZE                      5

-  INDICATES NEGATIVE NUMBERS.
R  INDICATES RECORD WAS SET OR TIED.
MM INDICATES DATA IS MISSING.
T  INDICATES TRACE AMOUNT.

$$
