420
CXUS55 KPSR 010837
CLMNYL

CLIMATE REPORT
NATIONAL WEATHER SERVICE PHOENIX AZ
135 AM MST FRI JUL 1 2016

...................................

...THE YUMA AZ CLIMATE SUMMARY FOR THE MONTH OF JUNE 2016...

CLIMATE NORMAL PERIOD 1981 TO 2010
CLIMATE RECORD PERIOD 1876 TO 2016

WEATHER         OBSERVED          NORMAL  DEPART
                 VALUE   DATE(S)  VALUE   FROM
                                          NORMAL
................................................
TEMPERATURE (F)
RECORD
 HIGH             122   06/26/1990
 LOW               51   06/05/1925
HIGHEST           120   06/19       113       7
LOWEST             70   06/13        64       6
AVG. MAXIMUM    106.2             103.5     2.7
AVG. MINIMUM     78.7              74.6     4.1
MEAN             92.5              89.0     3.5
DAYS MAX >= 90     30              29.0     1.0
DAYS MAX <= 32      0               0.0     0.0
DAYS MIN <= 32      0               0.0     0.0
DAYS MIN <= 0       0               0.0     0.0

PRECIPITATION (INCHES)
RECORD
 MAXIMUM         0.62   1912
 MINIMUM         0.00   2014
                        2013
                        2012
TOTALS              T              0.01   -0.01
DAYS >= .01         0               0.2    -0.2
DAYS >= .10         0               0.1    -0.1
DAYS >= .50         0               0.0     0.0
DAYS >= 1.00        0               0.0     0.0
GREATEST
 24 HR. TOTAL       T   06/29 TO 06/29
                        06/09 TO 06/10
                        06/10 TO 06/10

DEGREE_DAYS
HEATING TOTAL       0                 0       0
 SINCE 7/1        598               686     -88
COOLING TOTAL     833               721     112
 SINCE 1/1       1834              1633     201
.................................................

WIND (MPH)
AVERAGE WIND SPEED              9.5
HIGHEST GUST SPEED/DIRECTION    35/140    DATE  06/29

AVERAGE RH (PERCENT)     27

WEATHER CONDITIONS. NUMBER OF DAYS WITH
THUNDERSTORM              0     HEAVY RAIN                 0
RAIN                      0     LIGHT RAIN                 1
FOG W/VIS <= 1/4 MILE     0

-  INDICATES NEGATIVE NUMBERS.
R  INDICATES RECORD WAS SET OR TIED.
MM INDICATES DATA IS MISSING.
T  INDICATES TRACE AMOUNT.

$$
