000
CXUS55 KPSR 020244 CCA
CLMNYL

CLIMATE REPORT
NATIONAL WEATHER SERVICE PHOENIX AZ
201 AM MST TUE SEP 1 2015

...................................

...THE YUMA AZ CLIMATE SUMMARY FOR THE MONTH OF AUGUST 2015...

CLIMATE NORMAL PERIOD 1981 TO 2010
CLIMATE RECORD PERIOD 1876 TO 2015

WEATHER         OBSERVED          NORMAL  DEPART
                 VALUE   DATE(S)  VALUE   FROM
                                          NORMAL
................................................
TEMPERATURE (F)
RECORD
 HIGH             120   08/27/1981
 LOW               58   08/30/1907
HIGHEST           117   08/15       114       3
LOWEST             80   08/11        74       6
AVG. MAXIMUM    109.5             106.2     3.3
AVG. MINIMUM     86.1              82.3     3.8
MEAN             97.8              94.3     3.5
DAYS MAX >= 90     31              30.8     0.2
DAYS MAX <= 32      0               0.0     0.0
DAYS MIN <= 32      0               0.0     0.0
DAYS MIN <= 0       0               0.0     0.0

PRECIPITATION (INCHES)
RECORD
 MAXIMUM         6.25   1909
 MINIMUM         0.00   2006
                        2004
                        2002
TOTALS              T              0.47   -0.47
DAYS >= .01         0               2.4    -2.4
DAYS >= .10         0               1.2    -1.2
DAYS >= .50         0               0.3    -0.3
DAYS >= 1.00        0               0.1    -0.1
GREATEST
 24 HR. TOTAL       T   08/24 TO 08/25

DEGREE_DAYS
HEATING TOTAL       0                 0       0
 SINCE 7/1          0                 0       0
COOLING TOTAL    1023               907     116
 SINCE 1/1       3787              3453     334
.................................................

WIND (MPH)
AVERAGE WIND SPEED              8.6
HIGHEST GUST SPEED/DIRECTION    43/160    DATE  08/17

AVERAGE RH (PERCENT)     36

WEATHER CONDITIONS. NUMBER OF DAYS WITH
THUNDERSTORM              3     HEAVY RAIN                 0
RAIN                      0     LIGHT RAIN                 1
FOG W/VIS <= 1/4 MILE     0

-  INDICATES NEGATIVE NUMBERS.
R  INDICATES RECORD WAS SET OR TIED.
MM INDICATES DATA IS MISSING.
T  INDICATES TRACE AMOUNT.

$$
