000
CXUS53 KOAX 061634 CCA
CLMOFK

CLIMATE REPORT
NATIONAL WEATHER SERVICE OMAHA NEBRASKA...UPDATED TO ADD SUMMARY...
1025 AM CST FRI FEB 6 2015

...................................

...THE NORFOLK CLIMATE SUMMARY FOR THE MONTH OF JANUARY 2015...

CLIMATE NORMAL PERIOD 1981 TO 2010
CLIMATE RECORD PERIOD 1888 TO 2015

WEATHER         OBSERVED          NORMAL  DEPART
                 VALUE   DATE(S)  VALUE   FROM
                                          NORMAL
................................................
TEMPERATURE (F)
HIGHEST            65   01/28
LOWEST            -14   01/13
AVG. MAXIMUM     36.8              33.0     3.8
AVG. MINIMUM     15.0              12.1     2.9
MEAN             25.9              22.6     3.3
DAYS MAX >= 90      0
DAYS MAX <= 32     11
DAYS MIN <= 32     30
DAYS MIN <= 0       6

PRECIPITATION (INCHES)
RECORD
 MAXIMUM         2.33   1949
 MINIMUM         0.05   1928
TOTALS           0.57              0.59   -0.02
DAILY AVG.       0.02
DAYS >= .01         5
DAYS >= .10         2
DAYS >= .50         0
DAYS >= 1.00        0
GREATEST
 24 HR. TOTAL    0.30   01/31

SNOWFALL (INCHES)
RECORDS
 TOTAL           21.2   1932
TOTALS            6.7               6.4
SINCE 7/1        16.3
SNOWDEPTH AVG.      1                 3      -2
DAYS >= 1.0         3
GREATEST
 SNOW DEPTH         4   01/07
                        01/06
                        01/04
 24 HR TOTAL      3.0   01/31

DEGREE DAYS
HEATING TOTAL    1202              1316    -114
 SINCE 7/1       3831              4022    -191
COOLING TOTAL       0                 0       0
 SINCE 1/1          0                 0       0
.................................................

WIND (MPH)
AVERAGE WIND SPEED              11.3
HIGHEST WIND SPEED/DIRECTION    40/320    DATE  01/08
HIGHEST GUST SPEED/DIRECTION    52/310    DATE  01/17

SKY COVER
AVERAGE SKY COVER           0.30


WEATHER CONDITIONS. NUMBER OF DAYS WITH
THUNDERSTORM              0     MIXED PRECIP               0
HEAVY RAIN                0     RAIN                       0
LIGHT RAIN                2     FREEZING RAIN              0
LT FREEZING RAIN          0     HAIL                       0
HEAVY SNOW                0     SNOW                       1
LIGHT SNOW                9     SLEET                      0
FOG                       6     FOG W/VIS <= 1/4 MILE      0
HAZE                      0

-  INDICATES NEGATIVE NUMBERS.
R  INDICATES RECORD WAS SET OR TIED.
MM INDICATES DATA IS MISSING.
T  INDICATES TRACE AMOUNT.
>= INDICATES GREATER THAN OR EQUAL TO.
<= INDICATES LESS THAN OR EQUAL TO.

&&

...JANUARY IN NORFOLK WAS WARMER THAN NORMAL WITH NORMAL PRECIPITATION...

JANUARY BEGAN WITH TWELVE OF THE FIRST THIRTEEN DAYS COLDER THAN
NORMAL. THAT TREND STOPPED COLD ON THE 14TH AS THE NEXT EIGHTEEN
DAYS AVERAGED OVER 14 DEGREES ABOVE NORMAL...THE AVERAGE TEMPERATURE
IN JANUARY WAS 25.9 DEGREES...WHICH IS 3.3 DEGREES ABOVE NORMAL.

0.57 INCHES OF MOISTURE FELL IN JANUARY...WHICH IS 0.02 INCHES BELOW
NORMAL. THE MONTHLY SNOWFALL OF 6.7 INCHES WAS 0.3 INCHES ABOVE
NORMAL.

AFTER A FRIGID AND BREEZY START TO THE MONTH...WITH MORNING LOWS
AVERAGING 0 DEGREES...TEMPERATURES ROSE ABOVE AVERAGE ON THE 14TH
AND REMAINED THERE THROUGH THE END OF THE MONTH. A RECORD WARM
MINIMUM TEMPERATURE OF 35 DEGREES WAS SET ON THE 17TH. A RECORD WARM
MAXIMUM TEMPERATURE WAS SET THE 28TH WHEN 65 DEGREES WAS RECORDED
DURING THE AFTERNOON. MEASURABLE PRECIPITATION FELL ON ONLY 5 DAYS
IN JANUARY...WITH 0.27 INCHES THE FIRST PART OF THE MONTH AND 0.30
INCHES ON THE LAST DAY OF THE MONTH.

THE FIRST MEASURABLE SNOW OF THE MONTH FELL ON THE 3RD...WITH 2.2
INCHES FALLING. THE BIGGEST SNOWFALL OF THE MONTH BEGAN ON THE LAST
DAY OF THE MONTH...WHEN 3.0 INCHES FELL.

DAILY RECORDS SET IN JANUARY 2015:
DATE         RECORD           READING  PREVIOUS RECORD
JANUARY 17WARM MIN TEMP3532 (1973 & 1999)
JANUARY 28  WARM MAX TEMP     65      58 (1931)

$$

JEK/TL/JRB
