000
CXUS53 KEAX 011604 CCA
CLMOJC

CLIMATE REPORT.....CORRECTED
NATIONAL WEATHER SERVICE KANSAS CITY/PLEASANT HILL MO
125 AM CST THU JAN 1 2015

...................................

...THE JOHNSON COUNTY EXECUTIVE CLIMATE SUMMARY FOR THE MONTH OF
DECEMBER 2014...

CLIMATE NORMAL PERIOD 1981 TO 2010
CLIMATE RECORD PERIOD 9999 TO 9999

WEATHER         OBSERVED          NORMAL  DEPART  LAST YEAR`S
                 VALUE   DATE(S)  VALUE   FROM    VALUE  DATE(S)
                                          NORMAL
................................................................
TEMPERATURE (F)
HIGHEST            64   12/14        63       1       61  12/18
LOWEST              4   12/31         4       0        1  12/24
AVG. MAXIMUM     41.7              41.0     0.7     39.3
AVG. MINIMUM     29.2              23.8     5.4     18.9
MEAN             35.4              32.4     3.0     29.1
DAYS MAX >= 90      0               0.0     0.0        0
DAYS MAX <= 32      4               6.9    -2.9       11
DAYS MIN <= 32     18              24.0    -6.0       28
DAYS MIN <= 0       0               0.9    -0.9        0

PRECIPITATION (INCHES)
TOTALS           2.11              1.64    0.47     0.35
DAILY AVG.       0.07              0.05    0.02     0.01
DAYS >= .01         8               6.1     1.9        2
DAYS >= .10         4               3.3     0.7        1
DAYS >= .50         2               1.1     0.9        0
DAYS >= 1.00        0               0.4    -0.4        0
GREATEST
 24 HR. TOTAL    0.95   12/14 TO 12/15

DEGREE_DAYS
HEATING TOTAL     911              1010     -99     1105
 SINCE 7/1       1969              1965       4     2165
COOLING TOTAL       0                 0       0        0
 SINCE 1/1       1237              1349    -112     1360
.................................................................

WIND (MPH)
AVERAGE WIND SPEED              8.5
HIGHEST WIND SPEED/DIRECTION    33/180    DATE  12/25
HIGHEST GUST SPEED/DIRECTION    44/190    DATE  12/25

SKY COVER
POSSIBLE SUNSHINE (PERCENT)   MM
AVERAGE SKY COVER           0.70
NUMBER OF DAYS FAIR            6
NUMBER OF DAYS PC              8
NUMBER OF DAYS CLOUDY         17

AVERAGE RH (PERCENT)     79

WEATHER CONDITIONS. NUMBER OF DAYS WITH
THUNDERSTORM              0     MIXED PRECIP               0
HEAVY RAIN                2     RAIN                       3
LIGHT RAIN                6     FREEZING RAIN              0
LT FREEZING RAIN          1     HAIL                       0
HEAVY SNOW                0     SNOW                       1
LIGHT SNOW                4     SLEET                      0
FOG                      22     FOG W/VIS <= 1/4 MILE      3
HAZE                      4

-  INDICATES NEGATIVE NUMBERS.
R  INDICATES RECORD WAS SET OR TIED.
MM INDICATES DATA IS MISSING.
T  INDICATES TRACE AMOUNT.

$$
