000
CXUS56 KSGX 011854
CLMOKB


CLIMATE REPORT
NATIONAL WEATHER SERVICE SAN DIEGO, CA
1153 AM PDT TUE SEP 1 2015

...................................

...THE OCEANSIDE AIRPORT CA CLIMATE SUMMARY FOR THE MONTH OF AUGUST 2015...

CLIMATE NORMAL PERIOD 1981 TO 2010
CLIMATE RECORD PERIOD 1999 TO 2015

WEATHER         OBSERVED          NORMAL  DEPART  LAST YEAR`S
                 VALUE   DATE(S)  VALUE   FROM    VALUE  DATE(S)
                                          NORMAL
................................................................
TEMPERATURE (F)
RECORD
 HIGH              93   08/30/2013
 LOW               50   08/26/2009
HIGHEST            91   08/28        MM      MM       88  08/27
LOWEST             56   08/12        MM      MM       58  08/29
AVG. MAXIMUM     81.3              76.9     4.4     80.2
AVG. MINIMUM     64.5              61.9     2.6     63.6
MEAN             72.9              69.4     3.5     71.9
DAYS MAX >= 90      1               0.3     0.7        0
DAYS MAX <= 32      0               0.0     0.0        0
DAYS MAX >= 100     0                                  0
DAYS MIN <= 32      0               0.0     0.0        0

PRECIPITATION (INCHES)
RECORD
 MAXIMUM         0.44   2007
 MINIMUM           MM   MM
TOTALS              T              0.15   -0.15     0.14
DAILY AVG.          T              0.00    0.00     0.00
DAYS >= .01         0                MM      MM        2
DAYS >= .10         0                MM      MM        1
DAYS >= .50         0                MM      MM        0
DAYS >= 1.00        0                MM      MM        0
DAYS >= 1.50        0                                  0
DAYS >= 2.00        0                                  0
GREATEST
 24 HR. TOTAL       T   08/25 TO 08/25           08/20 TO 08/20
                                                          08/19 TO 08/20
                                                          08/20 TO 08/20
 STORM TOTAL       MM                                 MM
 (MM/DD(HH))            MM                    08/20(00) TO 08/20(00)
                                                 08/20(00) TO 08/20(00)0
                                                 08/20(00) TO 08/20(00)0

DEGREE_DAYS
HEATING TOTAL       0                 2      -2        0
 SINCE 7/1          0                 5      -5        0
COOLING TOTAL     250               138     112      225
 SINCE 1/1        605               300     305      507

FREEZE DATES
RECORD
 EARLIEST     MM
 LATEST       MM
EARLIEST                        MM
LATEST                          MM
.................................................

WIND (MPH)
AVERAGE WIND SPEED              4.7
RESULTANT WIND SPEED/DIRECTION   3/243
HIGHEST WIND SPEED/DIRECTION    20/210    DATE  08/17
HIGHEST GUST SPEED/DIRECTION    24/200    DATE  08/17

SKY COVER
POSSIBLE SUNSHINE (PERCENT)   MM
AVERAGE SKY COVER           0.40
NUMBER OF DAYS FAIR           11
NUMBER OF DAYS PC             17
NUMBER OF DAYS CLOUDY          2

AVERAGE RH (PERCENT)     71

WEATHER CONDITIONS. NUMBER OF DAYS WITH
THUNDERSTORM              0     MIXED PRECIP               0
HEAVY RAIN                0     RAIN                       0
LIGHT RAIN                1     FREEZING RAIN              0
LT FREEZING RAIN          0     HAIL                       0
HEAVY SNOW                0     SNOW                       0
LIGHT SNOW                0     SLEET                      0
FOG                       9     FOG W/VIS <= 1/4 MILE      1
HAZE                     11

-  INDICATES NEGATIVE NUMBERS.
R  INDICATES RECORD WAS SET OR TIED.
MM INDICATES DATA IS MISSING.
T  INDICATES TRACE AMOUNT.

$$
