000
CXUS56 KSEW 011032
CLMOLM


CLIMATE REPORT
NATIONAL WEATHER SERVICE SEATTLE WA
332 AM PDT SAT OCT 1 2016

...................................

...THE OLYMPIA WA AIRPORT CLIMATE SUMMARY FOR THE MONTH OF SEPTEMBER 2016...

CLIMATE NORMAL PERIOD 1981 TO 2010
CLIMATE RECORD PERIOD 1948 TO 2016

WEATHER         OBSERVED          NORMAL  DEPART  LAST YEAR`S
                 VALUE   DATE(S)  VALUE   FROM    VALUE  DATE(S)
                                          NORMAL
................................................................
TEMPERATURE (F)
RECORD
 HIGH              98   09/02/1988
 LOW               25   09/27/1972
HIGHEST            83   09/26        MM      MM       84  09/12
LOWEST             37   09/29        MM      MM       35  09/27
AVG. MAXIMUM     70.7              71.8    -1.1     70.2
AVG. MINIMUM     45.5              46.0    -0.5     45.6
MEAN             58.1              58.9    -0.8     57.9
DAYS MAX >= 90      0               0.3    -0.3        0
DAYS MAX <= 32      0               0.0     0.0        0
DAYS MIN <= 32      0               0.3    -0.3        0
DAYS MIN <= 0       0               0.0     0.0        0

PRECIPITATION (INCHES)
RECORD
 MAXIMUM         9.36   2013
 MINIMUM            T   2012
                        1993
TOTALS           1.73              1.71    0.02     0.90
DAILY AVG.       0.06              0.06    0.00     0.03
DAYS >= .01        10               7.8     2.2        7
DAYS >= .10         5               4.3     0.7        5
DAYS >= .50         2               1.0     1.0        0
DAYS >= 1.00        0               0.2    -0.2        0
GREATEST
 24 HR. TOTAL    0.53   09/17 TO 09/17
                        09/06 TO 09/06
                        09/06 TO 09/07

DEGREE_DAYS
HEATING TOTAL     200               190      10
COOLING TOTAL       0                 7      -7
.................................................................

WIND (MPH)
AVERAGE WIND SPEED              4.5
HIGHEST WIND SPEED/DIRECTION    24/180    DATE  09/23
HIGHEST GUST SPEED/DIRECTION    29/210    DATE  09/23

SKY COVER
POSSIBLE SUNSHINE (PERCENT)   MM
AVERAGE SKY COVER           0.50
NUMBER OF DAYS FAIR           12
NUMBER OF DAYS PC             13
NUMBER OF DAYS CLOUDY          5

AVERAGE RH (PERCENT)     71

WEATHER CONDITIONS. NUMBER OF DAYS WITH
THUNDERSTORM              0     MIXED PRECIP               0
HEAVY RAIN                1     RAIN                       4
LIGHT RAIN               12     FREEZING RAIN              0
LT FREEZING RAIN          0     HAIL                       0
HEAVY SNOW                0     SNOW                       0
LIGHT SNOW                0     SLEET                      0
FOG                      19     FOG W/VIS <= 1/4 MILE      9
HAZE                      2

-  INDICATES NEGATIVE NUMBERS.
R  INDICATES RECORD WAS SET OR TIED.
MM INDICATES DATA IS MISSING.
T  INDICATES TRACE AMOUNT.

$$
