000
CXUS53 KOAX 050220 CCA
CLMOMA

CLIMATE REPORT...CORRECTION
NATIONAL WEATHER SERVICE OMAHA NEBRASKA
831 AM CDT SUN MAY 1 2016

...CORRECTED WEATHER CONDITIONS - REDUCED FOG BY ONE DAY...

...................................

...THE OMAHA EPPLEY, NEBRASKA CLIMATE SUMMARY FOR THE MONTH OF APRIL 2016...

CLIMATE NORMAL PERIOD 1981 TO 2010
CLIMATE RECORD PERIOD 1871 TO 2016

WEATHER         OBSERVED          NORMAL  DEPART
                 VALUE   DATE(S)  VALUE   FROM
                                          NORMAL
................................................
TEMPERATURE (F)
HIGHEST            85   04/03
LOWEST             24   04/09
AVG. MAXIMUM     65.9              63.7     2.2
AVG. MINIMUM     44.1              39.8     4.3
MEAN             55.0              51.7     3.3
DAYS MAX >= 90      0
DAYS MAX <= 32      0
DAYS MIN <= 32      4
DAYS MIN <= 0       0

PRECIPITATION (INCHES)
RECORD
 MAXIMUM         8.48   1999
 MINIMUM         0.23   1936
TOTALS           5.40              2.96    2.44
DAILY AVG.       0.18
DAYS >= .01        10
DAYS >= .10         6
DAYS >= .50         3
DAYS >= 1.00        3
GREATEST
 24 HR. TOTAL    1.92   04/20 TO 04/21

SNOWFALL (INCHES)
RECORDS
 TOTAL           10.0   1992
TOTALS              T               1.0
SINCE 7/1        27.4
SNOWDEPTH AVG.      0
DAYS >= 1.0         0
GREATEST
 SNOW DEPTH         0
 24 HR TOTAL        T   04/01 TO 04/01

DEGREE DAYS
HEATING TOTAL     303               413    -110
 SINCE 7/1       4806              6002   -1196
COOLING TOTAL      11                15      -4
 SINCE 1/1         13                16      -3
.................................................

WIND (MPH)
AVERAGE WIND SPEED              13.3
HIGHEST WIND SPEED/DIRECTION    44/320    DATE  04/07
HIGHEST GUST SPEED/DIRECTION    54/330    DATE  04/07

SKY COVER
AVERAGE SKY COVER           0.60


WEATHER CONDITIONS. NUMBER OF DAYS WITH
THUNDERSTORM              3     MIXED PRECIP               0
HEAVY RAIN                5     RAIN                       5
LIGHT RAIN               16     FREEZING RAIN              0
LT FREEZING RAIN          0     HAIL                       0
HEAVY SNOW                0     SNOW                       0
LIGHT SNOW                0     SLEET                      1
FOG                       9     FOG W/VIS <= 1/4 MILE      0
HAZE                      1

-  INDICATES NEGATIVE NUMBERS.
R  INDICATES RECORD WAS SET OR TIED.
MM INDICATES DATA IS MISSING.
T  INDICATES TRACE AMOUNT.
>= INDICATES GREATER THAN OR EQUAL TO.
<= INDICATES LESS THAN OR EQUAL TO.

$$

COR BY KLISH
