000
CXUS51 KAKQ 012140
CLMORF


CLIMATE REPORT
NATIONAL WEATHER SERVICE WAKEFIELD, VA
440 PM EST SUN FEB 1 2015

...................................

...THE NORFOLK VA CLIMATE SUMMARY FOR THE MONTH OF JANUARY 2015...

CLIMATE NORMAL PERIOD 1981 TO 2010
CLIMATE RECORD PERIOD 1871 TO 2015

WEATHER         OBSERVED          NORMAL  DEPART  LAST YEAR`S
                 VALUE   DATE(S)  VALUE   FROM    VALUE  DATE(S)
                                          NORMAL
................................................................
TEMPERATURE (F)
RECORD
 HIGH              80   01/30/2002
 LOW               -3   01/21/1985
HIGHEST            75   01/04        48      27       73  01/11
LOWEST             14   01/08         0      14        6  01/30
AVG. MAXIMUM     47.7              48.1    -0.4     47.5
AVG. MINIMUM     31.7              32.7    -1.0     26.7
MEAN             39.7              40.4    -0.7     37.1
DAYS MAX >= 90      0               0.0     0.0        0
DAYS MAX <= 32      1               2.1    -1.1        5
DAYS MIN <= 32     17              14.8     2.2       21
DAYS MIN <= 0       0               0.0     0.0        0

PRECIPITATION (INCHES)
RECORD
 MAXIMUM           MM   MM
 MINIMUM           MM   MM
TOTALS           3.64              3.40    0.24     3.24
DAILY AVG.       0.12              0.11    0.01     0.10
DAYS >= .01        11              10.4     0.6       13
DAYS >= .10         5               6.7    -1.7        6
DAYS >= .50         3               2.4     0.6        1
DAYS >= 1.00        1               0.6     0.4        1
GREATEST
 24 HR. TOTAL    1.08   01/12 TO 01/13

SNOWFALL (INCHES)
RECORDS
 TOTAL             MM   5
TOTALS            1.0
SINCE 7/1         1.0               3.6    -2.6     11.5
SNOWDEPTH AVG.      0                MM      MM        1
DAYS >= 1.0         1               0.8     0.2        4
GREATEST
 SNOW DEPTH         1   01/27                          8  01/29
 24 HR TOTAL      1.0   01/27 TO 01/27           01/11 TO 01/11
                                                          01/11 TO 01/11
                                                          01/11 TO 01/11

DEGREE_DAYS
HEATING TOTAL     778
 SINCE 7/1       1934              1942      -8     1959
COOLING TOTAL       0                 0       0        0
 SINCE 1/1          0                 0       0        0
..................................................

WIND (MPH)
AVERAGE WIND SPEED              8.7
HIGHEST WIND SPEED/DIRECTION    29/020    DATE  01/13
HIGHEST GUST SPEED/DIRECTION    39/240    DATE  01/04

SKY COVER
POSSIBLE SUNSHINE (PERCENT)   MM
AVERAGE SKY COVER           0.40

AVERAGE RH (PERCENT)     64

WEATHER CONDITIONS. NUMBER OF DAYS WITH
THUNDERSTORM              0     MIXED PRECIP               0
HEAVY RAIN                4     RAIN                       5
LIGHT RAIN               10     FREEZING RAIN              0
LT FREEZING RAIN          0     HAIL                       0
HEAVY SNOW                0     SNOW                       0
LIGHT SNOW                4     SLEET                      0
FOG                      10     FOG W/VIS <= 1/4 MILE      3
HAZE                      4

-  INDICATES NEGATIVE NUMBERS.
R  INDICATES RECORD WAS SET OR TIED.
MM INDICATES DATA IS MISSING.
T  INDICATES TRACE AMOUNT.

$$
