000
CXUS53 KDDC 011445
CLMP28


CLIMATE REPORT
NATIONAL WEATHER SERVICE DODGE CITY KS
837 AM CST SUN FEB 1 2015

...................................

...THE MEDICINE LODGE KS CLIMATE SUMMARY FOR THE MONTH OF JANUARY 2015...

CLIMATE NORMAL PERIOD 1981 TO 2010
CLIMATE RECORD PERIOD 1893 TO 2015

WEATHER         OBSERVED          NORMAL  DEPART  LAST YEAR`S
                 VALUE   DATE(S)  VALUE   FROM    VALUE  DATE(S)
                                          NORMAL
................................................................
TEMPERATURE (F)
RECORD
 HIGH              82   01/27/2015
                        01/22/1967
                        01/05/1927
 LOW              -20   01/15/1905
HIGHEST            82R  01/27        MM      MM       70  01/19
LOWEST              6   01/05        MM      MM       -8  01/06
AVG. MAXIMUM     48.3              45.3     3.0     46.1
AVG. MINIMUM     21.8              21.6     0.2     19.1
MEAN             35.1              33.4     1.7     32.6
DAYS MAX >= 90      0               0.0     0.0        0
DAYS MAX <= 32      5               5.8    -0.8        6
DAYS MIN <= 32     27              28.0    -1.0       26
DAYS MIN <= 0       0               0.2    -0.2        2

PRECIPITATION (INCHES)
RECORD
 MAXIMUM         2.56   1949
 MINIMUM         0.00   1972
                        1970
TOTALS           0.76              0.71    0.05     0.15
DAYS >= .01         6               4.2     1.8        5
DAYS >= .10         2               1.9     0.1        0
DAYS >= .50         1               0.5     0.5        0
DAYS >= 1.00        0               0.1    -0.1        0
GREATEST
 24 HR. TOTAL    0.52   01/30 TO 01/31           01/01 TO 01/01

DEGREE_DAYS
HEATING TOTAL     921               978     -57      994
 SINCE 7/1       2685              2777     -92     2992
COOLING TOTAL       0                 0       0        0
 SINCE 1/1          0                 0       0        0
..................................................

WIND (MPH)
AVERAGE WIND SPEED              8.3
HIGHEST WIND SPEED/DIRECTION    35/340    DATE  01/25
HIGHEST GUST SPEED/DIRECTION    51/360    DATE  01/03



-  INDICATES NEGATIVE NUMBERS.
R  INDICATES RECORD WAS SET OR TIED.
MM INDICATES DATA IS MISSING.
T  INDICATES TRACE AMOUNT.

$$
