000
CXUS56 KPDT 011422
CLMPDT

CLIMATE REPORT
NATIONAL WEATHER SERVICE PENDLETON OREGON
720 AM PDT FRI APR 1 2016

....................................

...THE PENDLETON OR CLIMATE SUMMARY FOR THE MONTH OF MARCH 2016...

CLIMATE NORMAL PERIOD 1981 TO 2010
CLIMATE RECORD PERIOD 1934 TO 2016

WEATHER         OBSERVED          NORMAL  DEPART  LAST YEAR`S
                 VALUE   DATE(S)  VALUE   FROM    VALUE  DATE(S)
                                          NORMAL

................................................................

TEMPERATURE (F)
RECORD
 HIGH              80   3/29/2004
 LOW                1   3/ 1/1993
HIGHEST            69   3/31       68         1            76   3/10
LOWEST             25   3/18       25         0            22   3/ 4
AVG. MAXIMUM     57.6            55.2       2.4          61.6
AVG. MINUMUM     35.5            34.9       0.6          37.4
MEAN             46.6            45.0       1.6          49.5
DAYS MAX >= 90      0               0         0             0
DAYS MAX <= 32      0               0         0             0
DAYS MIN <= 32      8              10        -2             5
DAYS MIN <= 0       0               0         0             5


PRECIPITATION (INCHES)
RECORD
 MAXIMUM          2.82   1983
 MINIMUM          0.24   1941
TOTALS            1.62            1.32      0.30          1.19
DAILY AVG.        0.05            0.04      0.01          0.04
DAYS >=  0.01       16              12         4            11
DAYS >=  0.10        6               4         2             7
DAYS >=  0.50        0               0         0             0
DAYS >=  1.00        0               0         0             0
GREATEST
 24 HR. TOTAL     0.25   3/20



SNOWFALL (INCHES)
RECORD
 MAXIMUM           4.9   1971
 MINIMUM           0.0   2015
TOTALS               T             0.7      -0.7           0.0
SINCE 7/1          4.1            15.3     -11.2           7.2
DAYS >=  TRACE       3               1         2
DAYS >=  1.0         0               0         0             0
GREATEST
 24 HR. TOTAL        T   3/25


DEGREE DAYS
HEATING TOTAL      563             617       -54           470
 SINCE 7/1        4155            4534      -379          3963
COOLING TOTAL        0               0         0             0
 SINCE 1/1           0               0         0             0

.............................................................

WIND (MPH)
AVERAGE WIND SPEED                    10.0
RESULTANT WIND SPEED/DIRECTION         7/189
HIGHEST WIND SPEED/DIRECTION          44/190      DATE          03/13
HIGHEST GUST SPEED/DIRECTION          53/250      DATE          03/13


WEATHER CONDITIONS. NUMBER OF DAYS WITH
THUNDERSTORM               0    MIXED PRECIP                           0
HEAVY RAIN                 1    RAIN                                   6
LIGHT RAIN                21    FREEZING RAIN                          0
LT FREEZING RAIN           0    HAIL                                   3
HEAVY SNOW                 0    SNOW                                   0
LIGHT SNOW                 0    SLEET                                  0
FOG                        7    FOG W/VIS <=1/4 MILE                   2
HAZE                       1

-  INDICATES NEGATIVE NUMBERS.
R  INDICATES RECORD WAS SET OR TIED.
MM INDICATES DATA IS MISSING.
T  INDICATES TRACE AMOUNT.

$$
