000
CXUS53 KUNR 011610
CLMPHP


CLIMATE REPORT
NATIONAL WEATHER SERVICE RAPID CITY SD
1010 AM MDT WED NOV 1 2017

...................................

...THE PHILIP SD CLIMATE SUMMARY FOR THE MONTH OF OCTOBER 2017...

CLIMATE NORMAL PERIOD 1981 TO 2010
CLIMATE RECORD PERIOD 9999 TO 9999

WEATHER         OBSERVED          NORMAL  DEPART  LAST YEAR`S
                 VALUE   DATE(S)  VALUE   FROM    VALUE  DATE(S)
                                          NORMAL
................................................................
TEMPERATURE (F)
HIGHEST            86   10/19                         90  10/14
LOWEST              8R  10/31                         22  10/13
AVG. MAXIMUM     64.6              63.0     1.6     70.5
AVG. MINIMUM     32.6              33.9    -1.3     37.3
MEAN             48.6              48.4     0.2     53.9
DAYS MAX >= 90      0                                  1
DAYS MAX <= 32      0                                  0
DAYS MIN <= 32     14                                  8
DAYS MIN <= 0       0                                  0

PRECIPITATION (INCHES)
TOTALS           1.42              1.43   -0.01     0.45
DAILY AVG.       0.05              0.05    0.00     0.01
DAYS >= .01         5                                  4
DAYS >= .10         2                                  2
DAYS >= .50         1                                  0
DAYS >= 1.00        1                                  0
GREATEST
 24 HR. TOTAL    1.13   10/14 TO 10/14              0.25

DEGREE_DAYS
HEATING TOTAL     506               517     -11      350
 SINCE 7/1        662               703     -41      461
COOLING TOTAL       6                 4       2       16
 SINCE 1/1        911               818      93      908
.................................................................

WIND (MPH)
AVERAGE WIND SPEED              11.2
HIGHEST WIND SPEED/DIRECTION    44/340    DATE  10/26
HIGHEST GUST SPEED/DIRECTION    54/330    DATE  10/26

AVERAGE RH (PERCENT)     58

WEATHER CONDITIONS. NUMBER OF DAYS WITH
THUNDERSTORM              0     MIXED PRECIP               0
HEAVY RAIN                1     RAIN                       2
LIGHT RAIN               10     FREEZING RAIN              0
LT FREEZING RAIN          0     HAIL                       0
HEAVY SNOW                0     SNOW                       0
LIGHT SNOW                0     SLEET                      0
FOG                       6     FOG W/VIS <= 1/4 MILE      2
HAZE                      2

-  INDICATES NEGATIVE NUMBERS.
R  INDICATES RECORD WAS SET OR TIED.
MM INDICATES DATA IS MISSING.
T  INDICATES TRACE AMOUNT.

$$
