000
CXUS53 KILX 011610
CLMPIA


CLIMATE REPORT
NATIONAL WEATHER SERVICE LINCOLN IL
1034 AM CDT MON JUN 1 2015

...................................

...THE PEORIA IL CLIMATE SUMMARY FOR THE MONTH OF MAY 2015...

CLIMATE NORMAL PERIOD 1981 TO 2010
CLIMATE RECORD PERIOD 1883 TO 2015

WEATHER         OBSERVED          NORMAL  DEPART  LAST YEAR`S
                 VALUE   DATE(S)  VALUE   FROM    VALUE
                                          NORMAL
.............................................................
TEMPERATURE (F)
RECORD
 HIGH             104   05/31/1934
 LOW               25   05/10/1966
HIGHEST            87   05/07        73      14       91
LOWEST             37   05/01        51     -14       38
AVG. MAXIMUM     76.7              73.2     3.5     76.6
AVG. MINIMUM     56.4              51.6     4.8     55.0
MEAN             66.5              62.4     4.1     65.8
DAYS MAX >= 90      0               0.5    -0.5        4
DAYS MAX <= 32      0               0.0     0.0        0
DAYS MIN <= 32      0               0.2    -0.2        0
DAYS MIN <= 0       0               0.0     0.0        0

PRECIPITATION (INCHES)
RECORD
 MAXIMUM        11.49   1915
 MINIMUM         0.47   1934
TOTALS           5.02              4.33    0.69     1.45
DAILY AVG.       0.16              0.14    0.02     0.05
DAYS >= .01        14              11.8     2.2       13
DAYS >= .10        12               7.8     4.2        8
DAYS >= .50         5               2.5     2.5        0
DAYS >= 1.00        0               1.2    -1.2        0
GREATEST
 24 HR. TOTAL    1.22   05/07 TO 05/08              0.36

SNOWFALL (INCHES)
RECORDS
 TOTAL            0.1   1966
                        1923
TOTALS            0.0               0.0     0.0      0.0
SINCE 7/1        27.0              24.6     2.4     57.6
DAYS >= 1.0         0               0.0     0.0        0
GREATEST
 SNOW DEPTH         0   MM                             0
 24 HR TOTAL      0.0   MM                           0.0

DEGREE_DAYS
HEATING TOTAL      87               148     -61      119
 SINCE 7/1       5810              5813      -3     6586
COOLING TOTAL     143                67      76      152
 SINCE 1/1        154                81      73      158
..............................................................

WIND (MPH)
AVERAGE WIND SPEED              8.3
HIGHEST WIND SPEED/DIRECTION    31/170    DATE  05/15
HIGHEST GUST SPEED/DIRECTION    45/180    DATE  05/15

SKY COVER
POSSIBLE SUNSHINE (PERCENT)   MM
AVERAGE SKY COVER           0.40
NUMBER OF DAYS FAIR           12
NUMBER OF DAYS PC             14
NUMBER OF DAYS CLOUDY          5

AVERAGE RH (PERCENT)     64

WEATHER CONDITIONS. NUMBER OF DAYS WITH
THUNDERSTORM              6     MIXED PRECIP               0
HEAVY RAIN                8     RAIN                      10
LIGHT RAIN               19     FREEZING RAIN              0
LT FREEZING RAIN          0     HAIL                       0
HEAVY SNOW                0     SNOW                       0
LIGHT SNOW                0     SLEET                      0
FOG                      16     FOG W/VIS <= 1/4 MILE      1
HAZE                      9

-  INDICATES NEGATIVE NUMBERS.
R  INDICATES RECORD WAS SET OR TIED.
MM INDICATES DATA IS MISSING.
T  INDICATES TRACE AMOUNT.
&&

NO RECORDS WERE ESTABLISHED DURING MAY 2015

$$

EJL
