000
CXUS51 KPBZ 012322
CLMPIT


CLIMATE REPORT
NATIONAL WEATHER SERVICE PITTSBURGH PA
721 PM EDT TUE JUL 1 2014

...................................

...THE PITTSBURGH CLIMATE SUMMARY FOR THE MONTH OF JUNE 2014...

CLIMATE NORMAL PERIOD 1981 TO 2010
CLIMATE RECORD PERIOD 1871 TO 2014

WEATHER         OBSERVED          NORMAL  DEPART  LAST YEAR`S
                 VALUE   DATE(S)  VALUE   FROM    VALUE  DATE(S)
                                          NORMAL
................................................................
TEMPERATURE (F)
RECORD
 HIGH              98   06/25/1988
                        06/22/1988
                        06/04/1895
 LOW               33   06/14/2013
HIGHEST            89                        MM       88  06/25
                                                          06/24
LOWEST             48                        MM       42  06/04
AVG. MAXIMUM     80.2              79.1     1.1     78.6
AVG. MINIMUM     61.0              58.4     2.6     60.1
MEAN             70.6              68.7     1.9     69.4
DAYS MAX >= 90      0               1.0    -1.0        0
DAYS MAX <= 32      0               0.0     0.0        0
DAYS MIN <= 32      0               0.0     0.0        0
DAYS MIN <= 0       0               0.0     0.0        0

PRECIPITATION (INCHES)
RECORD
 MAXIMUM        10.29   1989
 MINIMUM         0.61   1894
TOTALS           4.05              4.30   -0.25
DAILY AVG.       0.14              0.14    0.00     0.18
DAYS >= .01        13              12.1     0.9       15
DAYS >= .10         9               7.9     1.1        9
DAYS >= .50         3               2.8     0.2        5
DAYS >= 1.00        0               1.0    -1.0        2
GREATEST
 24 HR. TOTAL    1.03   06/24 TO 06/25           06/25 TO 06/26
                                                          06/30 TO 06/30
                                                          06/30 TO 06/30

SNOWFALL (INCHES)
RECORDS
 TOTAL            0.0   MM
 24 HR TOTAL       MM
TOTALS            0.0               0.0     0.0      0.0
SINCE 7/1        63.4              41.4    22.0     57.4
SNOWDEPTH AVG.      0                MM      MM        0
DAYS >= TRACE       0
DAYS >= 1.0         0               0.0     0.0        0
GREATEST
 24 HR TOTAL      0.0   06/30 TO 06/30               0.0

DEGREE_DAYS
HEATING TOTAL       9                38     -29       16
 SINCE 7/1       6017              5710     307     5566
COOLING TOTAL     185               150      35      154
 SINCE 1/1        259               202      57      258
.................................................

WIND (MPH)
AVERAGE WIND SPEED              5.6
HIGHEST WIND SPEED/DIRECTION    41/330    DATE  06/18
HIGHEST GUST SPEED/DIRECTION    49/330    DATE  06/18

AVERAGE RH (PERCENT)     72

WEATHER CONDITIONS. NUMBER OF DAYS WITH
THUNDERSTORM              0     MIXED PRECIP               0
HEAVY RAIN                4     RAIN                       4
LIGHT RAIN               15     FREEZING RAIN              0
LT FREEZING RAIN          0     HAIL                       0
HEAVY SNOW                0     SNOW                       0
LIGHT SNOW                0     SLEET                      0
FOG                      22     FOG W/VIS <= 1/4 MILE      2
HAZE                     11

-  INDICATES NEGATIVE NUMBERS.
R  INDICATES RECORD WAS SET OR TIED.
MM INDICATES DATA IS MISSING.
T  INDICATES TRACE AMOUNT.

$$
