000
CXUS54 KMOB 010726
CLMPNS


CLIMATE REPORT
NATIONAL WEATHER SERVICE MOBILE AL
217 AM CDT SAT AUG 1 2015

...................................

...THE PENSACOLA CLIMATE SUMMARY FOR THE MONTH OF JULY 2015...

CLIMATE NORMAL PERIOD 1981 TO 2010
CLIMATE RECORD PERIOD 1879 TO 2015

WEATHER         OBSERVED          NORMAL  DEPART  LAST YEAR`S
                 VALUE   DATE(S)  VALUE   FROM    VALUE  DATE(S)
                                          NORMAL
................................................................
TEMPERATURE (F)
RECORD
 HIGH             106   07/14/1980
 LOW               61   07/16/1967
                        07/15/1967
HIGHEST            98   07/29                         95  07/01
                        07/12
LOWEST             69   07/05                         63  07/31
AVG. MAXIMUM     93.3              89.9     3.4     88.6
AVG. MINIMUM     75.7              74.5     1.2     72.8
MEAN             84.5              82.2     2.3     80.7
DAYS MAX >= 90     27              15.6    11.4       14
DAYS MAX <= 32      0               0.0     0.0        0
DAYS MIN <= 32      0               0.0     0.0        0
DAYS MIN <= 0       0               0.0     0.0        0

PRECIPITATION (INCHES)

TOTALS           7.00              7.41   -0.41     7.64
DAILY AVG.       0.23              0.24   -0.01     0.25
DAYS >= .01        13              14.0    -1.0       14
DAYS >= .10        11              10.2     0.8        9
DAYS >= .50         4               4.9    -0.9        5
DAYS >= 1.00        4               2.2     1.8        2
GREATEST
 24 HR. TOTAL    1.62   07/25 TO 07/25
                        07/24 TO 07/25
                        07/25 TO 07/25

DEGREE_DAYS
COOLING TOTAL     611               533      78      494
 SINCE 1/1       1747              1446     301     1424
.................................................................

WIND (MPH)
AVERAGE WIND SPEED              7.4
HIGHEST WIND SPEED/DIRECTION    29/120    DATE  07/19
HIGHEST GUST SPEED/DIRECTION    35/120    DATE  07/19

SKY COVER
POSSIBLE SUNSHINE (PERCENT)   MM
AVERAGE SKY COVER           0.10
NUMBER OF DAYS FAIR           31
NUMBER OF DAYS PC              0
NUMBER OF DAYS CLOUDY          0

AVERAGE RH (PERCENT)     73

WEATHER CONDITIONS. NUMBER OF DAYS WITH
THUNDERSTORM             19     MIXED PRECIP               0
HEAVY RAIN                7     RAIN                       4
LIGHT RAIN               15     FREEZING RAIN              0
LT FREEZING RAIN          0     HAIL                       0
HEAVY SNOW                0     SNOW                       0
LIGHT SNOW                0     SLEET                      0
FOG                      11     FOG W/VIS <= 1/4 MILE      0
HAZE                      2

-  INDICATES NEGATIVE NUMBERS.
R  INDICATES RECORD WAS SET OR TIED.
MM INDICATES DATA IS MISSING.
T  INDICATES TRACE AMOUNT.

$$
