000
CXUS55 KPUB 012123
CLMPUB


CLIMATE REPORT
NATIONAL WEATHER SERVICE PUEBLO
313 PM MDT MON JUN 1 2015

...................................

...THE PUEBLO CO CLIMATE SUMMARY FOR THE MONTH OF MAY 2015...

CLIMATE NORMAL PERIOD 1981 TO 2010
CLIMATE RECORD PERIOD 1888 TO 2015

WEATHER         OBSERVED          NORMAL  DEPART  LAST YEAR`S
                 VALUE   DATE(S)  VALUE   FROM    VALUE  DATE(S)
                                          NORMAL
................................................................
TEMPERATURE (F)
RECORD
 HIGH             102   05/31/2002
                        05/30/2000
                        05/29/2000
 LOW               23   05/03/2013
                        05/03/2011
                        05/01/1909
HIGHEST            84   05/31        80       4       91  05/29
                                                          05/28
LOWEST             33   05/10        40      -7       29  05/14
AVG. MAXIMUM     68.2              76.8    -8.6     77.0
AVG. MINIMUM     45.8              44.1     1.7     45.7
MEAN             57.0              60.4    -3.4     61.4
DAYS MAX >= 90      0               2.3    -2.3
DAYS MAX <= 32      0               0.0     0.0
DAYS MIN <= 32      0               1.0    -1.0
DAYS MIN <= 0       0               0.0     0.0

PRECIPITATION (INCHES)
RECORD
 MAXIMUM         5.43   1957
 MINIMUM            T   2004
                        1899
TOTALS           5.55R             1.51    4.04     0.65
DAILY AVG.       0.18              0.05    0.13
DAYS >= .01        20               7.9    12.1
DAYS >= .10        11               3.7     7.3
DAYS >= .50         3               0.7     2.3
DAYS >= 1.00        2               0.2     1.8
GREATEST
 24 HR. TOTAL    1.70   05/18 TO 05/19

SNOWFALL (INCHES)
RECORDS
 TOTAL           10.6   1990
TOTALS              T               0.5    -0.5        T
SINCE 7/1        42.8              31.8    11.0     29.3
SNOWDEPTH AVG.      0
DAYS >= 1.0         0               0.1    -0.1
GREATEST
 SNOW DEPTH         0                                  0
 24 HR TOTAL        T   05/10 TO 05/10                 T

DEGREE_DAYS
HEATING TOTAL     244               173      71      156
 SINCE 7/1       5254              5613    -359     5413
COOLING TOTAL       4                32     -28       50
 SINCE 1/1          4                34     -30       52
.................................................................

WIND (MPH)
AVERAGE WIND SPEED              8.8
HIGHEST WIND SPEED/DIRECTION    46/230    DATE  05/06
HIGHEST GUST SPEED/DIRECTION    55/240    DATE  05/06

SKY COVER
POSSIBLE SUNSHINE (PERCENT)   MM
AVERAGE SKY COVER           0.40
NUMBER OF DAYS FAIR           15
NUMBER OF DAYS PC              8
NUMBER OF DAYS CLOUDY          8

AVERAGE RH (PERCENT)     69

WEATHER CONDITIONS. NUMBER OF DAYS WITH
THUNDERSTORM             16     MIXED PRECIP               0
HEAVY RAIN                7     RAIN                       9
LIGHT RAIN               27     FREEZING RAIN              0
LT FREEZING RAIN          0     HAIL                       2
HEAVY SNOW                0     SNOW                       0
LIGHT SNOW                1     SLEET                      0
FOG                      14     FOG W/VIS <= 1/4 MILE      0
HAZE                      0

-  INDICATES NEGATIVE NUMBERS.
R  INDICATES RECORD WAS SET OR TIED.
MM INDICATES DATA IS MISSING.
T  INDICATES TRACE AMOUNT.

$$
