000
CXUS51 KPHI 010846
CLMRDG


CLIMATE REPORT
NATIONAL WEATHER SERVICE MOUNT HOLLY NJ
443 AM EDT TUE AUG 1 2017

...................................

...THE READING PA CLIMATE SUMMARY FOR THE MONTH OF JULY 2017...

CLIMATE NORMAL PERIOD 1981 TO 2010
CLIMATE RECORD PERIOD 1869 TO 2017

WEATHER         OBSERVED          NORMAL  DEPART  LAST YEAR`S
                 VALUE   DATE(S)  VALUE   FROM    VALUE
                                          NORMAL
.............................................................
TEMPERATURE (F)
RECORD
 HIGH             106   07/22/2011
 LOW               46   07/01/1988
                        07/28/1977
                        07/27/1977
HIGHEST            93                MM      MM       98
LOWEST             55                MM      MM       58
AVG. MAXIMUM     85.4              85.2     0.2     89.5
AVG. MINIMUM     67.5              64.3     3.2     67.6
MEAN             76.4              74.8     1.6     78.6
DAYS MAX >= 90      5               7.2    -2.2       17
DAYS MAX <= 32      0               0.0     0.0        0
DAYS MIN <= 32      0               0.0     0.0        0
DAYS MIN <= 0       0               0.0     0.0        0

PRECIPITATION (INCHES)
RECORD
 MAXIMUM        13.85   2004
 MINIMUM         0.31   1999
TOTALS           8.45              4.52    3.93     3.97
DAILY AVG.       0.27              0.15    0.12     0.13
DAYS >= .01        13                MM      MM       11
DAYS >= .10         9                MM      MM        8
DAYS >= .50         5                MM      MM        3
DAYS >= 1.00        5                MM      MM        1
GREATEST
 24 HR. TOTAL    1.95   07/24 TO 07/24              1.29

DEGREE_DAYS
HEATING TOTAL       0                 1      -1        0
 SINCE 7/1          0                 1      -1        0
COOLING TOTAL     363               303      60      429
 SINCE 1/1        672               552     120      749
..............................................................

WIND (MPH)
AVERAGE WIND SPEED              4.3
HIGHEST WIND SPEED/DIRECTION    30/260    DATE  07/01
HIGHEST GUST SPEED/DIRECTION    40/270    DATE  07/07

SKY COVER
POSSIBLE SUNSHINE (PERCENT)    0
AVERAGE SKY COVER           0.40
NUMBER OF DAYS FAIR           13
NUMBER OF DAYS PC             13
NUMBER OF DAYS CLOUDY          4

AVERAGE RH (PERCENT)     75

WEATHER CONDITIONS. NUMBER OF DAYS WITH
THUNDERSTORM              0     MIXED PRECIP               0
HEAVY RAIN                8     RAIN                      10
LIGHT RAIN               18     FREEZING RAIN              0
LT FREEZING RAIN          0     HEAVY SNOW                 0
SNOW                      0     LIGHT SNOW                 0
SLEET                     0     FOG                       19
FOG W/VIS <= 1/4 MILE     2     HAZE                       1

-  INDICATES NEGATIVE NUMBERS.
R  INDICATES RECORD WAS SET OR TIED.
MM INDICATES DATA IS MISSING.
T  INDICATES TRACE AMOUNT.

$$
