000
CXUS56 KPDT 011701
CLMRDM

CLIMATE REPORT
NATIONAL WEATHER SERVICE PENDLETON OREGON
901 AM PST FRI DEC 01 2017

....................................

...THE REDMOND OR CLIMATE SUMMARY FOR THE MONTH OF NOVEMBER 2017...

CLIMATE NORMAL PERIOD 1981 TO 2010
CLIMATE RECORD PERIOD 1949 TO 2017

WEATHER         OBSERVED          NORMAL  DEPART  LAST YEAR`S
                 VALUE   DATE(S)  VALUE   FROM    VALUE  DATE(S)
                                          NORMAL

................................................................

TEMPERATURE (F)
RECORD
 HIGH              76  11/ 5/1997
 LOW              -19  11/16/2014
HIGHEST            67  11/23       66         1            75  11/ 8
LOWEST             13  11/ 4        9         4            21  11/29
AVG. MAXIMUM     51.5            48.9       2.6          56.8
AVG. MINUMUM     28.5            25.8       2.7          31.8
MEAN             40.0            37.4       2.6          44.3
DAYS MAX >= 90      0               0         0             0
DAYS MAX <= 32      0               2        -2             0
DAYS MIN <= 32     21              23        -2            14
DAYS MIN <= 0       0               2        -2            14


PRECIPITATION (INCHES)
RECORD
 MAXIMUM          3.15   1984
 MINIMUM          0.03   1952
TOTALS            0.47            0.96     -0.49          0.27
DAILY AVG.        0.02            0.03     -0.01          0.01
DAYS >=  0.01        8               9        -1             7
DAYS >=  0.10        2               3        -1             0
DAYS >=  0.50        0               0         0             0
DAYS >=  1.00        0               0         0             0
GREATEST
 24 HR. TOTAL     0.12  11/ 9



SNOWFALL (INCHES)
RECORD
 MAXIMUM          21.7   1973
 MINIMUM           0.0   2013
TOTALS               T             2.4      -2.4             T
SINCE 7/1          0.0             2.6      -2.6           0.0
DAYS >=  TRACE       3               1         1             1
DAYS >=  1.0         0               0         0             0
GREATEST
 24 HR. TOTAL        T  11/ 9


DEGREE DAYS
HEATING TOTAL      745             829       -84           611
 SINCE 7/1        1579            1775      -196          1464
COOLING TOTAL        0               0         0             0
 SINCE 1/1         434             216       218           240

.............................................................

WIND (MPH)
AVERAGE WIND SPEED                     7.3
RESULTANT WIND SPEED/DIRECTION         5/196
HIGHEST WIND SPEED/DIRECTION          32/270      DATE          11/01
HIGHEST GUST SPEED/DIRECTION          45/200      DATE          11/26


WEATHER CONDITIONS. NUMBER OF DAYS WITH
THUNDERSTORM               0    MIXED PRECIP                           0
HEAVY RAIN                 0    RAIN                                   0
LIGHT RAIN                13    FREEZING RAIN                          0
LT FREEZING RAIN           2    HAIL                                   0
HEAVY SNOW                 0    SNOW                                   0
LIGHT SNOW                 3    SLEET                                  0
FOG                        8    FOG W/VIS <=1/4 MILE                   2
HAZE                       3

-  INDICATES NEGATIVE NUMBERS.
R  INDICATES RECORD WAS SET OR TIED.
MM INDICATES DATA IS MISSING.
T  INDICATES TRACE AMOUNT.

$$
