000
CXUS51 KAKQ 020031
CLMRIC


CLIMATE REPORT
NATIONAL WEATHER SERVICE WAKEFIELD, VA
827 PM EDT FRI AUG 1 2014

...................................

...THE RICHMOND VA CLIMATE SUMMARY FOR THE MONTH OF JULY 2014...

CLIMATE NORMAL PERIOD 1981 TO 2010
CLIMATE RECORD PERIOD 1871 TO 2014

WEATHER         OBSERVED          NORMAL  DEPART  LAST YEAR`S
                 VALUE   DATE(S)  VALUE   FROM    VALUE  DATE(S)
                                          NORMAL
................................................................
TEMPERATURE (F)
RECORD
 HIGH             105   07/25/2010
                        07/24/2010
                        07/06/1977
 LOW               51   07/02/1965
                        07/15/1940
HIGHEST           100   07/08        88      12       96  07/17
                                                          07/16
LOWEST             60   07/06        68      -8       63  07/26
AVG. MAXIMUM     89.8              89.7     0.1     88.9
AVG. MINIMUM     69.3              68.9     0.4     72.1
MEAN             79.5              79.3     0.2     80.5
DAYS MAX >= 90     14              15.9    -1.9       16
DAYS MAX <= 32      0               0.0     0.0        0
DAYS MIN <= 32      0               0.0     0.0        0
DAYS MIN <= 0       0               0.0     0.0        0

PRECIPITATION (INCHES)
RECORD
 MAXIMUM        18.87   1945
 MINIMUM         0.51   1983
TOTALS           2.63              4.51   -1.88     5.88
DAILY AVG.       0.08              0.15   -0.07     0.19
DAYS >= .01         8              11.4    -3.4       14
DAYS >= .10         4               7.3    -3.3       12
DAYS >= .50         1               3.0    -2.0        3
DAYS >= 1.00        1               1.3    -0.3        2
GREATEST
 24 HR. TOTAL    1.99   07/24 TO 07/24

DEGREE_DAYS
HEATING TOTAL       0
 SINCE 7/1          0                 0       0        0
COOLING TOTAL     459               443      16      490
 SINCE 1/1       1022               919     103     1061
.................................................................

WIND (MPH)
AVERAGE WIND SPEED              7.6
HIGHEST WIND SPEED/DIRECTION    26/330    DATE  07/04
HIGHEST GUST SPEED/DIRECTION    33/310    DATE  07/04

SKY COVER
POSSIBLE SUNSHINE (PERCENT)   MM
AVERAGE SKY COVER           0.60

AVERAGE RH (PERCENT)     63

WEATHER CONDITIONS. NUMBER OF DAYS WITH
THUNDERSTORM              4     MIXED PRECIP               0
HEAVY RAIN                1     RAIN                       3
LIGHT RAIN                8     FREEZING RAIN              0
LT FREEZING RAIN          0     HAIL                       0
HEAVY SNOW                0     SNOW                       0
LIGHT SNOW                0     SLEET                      0
FOG                      12     FOG W/VIS <= 1/4 MILE      2
HAZE                      6

-  INDICATES NEGATIVE NUMBERS.
R  INDICATES RECORD WAS SET OR TIED.
MM INDICATES DATA IS MISSING.
T  INDICATES TRACE AMOUNT.

$$
