000
CXUS56 KSGX 012255
CLMRNM


CLIMATE REPORT
NATIONAL WEATHER SERVICE SAN DIEGO, CA
355 PM PDT WED NOV 1 2017

...................................

...THE RAMONA AIRPORT CA CLIMATE SUMMARY FOR THE MONTH OF OCTOBER 2017...

CLIMATE NORMAL PERIOD 1981 TO 2010
CLIMATE RECORD PERIOD 1974 TO 2017

WEATHER         OBSERVED          NORMAL  DEPART  LAST YEAR`S
                 VALUE   DATE(S)  VALUE   FROM    VALUE  DATE(S)
                                          NORMAL
................................................................
TEMPERATURE (F)
RECORD
 HIGH             105   10/01/1980
 LOW               31   10/29/2009
                        10/29/1996
                        10/30/1976
HIGHEST           101   10/23        81      20       96  10/20
LOWEST             40   10/08        48      -8       42  10/22
                                                          10/13
                                                          10/07
AVG. MAXIMUM     86.0              79.2     6.8     82.3
AVG. MINIMUM     49.0              47.6     1.4     47.8
MEAN             67.5              63.4     4.1     65.1
DAYS MAX >= 90     12               4.4     7.6        7
DAYS MAX <= 32      0               0.0     0.0        0
DAYS MAX >= 100     2                                  0
DAYS MAX >= 110     0                                  0
DAYS MIN <= 32      0               0.1    -0.1        0
DAYS MIN <= 0       0               0.0     0.0        0

PRECIPITATION (INCHES)
RECORD
 MAXIMUM         3.27   2010
 MINIMUM         0.00   2003
                        1999
                        1995
TOTALS              T              0.72   -0.72     0.18
DAILY AVG.          T              0.02   -0.02     0.01
DAYS >= .01         0                MM      MM        3
DAYS >= .10         0                MM      MM        1
DAYS >= .50         0                MM      MM        0
DAYS >= 1.00        0                MM      MM        0
DAYS >= 1.50        0                                  0
DAYS >= 2.00        0                                  0
GREATEST
 24 HR. TOTAL       T   10/20 TO 10/20           10/24 TO 10/24
                                                          10/31 TO 10/31
                                                          10/31 TO 10/31
 STORM TOTAL       MM                                 MM
 (MM/DD(HH))            MM                    10/24(00) TO 10/24(00)
                                                 10/31(00) TO 10/31(00)1
                                                 10/31(00) TO 10/31(00)1

DEGREE_DAYS
HEATING TOTAL      29               101     -72       42
 SINCE 7/1         43               119     -76       50
COOLING TOTAL     117                51      66       51
 SINCE 1/1       1254               844     410     1002

FREEZE DATES
RECORD
 EARLIEST     10/10/1974
 LATEST       05/07/1975
EARLIEST                        11/24
LATEST                          03/25
..................................................

WIND (MPH)
AVERAGE WIND SPEED              4.6
RESULTANT WIND SPEED/DIRECTION   1/296
HIGHEST WIND SPEED/DIRECTION    25/070    DATE  10/24
HIGHEST GUST SPEED/DIRECTION    33/070    DATE  10/24

SKY COVER
POSSIBLE SUNSHINE (PERCENT)   MM
AVERAGE SKY COVER           0.20
NUMBER OF DAYS FAIR           22
NUMBER OF DAYS PC              6
NUMBER OF DAYS CLOUDY          3

AVERAGE RH (PERCENT)     52

WEATHER CONDITIONS. NUMBER OF DAYS WITH
THUNDERSTORM              0     MIXED PRECIP               0
HEAVY RAIN                0     RAIN                       0
LIGHT RAIN                1     FREEZING RAIN              0
LT FREEZING RAIN          0     HAIL                       0
HEAVY SNOW                0     SNOW                       0
LIGHT SNOW                0     SLEET                      0
FOG                      14     FOG W/VIS <= 1/4 MILE      8
HAZE                      2

-  INDICATES NEGATIVE NUMBERS.
R  INDICATES RECORD WAS SET OR TIED.
MM INDICATES DATA IS MISSING.
T  INDICATES TRACE AMOUNT.

$$
