000
CXUS55 KREV 010948 RRA
CLMRNO

CLIMATE REPORT
NATIONAL WEATHER SERVICE RENO NV
224 AM PDT FRI SEP 1 2017

...................................

...THE RENO-TAHOE INTL AIRPORT NV CLIMATE SUMMARY FOR THE MONTH OF
AUGUST 2017...


THE AVERAGE TEMPERATURE FOR AUGUST 2017 AT THE RENO-TAHOE
INTERNATIONAL AIRPORT WAS 78.7 DEGREES WHICH IS 5.5 DEGREES ABOVE
NORMAL. THE HIGHEST TEMPERATURE FOR AUGUST WAS 104 DEGREES WHICH
OCCURRED ON THE 2ND. THE LOWEST TEMPERATURE FOR THE MONTH WAS 56
DEGREES WHICH WAS RECORDED ON THE 23RD.

FOR AUGUST 2017 0.16 INCHES OF PRECIPITATION WAS RECORDED AT THE
RENO-TAHOE INTERNATIONAL AIRPORT. THIS IS 0.07 INCHES BELOW NORMAL.

THE AVERAGE WIND SPEED FOR THE MONTH WAS 5.8 MPH. THE PEAK WIND GUST
FOR THE MONTH WAS 47 MPH FROM THE SOUTH-SOUTHWEST WHICH OCCURRED ON
THE 19TH.


CLIMATE NORMAL PERIOD 1981 TO 2010
CLIMATE RECORD PERIOD 1888 TO 2017

WEATHER         OBSERVED          NORMAL  DEPART
                 VALUE   DATE(S)  VALUE   FROM
                                          NORMAL
................................................
TEMPERATURE (F)
RECORD
 HIGH             105   08/06/1983
                        08/11/1940
 LOW               24   08/29/1962
HIGHEST           104   08/02       105      -1
LOWEST             56   08/23        24      32
AVG. MAXIMUM     94.5              90.6     3.9
AVG. MINIMUM     63.0              55.8     7.2
MEAN             78.7              73.2     5.5
DAYS MAX >= 90     28              18.0    10.0
DAYS MAX <= 32      0               0.0     0.0
DAYS MIN <= 32      0               0.0     0.0
DAYS MIN <= 0       0               0.0     0.0

PRECIPITATION (INCHES)
RECORD
 MAXIMUM         1.65   1965
 MINIMUM         0.00   1994
TOTALS           0.16              0.23   -0.07
DAILY AVG.       0.01              0.01    0.00
DAYS >= .01         4               1.8     2.2
DAYS >= .10         0               0.7    -0.7
DAYS >= .50         0               0.1    -0.1
DAYS >= 1.00        0               0.0     0.0
GREATEST
 24 HR. TOTAL    0.09   08/06 TO 08/06
 STORM TOTAL       MM
 (MM/DD(HH))            MM

SNOWFALL (INCHES)
RECORDS
 TOTAL              T   2013
 24 HR TOTAL       MM
TOTALS            0.0               0.0     0.0
 LIQUID EQUIV    0.00              0.00    0.00
SINCE 7/1         0.0               0.0     0.0
 LIQUID 7/1      0.00
DAYS >= TRACE       0               0.0     0.0
DAYS >= 1.0         0               0.0     0.0
GREATEST
 SNOW DEPTH         0   MM
 24 HR TOTAL      0.0   08/31 TO 08/31
 STORM TOTAL       MM
 (MM/DD(HH))            MM

DEGREE_DAYS
HEATING TOTAL       0                 5      -5
 SINCE 7/1          0                10     -10
COOLING TOTAL     432               259     173
 SINCE 1/1       1250               746     504

FREEZE DATES
RECORD
 EARLIEST     08/23/1973
 LATEST       06/27/1974
EARLIEST                        10/03
LATEST                          05/21
.................................................

WIND (MPH)
AVERAGE WIND SPEED              5.8
HIGHEST WIND SPEED/DIRECTION    41/180    DATE  08/05
HIGHEST GUST SPEED/DIRECTION    47/210    DATE  08/19

AVERAGE RH (PERCENT)     34

WEATHER CONDITIONS. NUMBER OF DAYS WITH
THUNDERSTORM              0     MIXED PRECIP               0
HEAVY RAIN                0     RAIN                       0
LIGHT RAIN                6     FREEZING RAIN              0
LT FREEZING RAIN          0     HAIL                       0
HEAVY SNOW                0     SNOW                       0
LIGHT SNOW                0     SLEET                      0
FOG                       0     FOG W/VIS <= 1/4 MILE      0
HAZE                      1

-  INDICATES NEGATIVE NUMBERS.
R  INDICATES RECORD WAS SET OR TIED.
MM INDICATES DATA IS MISSING.
T  INDICATES TRACE AMOUNT.

$$
