000
CXUS52 KCHS 011850
CLMSAV

CLIMATE REPORT
NATIONAL WEATHER SERVICE CHARLESTON SC
240 PM EDT FRI JUL 1 2016

...................................

...THE SAVANNAH GA CLIMATE SUMMARY FOR THE MONTH OF JUNE 2016...

CLIMATE NORMAL PERIOD 1981 TO 2010
CLIMATE RECORD PERIOD 1871 TO 2016

WEATHER         OBSERVED          NORMAL  DEPART  LAST YEAR`S
                 VALUE   DATE(S)  VALUE   FROM    VALUE  DATE(S)
                                          NORMAL
................................................................
TEMPERATURE (F)
RECORD
 HIGH             104   06/02/1985
 LOW               49   06/12/1913
HIGHEST            99   06/25                         99  06/17
                        06/17                             06/16
LOWEST             65   06/21                         65  06/01
                        06/20
AVG. MAXIMUM     91.9              89.9     2.0     91.8
AVG. MINIMUM     72.2              69.8     2.4     71.4
MEAN             82.1              79.8     2.3     81.6
DAYS MAX >= 90     24              15.6     8.4       19
DAYS MAX <= 32      0               0.0     0.0        0
DAYS MIN <= 32      0               0.0     0.0        0
DAYS MIN <= 0       0               0.0     0.0        0

PRECIPITATION (INCHES)
RECORD
 MAXIMUM        18.79   1876
 MINIMUM         0.84   1954
TOTALS           6.96              5.95    1.01     5.63
DAYS >= .01        10              11.9    -1.9       12
DAYS >= .10         6               8.4    -2.4        7
DAYS >= .50         3               3.5    -0.5        3
DAYS >= 1.00        3               1.7     1.3        2
GREATEST
 24 HR. TOTAL    2.59   06/06 TO 06/07

DEGREE_DAYS
HEATING TOTAL       0                 0       0        0
 SINCE 7/1       1215              1812    -597
COOLING TOTAL     516               446      70      506
 SINCE 1/1       1044               849     195
.................................................................

WIND (MPH)
AVERAGE WIND SPEED              7.2
HIGHEST WIND SPEED/DIRECTION    39/360
HIGHEST GUST SPEED/DIRECTION    47/010


WEATHER CONDITIONS. NUMBER OF DAYS WITH
THUNDERSTORM             10     MIXED PRECIP               0
HEAVY RAIN                4     RAIN                       6
LIGHT RAIN               12     FREEZING RAIN              0
LT FREEZING RAIN          0     HAIL                       1
HEAVY SNOW                0     SNOW                       0
LIGHT SNOW                0     SLEET                      0
FOG                      14     FOG W/VIS <= 1/4 MILE      1
HAZE                      2

-  INDICATES NEGATIVE NUMBERS.
R  INDICATES RECORD WAS SET OR TIED.
MM INDICATES DATA IS MISSING.
T  INDICATES TRACE AMOUNT.

&&

NO RECORDS WERE ESTABLISHED AT THE SAVANNAH INTERNATIONAL AIRPORT THIS MONTH.

$$
