000
CXUS46 KLOX 011644
CLMSBA


CLIMATE REPORT
NATIONAL WEATHER SERVICE LOS ANGELES/OXNARD CA
943 AM PDT SAT OCT 1 2016

...................................

...THE SANTA BARBARA AIRPORT CA CLIMATE SUMMARY FOR THE MONTH OF SEPTEMBER 2016...

CLIMATE NORMAL PERIOD 1981 TO 2010
CLIMATE RECORD PERIOD 1940 TO 2016

WEATHER         OBSERVED          NORMAL  DEPART  LAST YEAR`S
                 VALUE   DATE(S)  VALUE   FROM    VALUE
                                          NORMAL
.............................................................
TEMPERATURE (F)
HIGHEST           101   09/26
LOWEST             48   09/22
                        09/14
AVG. MAXIMUM     76.9              74.2     2.7
AVG. MINIMUM     55.4              55.8    -0.4
MEAN             66.2              65.0     1.2
DAYS MAX >= 90      3
DAYS MAX <= 32      0
DAYS MIN <= 32      0
DAYS MIN <= 0       0

PRECIPITATION (INCHES)
TOTALS           0.01              0.26   -0.25
DAILY AVG.       0.00
DAYS >= .01         1
DAYS >= .10         0
DAYS >= .50         0
DAYS >= 1.00        0
GREATEST
 24 HR. TOTAL    0.01   09/03 TO 09/03
                        09/02 TO 09/03
                        09/03 TO 09/03

DEGREE_DAYS
HEATING TOTAL      36                44      -8        0
 SINCE 7/1         58                95     -37        0
COOLING TOTAL      77                44      33      214
 SINCE 1/1        225               171      54      592
..............................................................

WIND (MPH)
AVERAGE WIND SPEED              5.7
HIGHEST WIND SPEED/DIRECTION    31/330    DATE  09/22
HIGHEST GUST SPEED/DIRECTION    40/330    DATE  09/22

SKY COVER
POSSIBLE SUNSHINE (PERCENT)   MM
AVERAGE SKY COVER           0.20
NUMBER OF DAYS FAIR           19
NUMBER OF DAYS PC             10
NUMBER OF DAYS CLOUDY          1

AVERAGE RH (PERCENT)     73

WEATHER CONDITIONS. NUMBER OF DAYS WITH
THUNDERSTORM              0     MIXED PRECIP               0
HEAVY RAIN                0     RAIN                       0
LIGHT RAIN                1     FREEZING RAIN              0
LT FREEZING RAIN          0     HAIL                       0
HEAVY SNOW                0     SNOW                       0
LIGHT SNOW                0     SLEET                      0
FOG                      12     FOG W/VIS <= 1/4 MILE      4
HAZE                      6

-  INDICATES NEGATIVE NUMBERS.
R  INDICATES RECORD WAS SET OR TIED.
MM INDICATES DATA IS MISSING.
T  INDICATES TRACE AMOUNT.

$$
