000
CXUS53 KIWX 012221
CLMSBN

INDCLMSBN 000
TTAA00 KIWX 012152


CLIMATE REPORT
NATIONAL WEATHER SERVICE NORTHERN INDIANA
550 PM EDT SAT JUL 1 2017

...................................

...THE SOUTH BEND CLIMATE SUMMARY FOR THE MONTH OF JUNE 2017...

CLIMATE NORMAL PERIOD 1981 TO 2010
CLIMATE RECORD PERIOD 1893 TO 2017

WEATHER         OBSERVED          NORMAL  DEPART  LAST YEAR`S
                 VALUE   DATE(S)  VALUE   FROM    VALUE  DATE(S)
                                          NORMAL
................................................................
TEMPERATURE (F)
RECORD
 HIGH             106   06/01/1934
 LOW               35   06/11/1972
                        06/02/1956
                        06/16/1917
HIGHEST            92   06/12        MM      MM       93  06/20
                                                          06/11
LOWEST             46   06/01        MM      MM       44  06/09
AVG. MAXIMUM     81.1              79.4     1.7     81.1
AVG. MINIMUM     58.4              58.7    -0.3     57.7
MEAN             69.8              69.1     0.7
DAYS MAX >= 90      3               2.4     0.6        4
DAYS MAX <= 32      0               0.0     0.0        0
DAYS MIN <= 32      0               0.0     0.0        0
DAYS MIN <= 0       0               0.0     0.0        0

PRECIPITATION (INCHES)
RECORD
 MAXIMUM        10.86   1993
 MINIMUM         0.48   1988
TOTALS           2.42              3.79   -1.37     3.25
DAILY AVG.       0.08              0.13   -0.05     0.11
DAYS >= .01        14              10.3     3.7        8
DAYS >= .10         8               6.8     1.2        5
DAYS >= .50         2               2.4    -0.4        2
DAYS >= 1.00        0               0.9    -0.9        2
GREATEST
 24 HR. TOTAL    0.52   06/29 TO 06/29

SNOWFALL (INCHES)
RECORDS
 TOTAL             MM   MM
TOTALS            0.0               0.0     0.0      0.0
SINCE 7/1        42.2              66.6   -24.4     70.2
SNOWDEPTH AVG.      0                MM      MM        0
DAYS >= 1.0         0               0.0     0.0        0
GREATEST
 SNOW DEPTH         0   MM
 24 HR TOTAL      0.0   06/30 TO 06/30

DEGREE_DAYS
HEATING TOTAL      25                44     -19       35
 SINCE 7/1       5527              6298    -771     5640
COOLING TOTAL     173               165       8      176
 SINCE 1/1        213               221      -8      245
.................................................................

WIND (MPH)
AVERAGE WIND SPEED              8.7
HIGHEST WIND SPEED/DIRECTION    29/230    DATE  06/14
HIGHEST GUST SPEED/DIRECTION    40/250    DATE  06/14

SKY COVER
POSSIBLE SUNSHINE (PERCENT)   MM
AVERAGE SKY COVER           0.20
NUMBER OF DAYS FAIR           22
NUMBER OF DAYS PC              8
NUMBER OF DAYS CLOUDY          0

AVERAGE RH (PERCENT)     66

WEATHER CONDITIONS. NUMBER OF DAYS WITH
THUNDERSTORM              0     MIXED PRECIP               0
HEAVY RAIN                5     RAIN                       6
LIGHT RAIN               13     FREEZING RAIN              0
LT FREEZING RAIN          0     HAIL                       0
HEAVY SNOW                0     SNOW                       0
LIGHT SNOW                0     SLEET                      0
FOG                       8     FOG W/VIS <= 1/4 MILE      1
HAZE                      2

-  INDICATES NEGATIVE NUMBERS.
R  INDICATES RECORD WAS SET OR TIED.
MM INDICATES DATA IS MISSING.
T  INDICATES TRACE AMOUNT.

&&

...A DRY JUNE WITH NEAR NORMAL TEMPERATURES...

JUNE BEGAN RATHER DRY WITH LESS THAN MEASURABLE PRECIPITATION
OCCCURRING ON THE FIRST 7 DAYS AND 0 OF THE FIRST 28 DAYS RECORDING
0.50 INCH OR GREATER OF RAIN. JUNE ALSO BEGAN WITH COOL TEMPERATURES
WITH 5 OF THE FIRST 8 DAYS HAVING BELOW NORMAL AVERAGE TEMPS.
HOWEVER, THE FOLLOWING 10 DAYS, FROM THE 9TH TO THE 18TH, HAD ABOVE
NORMAL TEMPS WITH 7 OF THOSE DAYS HAVING AVERAGE TEMPS OF 10 DEGREES
OR MORE ABOVE NORMAL. THAT 10 DAY PERIOD HAD 5 OF THE 6 DAYS OF THE
FIRST HALF OF THE MONTH WITH PRECIPITATION TOTALLING 0.10 INCH OR
GREATER INDICATING A WETTER PERIOD. THE PERIOD FROM THE 19TH TO THE
30TH WAS GENERALLY A COOLER PERIOD WITH 7 DAYS OF BELOW NORMAL
TEMPERATURES, 3 DAYS OF ABOVE NORMAL TEMPERATURES AND 1 DAY OF
AVERAGE TEMPERATURES. THIS PERIOD ALSO CONTAINED THE 2 DAYS WITH THE
HIGHEST DAILY PRECIP TOTALS FOR THIS MONTH SO IT ENDED ON A RATHER
WET NOTE. IN TERMS OF CROP CONDITIONS, EARLY MONTH DRINESS RESULTED
IN REDUCED TOPSOIL MOISTURE FOR CROP DEVELOPMENT, BUT MID MONTH
SHOWERS AND STORMS HELPED TO IMPROVE TOPSOIL MOISTURE AND RECOVER
CROP CONDITIONS.

THE AVERAGE MONTHLY TEMPERATURE WAS 69.8...0.7 DEGREES ABOVE NORMAL.
THIS RANKED AS THE 51ST WARMEST JUNE ON RECORD. THE HIGHEST
TEMPERATURE WAS 92 ON THE 12TH AND THE COOLEST TEMPERATURE WAS 46 ON
THE 1ST. THERE WERE 9 DAYS WITH AN AVERAGE TEMPERATURE DEPARTURE OF
5 DEGREES OR GREATER, AND THERE WERE 5 DAYS WITH AVERAGE TEMPERATURE
DEPARTURE OF -5 DEGREES OR LESS.

MONTHLY PRECIPITATION TOTALLED 2.42 INCHES...1.37 INCHES BELOW
NORMAL. THIS RANKED AS THE 37TH DRIEST JUNE ON RECORD. MEASURABLE
PRECIPITATION FELL ON 14 DAYS BUT ONLY 4 DAYS RECEIVED GREATER THAN
0.24 INCH OF RAIN. THE LARGEST AMOUNT OF PRECIPITATION THIS JUNE
FELL ON THE 29TH WITH 0.52 INCH. INCIDENTALLY, THE NEXT DAY, THE
30TH, CAME WITHIN 0.01 INCH OF TYING THAT AMOUNT.

$$
