000
CXUS53 KIWX 011402
CLMSBN

CLIMATE REPORT
NATIONAL WEATHER SERVICE NORTHERN INDIANA
957 AM EDT FRI SEP 1 2017

...................................

...THE SOUTH BEND CLIMATE SUMMARY FOR THE MONTH OF AUGUST 2017...

CLIMATE NORMAL PERIOD 1981 TO 2010
CLIMATE RECORD PERIOD 1893 TO 2017

WEATHER         OBSERVED          NORMAL  DEPART  LAST YEAR`S
                 VALUE   DATE(S)  VALUE   FROM    VALUE  DATE(S)
                                          NORMAL
................................................................
TEMPERATURE (F)
RECORD
 HIGH             105   08/09/1934
 LOW               40   08/29/1965
                        08/02/1927
                        08/31/1911
HIGHEST            88   08/16        MM      MM       93  08/11
LOWEST             45   08/25        MM      MM       55  08/22
AVG. MAXIMUM     78.6              80.9    -2.3     83.6
AVG. MINIMUM     57.4              61.7    -4.3     64.9
MEAN             68.0              71.3    -3.3
DAYS MAX >= 90      0               2.1    -2.1        5
DAYS MAX <= 32      0               0.0     0.0        0
DAYS MIN <= 32      0               0.0     0.0        0
DAYS MIN <= 0       0               0.0     0.0        0

PRECIPITATION (INCHES)
RECORD
 MAXIMUM        12.81   2016
 MINIMUM         0.32   1950
TOTALS           2.19              3.76   -1.57    12.81
DAILY AVG.       0.07              0.12   -0.05     0.41
DAYS >= .01         7               9.9    -2.9       12
DAYS >= .10         5               6.3    -1.3        9
DAYS >= .50         2               2.8    -0.8        5
DAYS >= 1.00        0               1.0    -1.0        3
GREATEST
 24 HR. TOTAL    0.88   08/03 TO 08/03

SNOWFALL (INCHES)
RECORDS
 TOTAL            0.0   MM
TOTALS            0.0               0.0     0.0      0.0
SINCE 7/1         0.0               0.0     0.0      0.0
SNOWDEPTH AVG.      0                MM      MM        0
DAYS >= 1.0         0               0.0     0.0        0
GREATEST
 SNOW DEPTH         0   MM
 24 HR TOTAL      0.0   08/31 TO 08/31

DEGREE_DAYS
HEATING TOTAL      20                13       7        0
 SINCE 7/1         21                18       3        8
COOLING TOTAL     119               208     -89      294
 SINCE 1/1        552               682    -130      809
.................................................................

WIND (MPH)
AVERAGE WIND SPEED              6.1
HIGHEST WIND SPEED/DIRECTION    26/280    DATE  08/10
HIGHEST GUST SPEED/DIRECTION    36/200    DATE  08/03

SKY COVER
POSSIBLE SUNSHINE (PERCENT)   MM
AVERAGE SKY COVER           0.30
NUMBER OF DAYS FAIR           20
NUMBER OF DAYS PC             10
NUMBER OF DAYS CLOUDY          1

AVERAGE RH (PERCENT)     76

WEATHER CONDITIONS. NUMBER OF DAYS WITH
THUNDERSTORM              5     MIXED PRECIP               0
HEAVY RAIN                3     RAIN                       3
LIGHT RAIN               10     FREEZING RAIN              0
LT FREEZING RAIN          0     HAIL                       0
HEAVY SNOW                0     SNOW                       0
LIGHT SNOW                0     SLEET                      0
FOG                       8     FOG W/VIS <= 1/4 MILE      2
HAZE                      0

-  INDICATES NEGATIVE NUMBERS.
R  INDICATES RECORD WAS SET OR TIED.
MM INDICATES DATA IS MISSING.
T  INDICATES TRACE AMOUNT.

&&

...RELATIVELY COOL AND DRY AUGUST IN SOUTH BEND AREA...

IT WAS ANOTHER RELATIVELY COOL AND DRY SUMMER MONTH AT SOUTH BEND.
THE AVERAGE MONTHLY TEMPERATURE WAS MORE THAN 3 DEGREES BELOW NORMAL
AND PRECIPITATION WAS MORE THAN AN INCH BELOW NORMAL. THE
COMBINATION OF DRY AND RELATIVELY COOL WEATHER DID MAKE FOR A
COMFORTABLE MONTH WITH ONLY A FEW WARM AND MUGGY DAYS.

THERE WERE JUST 7 DAYS DURING AUGUST WITH AN AVERAGE TEMPERATURE
ABOVE NORMAL AND THERE WAS ONLY ONE DAY, THE 21ST, WITH AN AVERAGE
TEMPERATURE MORE THAN 5 DEGREES ABOVE NORMAL. THE REMAINING 24 DAYS
OF AUGUST SAW 3 DAYS WITH NORMAL AVERAGE TEMPERATURES AND 21 DAYS
WITH BELOW NORMAL TEMPERATURES. THE LAST 10 DAYS OF THE MONTH WERE
ALL BELOW NORMAL AND THERE WAS A STRETCH OF 11 STRAIGHT DAYS FROM
THE 4TH TO THE 14TH WITH BELOW NORMAL TEMPERATURES.

DESPITE ALL OF THE BELOW NORMAL TEMPERATURES...AUGUST OF 2017 WAS
JUST THE 13TH COOLEST AUGUST ON RECORD AT SOUTH BEND WITH AN AVERAGE
TEMPERATURE OF 68.0. THIS WAS 3.3 DEGREES BELOW NORMAL. THE COOLEST
AUGUST ON RECORD WAS 1915 WITH AN AVERAGE TEMPERATURE OF 65.5. THE
HIGHEST TEMPERATURE THIS AUGUST WAS 88 ON THE 16TH. ONLY 7 OTHER
AUGUST MONTHS HAVE HAD COOLER MONTHLY MAXIMUM TEMPERATURES AND THERE
HAVE BEEN 19 MONTHS OF AUGUST WHERE THE HIGH TEMPERATURE DID NOT
REACH 90 DEGREES. THE COOLEST TEMPERATURE WAS 45 ON THE 25TH. THIS
RANKED AS THE 25TH COOLEST AUGUST TEMPERATURE ON RECORD. THE RECORD
COOLEST AUGUST TEMPERATURE IS 40 SET IN 1911, 1927 AND 1965.

PRECIPITATION FOR THE MONTH WAS JUST 2.19 INCHES, 1.57 INCHES BELOW
NORMAL. THIS RANKED AS THE 30TH DRIEST AUGUST ON RECORD. THE YEAR
1950 HOLDS THE RECORD FOR THE DRIEST AUGUST WITH JUST 0.32 INCHES OF
PRECIPITATION. AUGUST 2017 HAD JUST 7 DAYS WITH MEASURABLE
PRECIPITATION. NEARLY HALF OF THE MONTHLY RAINFALL FELL ON THE 3RD
AND 4TH WITH A COMBINED 1.06 INCHES BEING RECORDED.

$$
LASHLEY
