000
CXUS51 KAKQ 011336
CLMSBY


CLIMATE REPORT
NATIONAL WEATHER SERVICE WAKEFIELD, VA
935 AM EDT MON SEP 1 2014

...................................

...THE SALISBURY MD CLIMATE SUMMARY FOR THE MONTH OF AUGUST 2014...

CLIMATE NORMAL PERIOD 1981 TO 2010
CLIMATE RECORD PERIOD 1900 TO 2014

WEATHER         OBSERVED          NORMAL  DEPART  LAST YEAR`S
                 VALUE   DATE(S)  VALUE   FROM    VALUE  DATE(S)
                                          NORMAL
................................................................
TEMPERATURE (F)
RECORD
 HIGH             106   08/07/1918
 LOW               45   08/30/1986
                        08/29/1986
                        08/24/1952
HIGHEST            93   08/31        88       5       91  08/27
                                                          08/09
LOWEST             58   08/30        63      -5       54  08/16
                        08/29
                        08/11
AVG. MAXIMUM     84.6              84.4     0.2     84.0
AVG. MINIMUM     64.7              65.4    -0.7     66.9
MEAN             74.6              74.9    -0.3     75.4
DAYS MAX >= 90      2               4.4    -2.4        3
DAYS MAX <= 32      0               0.0     0.0        0
DAYS MIN <= 32      0               0.0     0.0        0
DAYS MIN <= 0       0               0.0     0.0        0

PRECIPITATION (INCHES)
RECORD
 MAXIMUM        13.03   1933
 MINIMUM         0.36   1966
TOTALS           4.34              4.43   -0.09     7.30
DAILY AVG.       0.14              0.14    0.00     0.24
DAYS >= .01         9               8.8     0.2        8
DAYS >= .10         6               5.9     0.1        6
DAYS >= .50         4               2.8     1.2        3
DAYS >= 1.00        1               1.4    -0.4        1
GREATEST
 24 HR. TOTAL    2.52   08/01 TO 08/02

DEGREE_DAYS
HEATING TOTAL       0                 1      -1        0
 SINCE 7/1          0                 2      -2        0
COOLING TOTAL     304               308      -4      333
 SINCE 1/1       1122               983     139     1363
.................................................................

WIND (MPH)
AVERAGE WIND SPEED              4.6
HIGHEST WIND SPEED/DIRECTION    23/040    DATE  08/24
HIGHEST GUST SPEED/DIRECTION    30/090    DATE  08/26

SKY COVER
POSSIBLE SUNSHINE (PERCENT)   MM
AVERAGE SKY COVER           0.30

AVERAGE RH (PERCENT)     69

WEATHER CONDITIONS. NUMBER OF DAYS WITH
THUNDERSTORM              0     MIXED PRECIP               0
HEAVY RAIN                6     RAIN                       7
LIGHT RAIN                8     FREEZING RAIN              0
LT FREEZING RAIN          0     HAIL                       0
HEAVY SNOW                0     SNOW                       0
LIGHT SNOW                0     SLEET                      0
FOG                      19     FOG W/VIS <= 1/4 MILE      2
HAZE                     11

-  INDICATES NEGATIVE NUMBERS.
R  INDICATES RECORD WAS SET OR TIED.
MM INDICATES DATA IS MISSING.
T  INDICATES TRACE AMOUNT.

$$
