000
CXUS56 KOTX 011226
CLMSFF


CLIMATE REPORT
NATIONAL WEATHER SERVICE SPOKANE, WA
526 AM PDT FRI APR 1 2016

...................................

...THE SPOKANE WA FELTS AIRPORT CLIMATE SUMMARY FOR THE MONTH OF MARCH 2016...

CLIMATE NORMAL PERIOD 1981 TO 2010
CLIMATE RECORD PERIOD 9999 TO 9999

WEATHER         OBSERVED          NORMAL  DEPART  LAST YEAR`S
                 VALUE   DATE(S)  VALUE   FROM    VALUE  DATE(S)
                                          NORMAL
................................................................
TEMPERATURE (F)
RECORD
 HIGH              MM   MM
 LOW               MM   MM
HIGHEST            67   03/31        MM      MM       74  03/27
LOWEST             25   03/18        MM      MM       17  03/03
AVG. MAXIMUM     53.7              50.5     3.2     58.1
AVG. MINIMUM     34.5              31.1     3.4     34.5
MEAN             44.1              40.8     3.3     46.3
DAYS MAX >= 90      0               0.0     0.0        0
DAYS MAX <= 32      0               0.3    -0.3        0
DAYS MIN <= 32     10              17.1    -7.1       10
DAYS MIN <= 0       0               0.0     0.0        0

PRECIPITATION (INCHES)
RECORD
 MAXIMUM           MM   MM
 MINIMUM           MM   MM
TOTALS           3.22              1.57    1.65     2.50
DAILY AVG.       0.10              0.05    0.05     0.08
DAYS >= .01        19                MM      MM       12
DAYS >= .10        13                MM      MM        7
DAYS >= .50         0                MM      MM        1
DAYS >= 1.00        0                MM      MM        1
GREATEST
 24 HR. TOTAL    0.65   03/21 TO 03/22           03/15 TO 03/15
                                                          03/15 TO 03/15
                                                          03/15 TO 03/15

SNOWFALL (INCHES)
RECORDS
 TOTAL             MM   MM
TOTALS             MM                MM      MM       MM
SINCE 7/1          MM                MM      MM       MM
SNOWDEPTH AVG.     MM                MM      MM       MM
DAYS >= 1.0         0                MM      MM        0
GREATEST
 SNOW DEPTH        MM                                 MM  MM
 24 HR TOTAL       MM                                 MM

DEGREE_DAYS
HEATING TOTAL     643               750    -107      573
 SINCE 7/1       4548              5321    -773     4391
COOLING TOTAL       0                 0       0        0
 SINCE 1/1          0                 0       0        0
......................................................

WIND (MPH)
AVERAGE WIND SPEED              5.8
HIGHEST WIND SPEED/DIRECTION    29/220    DATE  03/12
HIGHEST GUST SPEED/DIRECTION    37/260    DATE  03/24

SKY COVER
POSSIBLE SUNSHINE (PERCENT)   MM
AVERAGE SKY COVER           0.60
NUMBER OF DAYS FAIR            8
NUMBER OF DAYS PC             15
NUMBER OF DAYS CLOUDY          8

AVERAGE RH (PERCENT)     67

WEATHER CONDITIONS. NUMBER OF DAYS WITH
THUNDERSTORM              0     MIXED PRECIP               0
HEAVY RAIN                2     RAIN                       9
LIGHT RAIN               19     FREEZING RAIN              0
LT FREEZING RAIN          0     HAIL                       0
HEAVY SNOW                0     SNOW                       0
LIGHT SNOW                2     SLEET                      0
FOG                      14     FOG W/VIS <= 1/4 MILE      1
HAZE                      3

-  INDICATES NEGATIVE NUMBERS.
R  INDICATES RECORD WAS SET OR TIED.
MM INDICATES DATA IS MISSING.
T  INDICATES TRACE AMOUNT.

$$
