000
CXUS56 KOTX 020443 CCA
CLMSFF

CLIMATE REPORT
NATIONAL WEATHER SERVICE SPOKANE, WA
443 AM PDT SAT JUL 1 2017

...................................

...THE SPOKANE WA FELTS AIRPORT CLIMATE SUMMARY FOR THE MONTH OF JUNE 2017...

CLIMATE NORMAL PERIOD 1981 TO 2010
CLIMATE RECORD PERIOD 9999 TO 9999

WEATHER         OBSERVED          NORMAL  DEPART  LAST YEAR`S
                 VALUE   DATE(S)  VALUE   FROM    VALUE  DATE(S)
                                          NORMAL
................................................................
TEMPERATURE (F)
RECORD
 HIGH              MM   MM
 LOW               MM   MM
HIGHEST            96   06/25        MM      MM       97  06/06
LOWEST             43   06/11        MM      MM       41  06/17
                        06/05                             06/15
AVG. MAXIMUM     78.6              74.8     3.8     79.2
AVG. MINIMUM     51.0              50.0     1.0     51.6
MEAN             64.8              62.4     2.4     65.4
DAYS MAX >= 90      3               1.4     1.6        8
DAYS MAX <= 32      0               0.0     0.0        0
DAYS MIN <= 32      0               0.0     0.0        0
DAYS MIN <= 0       0               0.0     0.0        0

PRECIPITATION (INCHES)
RECORD
 MAXIMUM           MM   MM
 MINIMUM           MM   MM
TOTALS           1.00              1.37   -0.37     0.80
DAILY AVG.       0.03              0.05   -0.02     0.03
DAYS >= .01         9                MM      MM        7
DAYS >= .10         3                MM      MM        3
DAYS >= .50         0                MM      MM        0
DAYS >= 1.00        0                MM      MM        0
GREATEST
 24 HR. TOTAL    0.37   06/15 TO 06/15           06/10 TO 06/10

DEGREE_DAYS
HEATING TOTAL      70               118     -48       85
 SINCE 7/1       6113              6293    -180     5085
COOLING TOTAL      74                40      34      103
 SINCE 1/1        102                47      55      118
.................................................

WIND (MPH)
AVERAGE WIND SPEED              5.6
HIGHEST WIND SPEED/DIRECTION    28/240    DATE  06/08
HIGHEST GUST SPEED/DIRECTION    39/250    DATE  06/26

SKY COVER
POSSIBLE SUNSHINE (PERCENT)   MM
AVERAGE SKY COVER           0.20
NUMBER OF DAYS FAIR           20
NUMBER OF DAYS PC              9
NUMBER OF DAYS CLOUDY          1

AVERAGE RH (PERCENT)     58

WEATHER CONDITIONS. NUMBER OF DAYS WITH
THUNDERSTORM              4     MIXED PRECIP               0
HEAVY RAIN                2     RAIN                       3
LIGHT RAIN               11     FREEZING RAIN              0
LT FREEZING RAIN          0     HAIL                       0
HEAVY SNOW                0     SNOW                       0
LIGHT SNOW                0     SLEET                      0
FOG                       4     FOG W/VIS <= 1/4 MILE      0
HAZE                      2

-  INDICATES NEGATIVE NUMBERS.
R  INDICATES RECORD WAS SET OR TIED.
MM INDICATES DATA IS MISSING.
T  INDICATES TRACE AMOUNT.

$$
