000
CXUS53 KSGF 010700
CLMSGF


CLIMATE REPORT
NATIONAL WEATHER SERVICE SPRINGFIELD MO
1257 AM CST FRI DEC 1 2017

...................................

...THE SPRINGFIELD MO CLIMATE SUMMARY FOR THE MONTH OF NOVEMBER 2017...

CLIMATE NORMAL PERIOD 1981 TO 2010
CLIMATE RECORD PERIOD 1888 TO 2017

WEATHER         OBSERVED          NORMAL  DEPART
                 VALUE   DATE(S)  VALUE   FROM
                                          NORMAL
................................................
TEMPERATURE (F)
RECORD
 HIGH              83   11/09/2006
 LOW                4   11/17/1959
HIGHEST            82   11/02        57      25
LOWEST             20   11/22        36     -16
AVG. MAXIMUM     61.4              56.7     4.7
AVG. MINIMUM     38.6              35.4     3.2
MEAN             50.0              46.1     3.9
DAYS MAX >= 90      0               0.0     0.0
DAYS MAX <= 32      0               0.5    -0.5
DAYS MIN <= 32     10              11.8    -1.8
DAYS MIN <= 0       0               0.0     0.0

PRECIPITATION (INCHES)
RECORD
 MAXIMUM        12.24   1985
 MINIMUM         0.14   1910
TOTALS           0.37              4.22   -3.85
DAILY AVG.       0.01              0.14   -0.13
DAYS >= .01         5               9.4    -4.4
DAYS >= .10         1               5.9    -4.9
DAYS >= .50         0               2.6    -2.6
DAYS >= 1.00        0               1.3    -1.3
GREATEST
 24 HR. TOTAL    0.21   11/14 TO 11/14

SNOWFALL (INCHES)
TOTALS            0.0
SINCE 7/1         0.0
DAYS >= TRACE       0

DEGREE_DAYS
HEATING TOTAL     445               571    -126
 SINCE 7/1        684               879    -195
COOLING TOTAL       4                 2       2
 SINCE 1/1       1467              1389      78
.................................................

WIND (MPH)
AVERAGE WIND SPEED              10.2
HIGHEST WIND SPEED/DIRECTION    35/330    DATE  11/18
HIGHEST GUST SPEED/DIRECTION    44/330    DATE  11/18

SKY COVER
POSSIBLE SUNSHINE (PERCENT)   MM
AVERAGE SKY COVER           0.40
NUMBER OF DAYS FAIR           17
NUMBER OF DAYS PC              5
NUMBER OF DAYS CLOUDY          8

AVERAGE RH (PERCENT)     68

WEATHER CONDITIONS. NUMBER OF DAYS WITH
THUNDERSTORM              0     MIXED PRECIP               0
HEAVY RAIN                0     RAIN                       1
LIGHT RAIN                7     FREEZING RAIN              0
LT FREEZING RAIN          0     HAIL                       0
HEAVY SNOW                0     SNOW                       0
LIGHT SNOW                0     SLEET                      0
FOG                      13     FOG W/VIS <= 1/4 MILE      1
HAZE                      2

-  INDICATES NEGATIVE NUMBERS.
R  INDICATES RECORD WAS SET OR TIED.
MM INDICATES DATA IS MISSING.
T  INDICATES TRACE AMOUNT.

$$
