000
CXCA52 TJSJ 010447
CLMSJU


CLIMATE REPORT
NATIONAL WEATHER SERVICE SAN JUAN, PR
1245 AM AST THU DEC 1 2016

...................................

...THE SAN JUAN AREA/PR CLIMATE SUMMARY FOR THE MONTH OF NOVEMBER 2016...

CLIMATE NORMAL PERIOD 1981 TO 2010
CLIMATE RECORD PERIOD 1898 TO 2016

WEATHER         OBSERVED          NORMAL  DEPART  LAST YEAR`S
                 VALUE   DATE(S)  VALUE   FROM    VALUE  DATE(S)
                                          NORMAL
................................................................
TEMPERATURE (F)
RECORD
 HIGH              96   11/06/1981
 LOW               65   11/09/1898
HIGHEST            91   11/05        90       1       90  11/27
                        11/04                             11/24
LOWEST             70   11/28        70       0       72  11/29
AVG. MAXIMUM     86.6              85.9     0.7     86.8
AVG. MINIMUM     76.2              75.2     1.0     75.5
MEAN             81.4              80.6     0.8     81.2
DAYS MAX >= 90      3               1.3     1.7        2
DAYS MAX <= 32      0               0.0     0.0        0
DAYS MIN <= 32      0               0.0     0.0        0
DAYS MIN <= 0       0               0.0     0.0        0

PRECIPITATION (INCHES)
RECORD
 MAXIMUM        17.65   2016
 MINIMUM         1.48   1954
TOTALS          17.65              6.35   11.30     8.72
DAILY AVG.       0.59              0.22    0.37     0.29
DAYS >= .01        22              19.6     2.4       25
DAYS >= .10        17              12.4     4.6       13
DAYS >= .50        12               4.3     7.7        6
DAYS >= 1.00        6               1.3     4.7        3
GREATEST
 24 HR. TOTAL    4.81   11/20 TO 11/21

SNOWFALL (INCHES)
TOTALS            0.0               0.0     0.0      0.0

DEGREE_DAYS
HEATING TOTAL       0                 0       0        0
COOLING TOTAL     501               466      35      491
.................................................................

WIND (MPH)
AVERAGE WIND SPEED              5.0
HIGHEST WIND SPEED/DIRECTION    24/080    DATE  11/16
HIGHEST GUST SPEED/DIRECTION    32/090    DATE  11/24

SKY COVER
AVERAGE SKY COVER           0.50

AVERAGE RH (PERCENT)     81

WEATHER CONDITIONS. NUMBER OF DAYS WITH
THUNDERSTORM              0     MIXED PRECIP               0
HEAVY RAIN                6     RAIN                      12
LIGHT RAIN               21     FREEZING RAIN              0
LT FREEZING RAIN          0     HAIL                       0
HEAVY SNOW                0     SNOW                       0
LIGHT SNOW                0     SLEET                      0
FOG                      16     FOG W/VIS <= 1/4 MILE      0
HAZE                      4

-  INDICATES NEGATIVE NUMBERS.
R  INDICATES RECORD WAS SET OR TIED.
MM INDICATES DATA IS MISSING.
T  INDICATES TRACE AMOUNT.

$$
