000
CXUS45 KSLC 012042
CLMSLC

SLCCLMSLC 000
TTAA00 KSLC 012035

CLIMATE REPORT
NATIONAL WEATHER SERVICE SALT LAKE CITY UT
140 PM MST SUN MAR 1 2015

...................................

...THE SALT LAKE CITY UT CLIMATE SUMMARY FOR THE MONTH OF FEBRUARY 2015...

CLIMATE NORMAL PERIOD 1981 TO 2010
CLIMATE RECORD PERIOD 1874 TO 2015

WEATHER         OBSERVED          NORMAL  DEPART  LAST YEAR`S
                 VALUE   DATE(S)  VALUE   FROM    VALUE  DATE(S)
                                          NORMAL
................................................................
TEMPERATURE (F)
RECORD
 HIGH              69   02/28/1972
 LOW              -30   02/09/1933
HIGHEST            68   02/07                         65  02/26
                        02/06
LOWEST             21   02/23                         19  02/05
                                                          02/04
AVG. MAXIMUM     53.9              43.2    10.7     50.7
AVG. MINIMUM     33.9              25.2     8.7     33.6
MEAN             43.9              34.2     9.7     42.1
DAYS MAX >= 90      0               0.0     0.0        0
DAYS MAX <= 32      0               3.3    -3.3        0
DAYS MIN <= 32     14              22.0    -8.0       10
DAYS MIN <= 0       0               0.3    -0.3        0

PRECIPITATION (INCHES)
TOTALS           0.31              1.25   -0.94     1.57
DAYS >= .01         8               9.4    -1.4       12
DAYS >= .10         2               4.1    -2.1        6
DAYS >= .50         0               0.3    -0.3        1
DAYS >= 1.00        0               0.0     0.0        0

SNOWFALL (INCHES)
TOTALS              T              10.7   -10.7      2.1
SINCE 7/1         6.8              45.4             34.9

DEGREE_DAYS
HEATING TOTAL     583               862    -279      633
 SINCE 7/1       3347              4256    -909     3987
COOLING TOTAL       0                 0       0        0
 SINCE 1/1          0                 0       0        0
.................................................................

WIND (MPH)
AVERAGE WIND SPEED              7.1
HIGHEST WIND SPEED/DIRECTION    33/170    DATE  02/06
HIGHEST GUST SPEED/DIRECTION    42/170    DATE  02/06


WEATHER CONDITIONS. NUMBER OF DAYS WITH
THUNDERSTORM              2     RAIN                      12
HAIL                      1     SNOW                       2
FOG                       3     FOG W/VIS <= 1/4 MILE      0
HAZE                      6

-  INDICATES NEGATIVE NUMBERS.
R  INDICATES RECORD WAS SET OR TIED.
MM INDICATES DATA IS MISSING.
T  INDICATES TRACE AMOUNT.

$$
