000
CXUS55 KCYS 031855
CLMSNY


CLIMATE REPORT
NATIONAL WEATHER SERVICE CHEYENNE WY
1254 PM MDT THU JUL 3 2014

...................................

...THE SIDNEY NE AIRPORT CLIMATE SUMMARY FOR THE MONTH OF JUNE 2014...

CLIMATE NORMAL PERIOD 1981 TO 2010
CLIMATE RECORD PERIOD 1948 TO 2014

WEATHER         OBSERVED          NORMAL  DEPART  LAST YEAR`S
                 VALUE   DATE(S)  VALUE   FROM    VALUE
                                          NORMAL
.............................................................
TEMPERATURE (F)
RECORD
 HIGH             111   06/26/2012
 LOW               28   06/14/1969
                        06/02/1969
                        06/03/1954
HIGHEST            91   06/03        MM      MM      100
LOWEST             42   06/15        MM      MM       39
AVG. MAXIMUM     79.3              82.2    -2.9     86.2
AVG. MINIMUM     51.2              53.0    -1.8     52.1
MEAN             65.2              67.6    -2.4     69.1
DAYS MAX >= 90      1               7.0               12
DAYS MAX <= 32      0               0.0                0
DAYS MIN <= 32      0               0.0                0
DAYS MIN <= 0       0               0.0                0

PRECIPITATION (INCHES)
RECORD
 MAXIMUM        10.07   1965
 MINIMUM         0.25   2013
TOTALS           3.42              3.18    0.24     0.25
DAYS >= .01        11              12.8    -1.8        6
DAYS >= .10         8               7.6     0.4        1
DAYS >= .50         2               2.7    -0.7        0
DAYS >= 1.00        1               1.0     0.0        0
GREATEST
 24 HR. TOTAL    1.05   06/08 TO 06/08

DEGREE_DAYS
HEATING TOTAL      55                59      -4       37
 SINCE 7/1       6630              6221     409     6677
COOLING TOTAL      68               137     -69      168
 SINCE 1/1         84               159     -75      201
..............................................................

WIND (MPH)
AVERAGE WIND SPEED              10.5
HIGHEST WIND SPEED/DIRECTION    38/310    DATE  06/27
HIGHEST GUST SPEED/DIRECTION    49/290    DATE  06/27

SKY COVER
POSSIBLE SUNSHINE (PERCENT)   MM
AVERAGE SKY COVER           0.20
NUMBER OF DAYS FAIR           24
NUMBER OF DAYS PC              4
NUMBER OF DAYS CLOUDY          2

AVERAGE RH (PERCENT)     64

WEATHER CONDITIONS. NUMBER OF DAYS WITH
THUNDERSTORM              0     MIXED PRECIP               0
HEAVY RAIN                3     RAIN                       8
LIGHT RAIN               12     FREEZING RAIN              0
LT FREEZING RAIN          0     HAIL                       0
HEAVY SNOW                0     SNOW                       0
LIGHT SNOW                0     SLEET                      0
FOG                      11     FOG W/VIS <= 1/4 MILE      1
HAZE                      3

-  INDICATES NEGATIVE NUMBERS.
R  INDICATES RECORD WAS SET OR TIED.
MM INDICATES DATA IS MISSING.
T  INDICATES TRACE AMOUNT.

$$
