000
CXUS56 KPQR 011447
CLMSPB


CLIMATE REPORT
NATIONAL WEATHER SERVICE PORTLAND OREGON
746 AM PDT MON AUG 1 2016

...................................

...THE SCAPPOOSE OR CLIMATE SUMMARY FOR THE MONTH OF JULY 2016...

CLIMATE NORMAL PERIOD 1981 TO 2010
CLIMATE RECORD PERIOD 9999 TO 9999

WEATHER         OBSERVED          NORMAL  DEPART  LAST YEAR`S
                 VALUE   DATE(S)  VALUE   FROM    VALUE  DATE(S)
                                          NORMAL
................................................................
TEMPERATURE (F)
HIGHEST            94                                104  07/30
LOWEST             47                                 48  07/27
AVG. MAXIMUM     78.3              79.7    -1.4     86.5
AVG. MINIMUM     54.9              53.2     1.7     55.8
MEAN             66.6              66.4     0.2     71.2
DAYS MAX >= 90      2               3.7    -1.7       11
DAYS MAX <= 32      0               0.0     0.0        0
DAYS MIN <= 32      0               0.0     0.0        0
DAYS MIN <= 0       0               0.0     0.0        0

PRECIPITATION (INCHES)
RECORD
 MAXIMUM           MM   MM
 MINIMUM           MM   MM
TOTALS           0.33              0.66   -0.33     0.37
DAYS >= .01         6                MM      MM        3
DAYS >= .10         1                MM      MM        1
DAYS >= .50         0                MM      MM        0
DAYS >= 1.00        0                MM      MM        0
GREATEST
 24 HR. TOTAL    0.16   07/07 TO 07/07
                        07/06 TO 07/07
                        07/07 TO 07/07

DEGREE_DAYS
HEATING TOTAL      28                46     -18       10
 SINCE 7/1         28                46     -18       10
COOLING TOTAL      85                91      -6      210
 SINCE 1/1        176               120      56      354
.................................................................

WIND (MPH)
AVERAGE WIND SPEED              5.6
RESULTANT WIND SPEED/DIRECTION   3/353
HIGHEST WIND SPEED/DIRECTION    21/140    DATE  07/31
HIGHEST GUST SPEED/DIRECTION    26/320    DATE  07/28

SKY COVER
POSSIBLE SUNSHINE (PERCENT)   MM
AVERAGE SKY COVER           0.40

AVERAGE RH (PERCENT)     65

WEATHER CONDITIONS. NUMBER OF DAYS WITH
THUNDERSTORM              0     MIXED PRECIP               0
HEAVY RAIN                0     RAIN                       0
LIGHT RAIN                6     FREEZING RAIN              0
LT FREEZING RAIN          0     HAIL                       0
HEAVY SNOW                0     SNOW                       0
LIGHT SNOW                0     SLEET                      0
FOG                       4     FOG W/VIS <= 1/4 MILE      1
HAZE                      1

-  INDICATES NEGATIVE NUMBERS.
R  INDICATES RECORD WAS SET OR TIED.
MM INDICATES DATA IS MISSING.
T  INDICATES TRACE AMOUNT.

$$
