750
CXUS54 KOUN 011415
CLMSPS

CLIMATE REPORT
NATIONAL WEATHER SERVICE NORMAN OK
849 AM CDT WED NOV 1 2017

...................................

...THE WICHITA FALLS CLIMATE SUMMARY FOR THE MONTH OF OCTOBER 2017...

CLIMATE NORMAL PERIOD 1981 TO 2010
CLIMATE RECORD PERIOD 1897 TO 2017

WEATHER         OBSERVED          NORMAL  DEPART  LAST YEAR`S
                 VALUE   DATE(S)  VALUE   FROM    VALUE
                                          NORMAL
.............................................................
TEMPERATURE (F)
RECORD
 HIGH             102   10/03/2000
                        10/02/2000
                        10/07/1979
 LOW               21   10/31/1993
HIGHEST            91   10/14        93      -2       92
LOWEST             31   10/28        37      -6       45
AVG. MAXIMUM     78.0              77.0     1.0     81.5
AVG. MINIMUM     51.2              52.0    -0.8     57.4
MEAN             64.6              64.5     0.1     69.4
DAYS MAX >= 90      1               2.2    -1.2        4
DAYS MAX <= 32      0               0.0     0.0        0
DAYS MIN <= 32      1               0.3     0.7        0
DAYS MIN <= 0       0               0.0     0.0        0

PRECIPITATION (INCHES)
RECORD
 MAXIMUM        11.77   1941
 MINIMUM         0.00   1917
TOTALS           1.37              3.11   -1.74     2.32
DAILY AVG.       0.04              0.10   -0.06     0.07
DAYS >= .01         6               7.4    -1.4        5
DAYS >= .10         5               4.3     0.7        4
DAYS >= .50         1               2.2    -1.2        1
DAYS >= 1.00        0               1.1    -1.1        1
GREATEST
 24 HR. TOTAL    0.56   10/21 TO 10/21

SNOWFALL (INCHES)
TOTALS            0.0                 T     0.0
SINCE 7/1         0.0                 T     0.0

DEGREE_DAYS
HEATING TOTAL     133               113      20
 SINCE 7/1        137               126      11
COOLING TOTAL     126                97      29
 SINCE 1/1       2301              2376     -75
..............................................................

WIND (MPH)
AVERAGE WIND SPEED              11.6
HIGHEST WIND SPEED/DIRECTION    43/010    DATE  10/26
HIGHEST GUST SPEED/DIRECTION    52/310    DATE  10/21


WEATHER CONDITIONS. NUMBER OF DAYS WITH
THUNDERSTORM              0     MIXED PRECIP               0
HEAVY RAIN                3     RAIN                       3
LIGHT RAIN                8     FREEZING RAIN              0
LT FREEZING RAIN          0     HAIL                       0
HEAVY SNOW                0     SNOW                       0
LIGHT SNOW                0     SLEET                      0
FOG                       5     FOG W/VIS <= 1/4 MILE      0
HAZE                      3

-  INDICATES NEGATIVE NUMBERS.
R  INDICATES RECORD WAS SET OR TIED.
MM INDICATES DATA IS MISSING.
T  INDICATES TRACE AMOUNT.

&&
...........................................................

REMARKS

JAN-OCT PRECIPITATION TOTAL IS 24.52 INCHES.

$$
