000
CXUS54 KOUN 011412
CLMSPS

CLIMATE REPORT
NATIONAL WEATHER SERVICE NORMAN OK
846 AM CDT MON AUG 1 2016

...................................

...THE WICHITA FALLS CLIMATE SUMMARY FOR THE MONTH OF JULY 2016...

CLIMATE NORMAL PERIOD 1981 TO 2010
CLIMATE RECORD PERIOD 1897 TO 2016

WEATHER         OBSERVED          NORMAL  DEPART  LAST YEAR`S
                 VALUE   DATE(S)  VALUE   FROM    VALUE  DATE(S)
                                          NORMAL
................................................................
TEMPERATURE (F)
RECORD
 HIGH             114   07/02/1980
                        07/03/1980

 LOW               54   07/23/1970

HIGHEST           101               105      -4      102  07/30
LOWEST             67                64       3       67  07/08
AVG. MAXIMUM     97.8              96.9     0.9     95.3
AVG. MINIMUM     73.3              71.9     1.4     73.2
MEAN             85.5              84.4     1.1     84.3
DAYS MAX >= 90     31              27.4     3.6       28
DAYS MAX <= 32      0               0.0     0.0        0
DAYS MIN <= 32      0               0.0     0.0        0
DAYS MIN <= 0       0               0.0     0.0        0

PRECIPITATION (INCHES)
RECORD
 MAXIMUM        11.86   1950
 MINIMUM         0.00   2003
TOTALS           1.82              1.59    0.23     2.79
DAILY AVG.       0.06              0.05    0.01     0.09
DAYS >= .01         8               5.0     3.0        5
DAYS >= .10         3               2.9     0.1        3
DAYS >= .50         1               1.1    -0.1        2
DAYS >= 1.00        1               0.4     0.6        2
GREATEST
 24 HR. TOTAL    1.11   07/16 TO 07/16
                        07/15 TO 07/16
                        07/16 TO 07/16

DEGREE_DAYS
COOLING TOTAL     645               601      44
 SINCE 1/1       1362              1356       6
.................................................................

WIND (MPH)
AVERAGE WIND SPEED              12.0
HIGHEST WIND SPEED/DIRECTION    37/340    DATE  07/16
HIGHEST GUST SPEED/DIRECTION    48/320    DATE  07/16


WEATHER CONDITIONS. NUMBER OF DAYS WITH
THUNDERSTORM              0     MIXED PRECIP               0
HEAVY RAIN                2     RAIN                       4
LIGHT RAIN               12     FREEZING RAIN              0
LT FREEZING RAIN          0     HAIL                       0
HEAVY SNOW                0     SNOW                       0
LIGHT SNOW                0     SLEET                      0
FOG                       3     FOG W/VIS <= 1/4 MILE      0
HAZE                      2

-  INDICATES NEGATIVE NUMBERS.
R  INDICATES RECORD WAS SET OR TIED.
MM INDICATES DATA IS MISSING.
T  INDICATES TRACE AMOUNT.

...............................................................
RECORDS/REMARKS

RECORD DAILY RAINFALL OF 1.11 INCHES TIED ON THE 16TH.
THE JANUARY THROUGH JULY 2016 TOTAL PRECIPITATION IS 21.60 INCHES.

$$
