000
CXUS54 KOUN 011310
CLMSPS

CLIMATE REPORT
NATIONAL WEATHER SERVICE NORMAN OK
655 AM CST WED MAR 1 2017

...................................

...THE WICHITA FALLS CLIMATE SUMMARY FOR THE MONTH OF FEBRUARY
2017...

CLIMATE NORMAL PERIOD 1981 TO 2010 CLIMATE RECORD PERIOD 1897 TO 2017

WEATHER         OBSERVED          NORMAL  DEPART  LAST YEAR`S
                 VALUE   DATE(S)  VALUE   FROM    VALUE  DATE(S)
                                          NORMAL
................................................................
TEMPERATURE (F)
RECORD
 HIGH              94   02/11/2017
 LOW               -8   02/02/1985
HIGHEST            94R               81      13       84  02/20
LOWEST             25                17       8       24  02/07
                                                          02/04
AVG. MAXIMUM     67.8              58.3     9.5     65.7
AVG. MINIMUM     40.6              33.5     7.1     37.3
MEAN             54.2              45.9     8.3     51.5
DAYS MAX >= 90      2               0.1     1.9        0
DAYS MAX <= 32      0               0.9    -0.9        0
DAYS MIN <= 32      6              11.4    -5.4       11
DAYS MIN <= 0       0               0.0     0.0        0

PRECIPITATION (INCHES)
RECORD
 MAXIMUM         6.80   1903
 MINIMUM         0.00   1918
                        1916
                        1914
TOTALS           2.10              1.75    0.35     1.27
DAILY AVG.       0.07              0.06    0.01     0.04
DAYS >= .01         4               5.3    -1.3        3
DAYS >= .10         4               3.5     0.5        2
DAYS >= .50         2               1.2     0.8        1
DAYS >= 1.00        1               0.3     0.7        1
GREATEST
 24 HR. TOTAL    1.37   02/13 TO 02/14

SNOWFALL (INCHES)
TOTALS            0.0               0.7    -0.7
SINCE 7/1           T               3.4    -3.4

DEGREE_DAYS
HEATING TOTAL     316               536    -220
 SINCE 7/1       1844              2446    -602
.................................................................

WIND (MPH)
AVERAGE WIND SPEED              12.1
HIGHEST WIND SPEED/DIRECTION    33/020    DATE  02/12
HIGHEST GUST SPEED/DIRECTION    43/240    DATE  02/19


WEATHER CONDITIONS. NUMBER OF DAYS WITH
THUNDERSTORM              0     MIXED PRECIP               0
HEAVY RAIN                2     RAIN                       3
LIGHT RAIN                4     FREEZING RAIN              0
LT FREEZING RAIN          0     HAIL                       0
HEAVY SNOW                0     SNOW                       0
LIGHT SNOW                0     SLEET                      0
FOG                       9     FOG W/VIS <= 1/4 MILE      4
HAZE                      3

-  INDICATES NEGATIVE NUMBERS.
R  INDICATES RECORD WAS SET OR TIED.
MM INDICATES DATA IS MISSING.
T  INDICATES TRACE AMOUNT.
............................................................
RECORDS/REMARKS
DAILY RECORD MAXIMUM TEMPERATURE OF 94 DEGREES SET ON THE 11TH.
DAILY RECORD MAXIMUM TEMPERATURE OF 92 DEGREES SET ON THE 23RD.
RECORD WARM MINIMUM TEMPERATURE OF 62 DEGREES SET ON THE 28TH.
RECORD DAILY RAINFALL OF 1.05 INCHES SET ON THE 13TH.
6TH WARMEST FEBRUARY ON RECORD.
THE JANUARY THROUGH FEBRUARY 2016 TOTAL PRECIPITATION IS 3.97 INCHES.

$$
