000
CXUS54 KOUN 012113 CCA
CLMSPS

CLIMATE REPORT
NATIONAL WEATHER SERVICE NORMAN OK
738 AM CST THU FEB 1 2018

...................................

...THE WICHITA FALLS CLIMATE SUMMARY FOR THE MONTH OF JANUARY 2018...

CLIMATE NORMAL PERIOD 1981 TO 2010
CLIMATE RECORD PERIOD 1897 TO 2018

WEATHER         OBSERVED          NORMAL  DEPART  LAST YEAR`S
                 VALUE   DATE(S)  VALUE   FROM    VALUE
                                          NORMAL
.............................................................
TEMPERATURE (F)
RECORD
 HIGH              87   01/08/1969
                        01/23/1943
 LOW              -12   01/04/1947
HIGHEST            80                76       4       82
LOWEST              5                13      -8        6
AVG. MAXIMUM     56.4              54.2     2.2     58.1
AVG. MINIMUM     26.1              29.8    -3.7     32.1
MEAN             41.3              42.0    -0.7     45.1
DAYS MAX >= 90      0               0.0     0.0        0
DAYS MAX <= 32      3               1.4     1.6        2
DAYS MIN <= 32     21              18.9     2.1       16
DAYS MIN <= 0       0               0.0     0.0        0

PRECIPITATION (INCHES)
RECORD
 MAXIMUM         4.48   1968
 MINIMUM         0.00   1914
                        1986
TOTALS           0.01              1.14   -1.13     1.87
DAILY AVG.       0.00              0.04   -0.04     0.06
DAYS >= .01         1               4.8    -3.8        5
DAYS >= .10         0               2.3    -2.3        3
DAYS >= .50         0               0.8    -0.8        1
DAYS >= 1.00        0               0.2    -0.2        1
GREATEST
 24 HR. TOTAL    0.01   01/07 TO 01/07

SNOWFALL (INCHES)
TOTALS            0.0               1.4    -1.4
SINCE 7/1           T               2.7    -2.7

DEGREE_DAYS
HEATING TOTAL     730               713      17
 SINCE 7/1       1804              1910    -106
..............................................................

WIND (MPH)
AVERAGE WIND SPEED              11.5
HIGHEST WIND SPEED/DIRECTION    40/360    DATE  01/11
HIGHEST GUST SPEED/DIRECTION    48/350    DATE  01/11


WEATHER CONDITIONS. NUMBER OF DAYS WITH
THUNDERSTORM              0     MIXED PRECIP               0
HEAVY RAIN                0     RAIN                       0
LIGHT RAIN                3     FREEZING RAIN              0
LT FREEZING RAIN          0     HAIL                       0
HEAVY SNOW                0     SNOW                       0
LIGHT SNOW                0     SLEET                      0
FOG                       2     FOG W/VIS <= 1/4 MILE      0
HAZE                      5

-  INDICATES NEGATIVE NUMBERS.
R  INDICATES RECORD WAS SET OR TIED.
MM INDICATES DATA IS MISSING.
T  INDICATES TRACE AMOUNT.
..............................................................
RECORD EVENTS/REMARKS
NEW COLDEST MAXIMUM TEMPERATURE OF 25 DEGREES SET ON THE 2ND.
NEW COLDEST MINIMUM TEMPERATURE OF 6 DEGREES SET ON THE 16TH.
NEW WARMEST MAXIMUM TEMPERATURE OF 80 DEGREES SET ON THE 31ST.
TIED FOR THE FIFTH DRIEST JANUARY ON RECORD.
THE TOTAL PRECIPITATION FOR 2018 IS 0.01 INCHES.

$$
