000
CXUS52 KTBW 011110
CLMSRQ


CLIMATE REPORT
NATIONAL WEATHER SERVICE TAMPA BAY FL
610 AM EST SUN FEB 1 2015

...................................

...THE SARASOTA BRADENTON CLIMATE SUMMARY FOR THE MONTH OF JANUARY 2015...

CLIMATE NORMAL PERIOD 1981 TO 2010
CLIMATE RECORD PERIOD 1911 TO 2015

WEATHER         OBSERVED          NORMAL  DEPART  LAST YEAR`S
                 VALUE   DATE(S)  VALUE   FROM    VALUE  DATE(S)
                                          NORMAL
................................................................
TEMPERATURE (F)
ALL-TIME JANUARY RECORD
 HIGH              87   01/09/2013
                        01/23/1990
                        54/01/2206
 LOW               23   01/13/1981
                        01/21/1971
                        01/29/1940

JANUARY 2015
HIGHEST            83   01/03        MM      MM       80  01/11
                                                          01/10
LOWEST             40   01/08        MM      MM       35  01/19
AVG. MAXIMUM     72.0              70.9     1.1     68.5
AVG. MINIMUM     53.4              51.8     1.6     49.3
MEAN             62.7              61.4     1.3     58.9
DAYS MAX >= 90      0               0.0     0.0        0
DAYS MAX <= 32      0               0.0     0.0        0
DAYS MIN <= 32      0               0.6    -0.6        0
DAYS MIN <= 0       0               0.0     0.0        0

PRECIPITATION (INCHES)
ALL-TIME JANUARY RECORD
 MAXIMUM         9.88   1998
 MINIMUM         0.00   1950

JANUARY 2015
TOTALS           1.07              2.49   -1.42     2.10
DAILY AVG.       0.03              0.08   -0.05     0.07
DAYS >= .01         5                MM      MM       12
DAYS >= .10         2                MM      MM        6
DAYS >= .50         1                MM      MM        0
DAYS >= 1.00        0                MM      MM        0
GREATEST
 24 HR. TOTAL    0.82   01/23 TO 01/24

DEGREE_DAYS
HEATING TOTAL     122               165     -43      211
 SINCE 7/1        306               320     -14      253
COOLING TOTAL      59                52       7       31
 SINCE 1/1         59                62      -3       31
.................................................................

WIND (MPH)
AVERAGE WIND SPEED              8.5
HIGHEST WIND SPEED/DIRECTION    36/290    DATE  01/26
HIGHEST GUST SPEED/DIRECTION    50/270    DATE  01/26

SKY COVER (DOES NOT INCLUDE ANY CLOUDS ABOVE 12000 FEET)
POSSIBLE SUNSHINE (PERCENT)   MM
AVERAGE SKY COVER           0.30
NUMBER OF DAYS FAIR           19
NUMBER OF DAYS PC             11
NUMBER OF DAYS CLOUDY          1

AVERAGE RH (PERCENT)     75

WEATHER CONDITIONS. NUMBER OF DAYS WITH
THUNDERSTORM              2     MIXED PRECIP               0
HEAVY RAIN                1     RAIN                       1
LIGHT RAIN                9     FREEZING RAIN              0
LT FREEZING RAIN          0     HAIL                       0
HEAVY SNOW                0     SNOW                       0
LIGHT SNOW                0     SLEET                      0
FOG                      12     FOG W/VIS <= 1/4 MILE      0
HAZE                      1

-  INDICATES NEGATIVE NUMBERS.
R  INDICATES RECORD WAS SET OR TIED.
MM INDICATES DATA IS MISSING.
T  INDICATES TRACE AMOUNT.

$$
