000
CXUS54 KBMX 011425
CLMTCL


CLIMATE REPORT
NATIONAL WEATHER SERVICE BIRMINGHAM, AL
925 AM CDT THU SEP 1 2016

...................................

...THE TUSCALOOSA CLIMATE SUMMARY FOR THE MONTH OF AUGUST 2016...

CLIMATE NORMAL PERIOD 1994 TO 1994
CLIMATE RECORD PERIOD 1948 TO 2016

WEATHER         OBSERVED          NORMAL  DEPART  LAST YEAR`S
                 VALUE   DATE(S)  VALUE   FROM    VALUE  DATE(S)
                                          NORMAL
................................................................
TEMPERATURE (F)
RECORD
 HIGH             107   08/10/2007
                        08/29/2000
 LOW               53   08/22/1956
HIGHEST            98   08/04        MM      MM      100  08/04
                        08/02
LOWEST             70   08/28        MM      MM       59  08/26
AVG. MAXIMUM     92.7              91.9     0.8     91.6
AVG. MINIMUM     73.1              70.7     2.4     69.7
MEAN             82.9                               80.7
DAYS MAX >= 90     23              21.1     1.9       20
DAYS MAX <= 32      0               0.0     0.0        0
DAYS MIN <= 32      0               0.0     0.0        0
DAYS MIN <= 0       0               0.0     0.0        0

PRECIPITATION (INCHES)
RECORD
 MAXIMUM         8.84   1970
 MINIMUM         0.41   2006
TOTALS           2.88              3.30   -0.42     4.43
DAILY AVG.       0.09              0.11   -0.02
DAYS >= .01        16               9.3     6.7
DAYS >= .10         9               6.0     3.0
DAYS >= .50         1               2.8    -1.8
DAYS >= 1.00        0               1.2    -1.2

DEGREE_DAYS
COOLING TOTAL     563               505      58      493
 SINCE 1/1       1846              1737     109     1920
.................................................................

WIND (MPH)
AVERAGE WIND SPEED              4.1
HIGHEST WIND SPEED/DIRECTION    30/360    DATE  08/02
HIGHEST GUST SPEED/DIRECTION    39/210    DATE  08/14

AVERAGE RH (PERCENT)     77

WEATHER CONDITIONS. NUMBER OF DAYS WITH
THUNDERSTORM              0     MIXED PRECIP               0
HEAVY RAIN                9     RAIN                       5
LIGHT RAIN               20     FREEZING RAIN              0
LT FREEZING RAIN          0     HAIL                       0
HEAVY SNOW                0     SNOW                       0
LIGHT SNOW                0     SLEET                      0
FOG                      23     FOG W/VIS <= 1/4 MILE      0
HAZE                      4

-  INDICATES NEGATIVE NUMBERS.
R  INDICATES RECORD WAS SET OR TIED.
MM INDICATES DATA IS MISSING.
T  INDICATES TRACE AMOUNT.

$$
