000
CXUS53 KTOP 011423 AAA
CLMTOP

CLIMATE REPORT...AMENDED TO ADD REMARKS
NATIONAL WEATHER SERVICE TOPEKA KS
916 AM CDT THU JUN 1 2017

...................................

...THE TOPEKA KS CLIMATE SUMMARY FOR THE MONTH OF MAY 2017...

CLIMATE NORMAL PERIOD 1981 TO 2010
CLIMATE RECORD PERIOD 1887 TO 2017

WEATHER         OBSERVED          NORMAL  DEPART  LAST YEAR`S
                 VALUE   DATE(S)  VALUE   FROM    VALUE  DATE(S)
                                          NORMAL
................................................................
TEMPERATURE (F)
RECORD
 HIGH             103   05/30/1934
 LOW               26   05/01/1963
HIGHEST            89   05/15        80       9       88
LOWEST             39   05/01        48      -9       39
AVG. MAXIMUM     76.7              75.9     0.8     74.2
AVG. MINIMUM     53.4              54.2    -0.8     52.8
MEAN             65.1              65.0     0.1     63.5
DAYS MAX >= 90      0               1.4    -1.4        0
DAYS MAX <= 32      0               0.0     0.0        0
DAYS MIN <= 32      0               0.1    -0.1        0
DAYS MIN <= 0       0               0.0     0.0        0

PRECIPITATION (INCHES)
RECORD
 MAXIMUM        14.10   1892
 MINIMUM         0.41   1966
TOTALS           3.69              4.91   -1.22     8.82
DAILY AVG.       0.12              0.16   -0.04     0.28
DAYS >= .01        14              11.6     2.4       15
DAYS >= .10         6               8.0    -2.0       11
DAYS >= .50         2               3.2    -1.2        6
DAYS >= 1.00        2               1.4     0.6        3
GREATEST
 24 HR. TOTAL    1.33   05/18 TO 05/18              3.54

SNOWFALL (INCHES)
RECORDS
 TOTAL            3.2   1907
TOTALS              T               0.0     0.0        T
SINCE 7/1         6.6              17.8   -11.2      4.9
SNOWDEPTH AVG.      0                                  0
DAYS >= 1.0         0               0.0     0.0        0
GREATEST
 SNOW DEPTH         0   MM                             0  MM
 24 HR TOTAL        T   05/18 TO 05/18                 T

DEGREE_DAYS
HEATING TOTAL      81                96     -15      113
 SINCE 7/1       4007              5013   -1006     4002
COOLING TOTAL      92                98      -6       74
 SINCE 1/1        129               126       3       92
.................................................................

WIND (MPH)
AVERAGE WIND SPEED              8.2
HIGHEST WIND SPEED/DIRECTION    35/320    DATE  05/18
HIGHEST GUST SPEED/DIRECTION    48/260    DATE  05/18

SKY COVER
POSSIBLE SUNSHINE (PERCENT)   MM
AVERAGE SKY COVER           0.30
NUMBER OF DAYS FAIR           21
NUMBER OF DAYS PC              7
NUMBER OF DAYS CLOUDY          3

AVERAGE RH (PERCENT)     71

WEATHER CONDITIONS. NUMBER OF DAYS WITH
THUNDERSTORM             11     MIXED PRECIP               0
HEAVY RAIN                5     RAIN                       5
LIGHT RAIN               14     FREEZING RAIN              0
LT FREEZING RAIN          0     HAIL                       1
HEAVY SNOW                0     SNOW                       0
LIGHT SNOW                0     SLEET                      0
FOG                      15     FOG W/VIS <= 1/4 MILE      1
HAZE                      0

-  INDICATES NEGATIVE NUMBERS.
R  INDICATES RECORD WAS SET OR TIED.
MM INDICATES DATA IS MISSING.
T  INDICATES TRACE AMOUNT.

REMARKS...

MANY WEATHER PARAMETERS THIS MONTH MAY WERE VERY TYPICAL FOR MAY.
THE AVERAGE TEMPERATURE FOR THE MONTH WAS NEAR SPOT-ON WITH
NORMAL...AND WHILE THE TOTAL AMOUNT OF PRECIPITATION WAS SOMEWHAT
LOWER THAN THE NORMAL VALUE...IT WAS NOT FAR FROM THE AVERAGE VALUE
OF OTHER MAY TOTAL ON RECORD. SMALL HAIL FELL ON MAY 18...BUT
OTHERWISE SEVERE WEATHER FROM STRONG THUNDERSTORMS WAS NONEXISTENT.

$$
