000
CXUS54 KMRX 030251
CLMTRI


CLIMATE REPORT
NATIONAL WEATHER SERVICE MORRISTOWN TN
951 PM EST THU MAR 2 2017

...................................

...THE TRI-CITIES      ASOS CLIMATE SUMMARY FOR THE MONTH OF FEBRUARY 2017...

CLIMATE NORMAL PERIOD 1981 TO 2010
CLIMATE RECORD PERIOD 1934 TO 2017

WEATHER         OBSERVED          NORMAL  DEPART
                 VALUE   DATE(S)  VALUE   FROM
                                          NORMAL
................................................
TEMPERATURE (F)
HIGHEST            77   02/24
LOWEST             14   02/04
AVG. MAXIMUM     58.9              49.9     9.0
AVG. MINIMUM     32.3              28.1     4.2
MEAN             45.6              39.0     6.6
DAYS MAX >= 90      0
DAYS MAX <= 32      0
DAYS MIN <= 32     16
DAYS MIN <= 0       0

PRECIPITATION (INCHES)
RECORD
 MAXIMUM         7.75   1994
 MINIMUM         0.75   1968
TOTALS           2.13              3.45   -1.32
DAYS >= .01        11
DAYS >= .10         5
DAYS >= .50         1
DAYS >= 1.00        0
GREATEST
 24 HR. TOTAL    0.66   02/08 TO 02/09

SNOWFALL (INCHES)
TOTALS              T               3.4    -3.4
SINCE 7/1         4.0
SNOWDEPTH AVG.      0
DAYS >= TRACE       4
GREATEST
 SNOW DEPTH         0   MM

DEGREE_DAYS
HEATING TOTAL     537               728    -191
 SINCE 7/1       2567              3382    -815
COOLING TOTAL       0                 0       0
 SINCE 1/1          0                 0       0
.................................................



-  INDICATES NEGATIVE NUMBERS.
R  INDICATES RECORD WAS SET OR TIED.
MM INDICATES DATA IS MISSING.
T  INDICATES TRACE AMOUNT.

$$
