000
CXUS54 KMEG 072257
CLMTUP


CLIMATE REPORT..REISSUED
NATIONAL WEATHER SERVICE MEMPHIS TN
552 PM CDT MON AUG 7 2017

...................................

...THE TUPELO CLIMATE SUMMARY FOR THE MONTH OF JULY 2017...

CLIMATE NORMAL PERIOD 1981 TO 2010
CLIMATE RECORD PERIOD 1930 TO 2017

WEATHER         OBSERVED          NORMAL  DEPART  LAST YEAR`S
                 VALUE   DATE(S)  VALUE   FROM    VALUE  DATE(S)
                                          NORMAL
................................................................
TEMPERATURE (F)
RECORD
 HIGH             109   07/29/1930
 LOW               50   07/01/1937
HIGHEST            98   07/26        91       7       98  07/22
                        07/21                             07/21
                        07/20
LOWEST             64   07/30        71      -7       67  07/01
AVG. MAXIMUM     92.8              91.7     1.1     93.2
AVG. MINIMUM     71.8              71.2     0.6     73.5
MEAN             82.3              81.4     0.9     83.4
DAYS MAX >= 90     26              20.7     5.3       26
DAYS MAX <= 32      0               0.0     0.0        0
DAYS MIN <= 32      0               0.0     0.0        0
DAYS MIN <= 0       0               0.0     0.0        0

PRECIPITATION (INCHES)
RECORD
 MAXIMUM        12.24   1964
 MINIMUM         0.48   1986
TOTALS           1.36              3.90   -2.54     2.34
DAILY AVG.       0.04              0.13   -0.09     0.08
DAYS >= .01        10               9.0     1.0       11
DAYS >= .10         3               6.4    -3.4        8
DAYS >= .50         1               3.0    -2.0        1
DAYS >= 1.00        0               0.9    -0.9        0
GREATEST
 24 HR. TOTAL    0.55   07/13 TO 07/13

SNOWFALL (INCHES)
RECORDS
 TOTAL             MM   MM
TOTALS            0.0               0.0     0.0      0.0
SINCE 7/1         0.0               0.0     0.0      0.0
SNOWDEPTH AVG.      0                MM      MM        0
DAYS >= 1.0         0               0.0     0.0        0
GREATEST
 SNOW DEPTH         0   MM                             0  MM
 24 HR TOTAL      0.0   07/31 TO 07/31

DEGREE_DAYS
HEATING TOTAL       0                 0       0        0
 SINCE 7/1          0                 0       0        0
COOLING TOTAL     545               510      35      577
 SINCE 1/1       1236              1182      54     1346
.................................................................

WIND (MPH)
AVERAGE WIND SPEED              4.5
HIGHEST WIND SPEED/DIRECTION    31/360    DATE  07/15
HIGHEST GUST SPEED/DIRECTION    36/360    DATE  07/15

SKY COVER
POSSIBLE SUNSHINE (PERCENT)   MM
AVERAGE SKY COVER           0.20
NUMBER OF DAYS FAIR           27
NUMBER OF DAYS PC              3
NUMBER OF DAYS CLOUDY          1

AVERAGE RH (PERCENT)     67

WEATHER CONDITIONS. NUMBER OF DAYS WITH
THUNDERSTORM              0     MIXED PRECIP               0
HEAVY RAIN                3     RAIN                       2
LIGHT RAIN               10     FREEZING RAIN              0
LT FREEZING RAIN          0     HAIL                       0
HEAVY SNOW                0     SNOW                       0
LIGHT SNOW                0     SLEET                      0
FOG                       8     FOG W/VIS <= 1/4 MILE      1
HAZE                      2

-  INDICATES NEGATIVE NUMBERS.
R  INDICATES RECORD WAS SET OR TIED.
MM INDICATES DATA IS MISSING.
T  INDICATES TRACE AMOUNT.

$$
