000
CXUS55 KTWC 062109 CCA
CLMTUS

CLIMATE REPORT
NATIONAL WEATHER SERVICE TUCSON AZ
209 PM MST MON JUL 6 2015

...................................

...THE TUCSON AZ CLIMATE SUMMARY FOR THE MONTH OF JUNE 2015...

CLIMATE NORMAL PERIOD 1981 TO 2010
CLIMATE RECORD PERIOD 1895 TO 2015

WEATHER         OBSERVED          NORMAL  DEPART  LAST YEAR`S
                 VALUE   DATE(S)  VALUE   FROM    VALUE  DATE(S)
                                          NORMAL
................................................................
TEMPERATURE (F)
RECORD
 HIGH             117   06/26/1990
 LOW               43   06/04/1908
HIGHEST           110   06/19       108       2      108  06/04
                        06/18                             06/02
LOWEST             68   06/07        58      10       67  06/06
                        06/06
                        06/04
AVG. MAXIMUM    102.9             100.3     2.6    103.8
AVG. MINIMUM     74.2              69.3     4.9     74.1
MEAN             88.6              84.8     3.8     88.9
DAYS MAX >= 100    23              21.0     2.0     29.0
DAYS MAX <= 32      0               0.0     0.0        0
DAYS MIN <= 32      0               0.0     0.0        0
DAYS MIN <= 0       0               0.0     0.0        0

PRECIPITATION (INCHES)
RECORD
 MAXIMUM         2.07   1938
 MINIMUM         0.00   2014
                        2010
                        2002
TOTALS           0.56              0.20    0.36     0.00
DAILY AVG.       0.02              0.01    0.01     0.00
DAYS >= .01         5               1.7     3.3        0
DAYS >= .10         2               0.6     1.4        0
DAYS >= .50         0               0.1    -0.1        0
DAYS >= 1.00        0               0.0     0.0        0
GREATEST
 24 HR. TOTAL    0.26   06/26 TO 06/27           06/30 TO 06/30
                                                          06/30 TO 06/30
                                                          06/30 TO 06/30

DEGREE_DAYS
COOLING TOTAL     713               594     119      725
 SINCE 1/1       1227              1096     131     1328
.................................................

WIND (MPH)
AVERAGE WIND SPEED              7.7
HIGHEST WIND SPEED/DIRECTION    46/090    DATE  06/27
HIGHEST GUST SPEED/DIRECTION    59/070    DATE  06/25

AVERAGE RH (PERCENT)     28

WEATHER CONDITIONS. NUMBER OF DAYS WITH
THUNDERSTORM              0     MIXED PRECIP               0
HEAVY RAIN                0     RAIN                       0
LIGHT RAIN                9     FREEZING RAIN              0
LT FREEZING RAIN          0     HAIL                       0
HEAVY SNOW                0     SNOW                       0
LIGHT SNOW                0     SLEET                      0
FOG                       1     FOG W/VIS <= 1/4 MILE      0
HAZE                      8

-  INDICATES NEGATIVE NUMBERS.
R  INDICATES RECORD WAS SET OR TIED.
MM INDICATES DATA IS MISSING.
T  INDICATES TRACE AMOUNT.

$$
