000
CXUS55 KREV 010926
CLMTVL

RNOCLMTVL 000
TTAA00 KREV 010852


CLIMATE REPORT
NATIONAL WEATHER SERVICE RENO NV
151 AM PDT FRI AUG 1 2014

...................................

...THE SOUTH LAKE TAHOE CA CLIMATE SUMMARY FOR THE MONTH OF JULY 2014...

THE AVERAGE TEMPERATURE FOR JULY 2014 AT THE SOUTH LAKE TAHOE AIRPORT WAS
67.0 DEGREES. THIS WAS 5.9 DEGREES ABOVE NORMAL. THE WARMEST TEMPERATURE
FOR THE MONTH WAS 92 DEGREES WHICH WAS RECORDED ON THE 14TH. THE LOWEST
READING RECORDED FOR JULY WAS 40 DEGREES WHICH OCCURED ON THE 26TH.

FOR JULY 2014 SOUTH LAKE TAHOE AIRPORT RECORDED A TOTAL OF 0.48 INCHES
OF PRECIPITATION. THIS WAS 0.05 INCHES ABOVE NORMAL. NO SNOWFALL WAS RECORDED
FOR THE MONTH OF JULY 2014.

THE AVERAGE WIND SPEED FOR JULY 2014 WAS 4.2 MPH. THE PEAK WIND GUST RECORDED
WAS 37 MPH FROM THE SOUTH WHICH OCCURED ON THE 23RD.

CLIMATE NORMAL PERIOD 1981 TO 2010
CLIMATE RECORD PERIOD 1968 TO 2014

WEATHER         OBSERVED          NORMAL  DEPART
                 VALUE   DATE(S)  VALUE   FROM
                                          NORMAL
................................................
TEMPERATURE (F)
RECORD
 HIGH              99   07/22/1988
 LOW               25   07/01/1976
HIGHEST            92   07/14        99      -7
LOWEST             40   07/26        25      15
AVG. MAXIMUM     85.1              80.8     4.3
AVG. MINIMUM     49.0              41.4     7.6
MEAN             67.0              61.1     5.9
DAYS MAX >= 90      5               1.0     4.0
DAYS MAX <= 32      0               0.0     0.0
DAYS MIN <= 32      0               1.3    -1.3
DAYS MIN <= 0       0               0.0     0.0

PRECIPITATION (INCHES)
RECORD
 MAXIMUM           MM   MM
 MINIMUM           MM   MM
TOTALS           0.48              0.43    0.05
DAILY AVG.       0.02              0.01    0.01
DAYS >= .01         7                MM      MM
DAYS >= .10         3                MM      MM
DAYS >= .50         0                MM      MM
DAYS >= 1.00        0                MM      MM
GREATEST
 24 HR. TOTAL    0.15   07/18 TO 07/18
                        07/18 TO 07/19
 STORM TOTAL       MM
 (MM/DD(HH))            MM

SNOWFALL (INCHES)
 LIQUID EQUIV    0.00                MM      MM
 LIQUID 7/1      0.00
GREATEST
 SNOW DEPTH         0   MM

DEGREE_DAYS
HEATING TOTAL      14               138    -124
 SINCE 7/1         14               138    -124
COOLING TOTAL      86                18      68
 SINCE 1/1         87                19      68

FREEZE DATES
RECORD
 EARLIEST     MM
 LATEST       MM
EARLIEST                        09/16
LATEST                          05/18
.................................................

WIND (MPH)
AVERAGE WIND SPEED              4.2
HIGHEST WIND SPEED/DIRECTION    25/170    DATE  07/15
HIGHEST GUST SPEED/DIRECTION    37/190    DATE  07/23

SKY COVER
POSSIBLE SUNSHINE (PERCENT)   MM
AVERAGE SKY COVER             MM
NUMBER OF DAYS FAIR            0
NUMBER OF DAYS PC              0
NUMBER OF DAYS CLOUDY          0

AVERAGE RH (PERCENT)     47

WEATHER CONDITIONS. NUMBER OF DAYS WITH
THUNDERSTORM              0     MIXED PRECIP               0
HEAVY RAIN                1     RAIN                       3
LIGHT RAIN                8     FREEZING RAIN              0
LT FREEZING RAIN          0     HAIL                       0
HEAVY SNOW                0     SNOW                       0
LIGHT SNOW                0     SLEET                      0
FOG                       1     FOG W/VIS <= 1/4 MILE      0
HAZE                      3

-  INDICATES NEGATIVE NUMBERS.
R  INDICATES RECORD WAS SET OR TIED.
MM INDICATES DATA IS MISSING.
T  INDICATES TRACE AMOUNT.

$$
