000
CXUS53 KLOT 011125
CLMUGN


CLIMATE REPORT
NATIONAL WEATHER SERVICE CHICAGO IL
617 AM CDT TUE SEP 1 2015

...................................

...THE WAUKEGAN   CLIMATE SUMMARY FOR THE MONTH OF AUGUST 2015...

CLIMATE NORMAL PERIOD 1981 TO 2010
CLIMATE RECORD PERIOD 2000 TO 2015

WEATHER         OBSERVED          NORMAL  DEPART  LAST YEAR`S
                 VALUE   DATE(S)  VALUE   FROM    VALUE
                                          NORMAL
.............................................................
TEMPERATURE (F)
RECORD
 HIGH              97   08/02/2006
 LOW               45   08/15/2004
HIGHEST            91   08/02                         87
LOWEST             48   08/27                         49
AVG. MAXIMUM     77.1              79.0    -1.9     78.3
AVG. MINIMUM     59.5              60.8    -1.3     61.3
MEAN             68.3              69.9    -1.6     69.8

PRECIPITATION (INCHES)
RECORD
 MAXIMUM        10.22   2007
 MINIMUM         1.03   2008
TOTALS           3.92              3.83    0.09     3.71

DEGREE_DAYS
HEATING TOTAL      24                16       8        9
 SINCE 7/1         69                28      41       43
COOLING TOTAL     133               167     -34      164
 SINCE 1/1        366               502    -136      371
..............................................................

WIND (MPH)
AVERAGE WIND SPEED              5.6
HIGHEST WIND SPEED/DIRECTION    33/210    DATE  08/02
HIGHEST GUST SPEED/DIRECTION    42/220    DATE  08/02

AVERAGE RH (PERCENT)     77


-  INDICATES NEGATIVE NUMBERS.
R  INDICATES RECORD WAS SET OR TIED.
MM INDICATES DATA IS MISSING.
T  INDICATES TRACE AMOUNT.

$$
